{"id":232,"date":"2018-11-14T09:31:55","date_gmt":"2018-11-14T08:31:55","guid":{"rendered":"http:\/\/www.asso-unil.ch\/unilsansfrontieres\/?post_type=tribe_events&#038;p=232"},"modified":"2024-06-18T11:17:31","modified_gmt":"2024-06-18T09:17:31","slug":"assemblee-generale-de-lassociation-unil-sans-frontieres","status":"publish","type":"tribe_events","link":"https:\/\/www.asso-unil.ch\/unilsansfrontieres\/event\/assemblee-generale-de-lassociation-unil-sans-frontieres\/","title":{"rendered":"Assembl\u00e9e g\u00e9n\u00e9rale de l&rsquo;association Unil sans fronti\u00e8res"},"content":{"rendered":"","protected":false},"excerpt":{"rendered":"","protected":false},"author":1001216,"featured_media":0,"template":"","meta":{"_seopress_robots_primary_cat":"","_seopress_titles_title":"","_seopress_titles_desc":"","_seopress_robots_index":"","_tribe_events_status":"","_tribe_events_status_reason":"","footnotes":""},"tags":[],"tribe_events_cat":[],"class_list":["post-232","tribe_events","type-tribe_events","status-publish"],"_links":{"self":[{"href":"https:\/\/www.asso-unil.ch\/unilsansfrontieres\/wp-json\/wp\/v2\/tribe_events\/232","targetHints":{"allow":["GET"]}}],"collection":[{"href":"https:\/\/www.asso-unil.ch\/unilsansfrontieres\/wp-json\/wp\/v2\/tribe_events"}],"about":[{"href":"https:\/\/www.asso-unil.ch\/unilsansfrontieres\/wp-json\/wp\/v2\/types\/tribe_events"}],"author":[{"embeddable":true,"href":"https:\/\/www.asso-unil.ch\/unilsansfrontieres\/wp-json\/wp\/v2\/users\/1001216"}],"version-history":[{"count":1,"href":"https:\/\/www.asso-unil.ch\/unilsansfrontieres\/wp-json\/wp\/v2\/tribe_events\/232\/revisions"}],"predecessor-version":[{"id":618,"href":"https:\/\/www.asso-unil.ch\/unilsansfrontieres\/wp-json\/wp\/v2\/tribe_events\/232\/revisions\/618"}],"wp:attachment":[{"href":"https:\/\/www.asso-unil.ch\/unilsansfrontieres\/wp-json\/wp\/v2\/media?parent=232"}],"wp:term":[{"taxonomy":"post_tag","embeddable":true,"href":"https:\/\/www.asso-unil.ch\/unilsansfrontieres\/wp-json\/wp\/v2\/tags?post=232"},{"taxonomy":"tribe_events_cat","embeddable":true,"href":"https:\/\/www.asso-unil.ch\/unilsansfrontieres\/wp-json\/wp\/v2\/tribe_events_cat?post=232"}],"curies":[{"name":"wp","href":"https:\/\/api.w.org\/{rel}","templated":true}]}}

Assemblée générale de l&rsquo;association Unil sans frontières
