{"id":90,"date":"2018-06-05T10:57:17","date_gmt":"2018-06-05T08:57:17","guid":{"rendered":"http:\/\/www.asso-unil.ch\/unilsansfrontieres\/?page_id=90"},"modified":"2020-12-29T19:01:17","modified_gmt":"2020-12-29T18:01:17","slug":"reseau","status":"publish","type":"page","link":"https:\/\/www.asso-unil.ch\/unilsansfrontieres\/reseau\/","title":{"rendered":"R\u00e9seau"},"content":{"rendered":"<h1 style=\"text-align: center\" align=\"justify\">\u00a0<\/h1>\n<p>Projet\u00a0<a href=\"https:\/\/www.perspektiven-studium.ch\/fr\/\">\u00ab\u00a0Perspectives-\u00e9tudes\u00a0\u00bb<\/a> de l\u2019<a href=\"https:\/\/www.vss-unes.ch\/?lang=fr\">Union des \u00e9tudiant\u00b7e\u00b7s de Suisse (UNES)<\/a><\/p>\n<ul>\n<li style=\"list-style-type: none\">\n<ul>\n<li style=\"list-style-type: none\">\n<ul>\n<li>signez leur <a href=\"https:\/\/www.education-maintenant.ch\/petition\">p\u00e9tition<\/a> \u00ab Am\u00e9liorer l\u2019acc\u00e8s \u00e0 la formation et au travail pour les personnes exil\u00e9es \u00bb\u00a0<\/li>\n<\/ul>\n<\/li>\n<\/ul>\n<\/li>\n<\/ul>\n<p><a href=\"https:\/\/projet-paires.ch\/\">Projet PAIRES<\/a>, et en particulier sa <a href=\"https:\/\/www.asso-unil.ch\/paires\/\">branche Unil<\/a><\/p>\n<p>Association<a href=\"https:\/\/www.metislausanne.ch\/\"> M.E.T.I.S.<\/a>, et en particulier son projet <a href=\"https:\/\/www.metislausanne.ch\/jef-jeunes-en-formation\/\">\u00ab\u00a0Jeunes en formation\u00a0\u00bb<\/a><\/p>\n<p><a href=\"https:\/\/nouvelles-perspectives.ch\/\">Association Nouvelles Perspectives<\/a><\/p>\n\n\n<p><\/p>\n","protected":false},"excerpt":{"rendered":"<p>\u00a0 Projet\u00a0\u00ab\u00a0Perspectives-\u00e9tudes\u00a0\u00bb de l\u2019Union des \u00e9tudiant\u00b7e\u00b7s de Suisse (UNES) signez leur p\u00e9tition \u00ab Am\u00e9liorer l\u2019acc\u00e8s \u00e0 la formation et au travail pour les personnes exil\u00e9es \u00bb\u00a0 Projet PAIRES, et en &hellip; <\/p>\n<p class=\"link-more\"><a href=\"https:\/\/www.asso-unil.ch\/unilsansfrontieres\/reseau\/\" class=\"more-link\">Continuer la lecture<span class=\"screen-reader-text\"> de &laquo;&nbsp;R\u00e9seau&nbsp;&raquo;<\/span><\/a><\/p>\n","protected":false},"author":1001138,"featured_media":454,"parent":0,"menu_order":0,"comment_status":"closed","ping_status":"closed","template":"","meta":{"_seopress_robots_primary_cat":"","_seopress_titles_title":"","_seopress_titles_desc":"","_seopress_robots_index":"","footnotes":""},"class_list":["post-90","page","type-page","status-publish","has-post-thumbnail"],"_links":{"self":[{"href":"https:\/\/www.asso-unil.ch\/unilsansfrontieres\/wp-json\/wp\/v2\/pages\/90","targetHints":{"allow":["GET"]}}],"collection":[{"href":"https:\/\/www.asso-unil.ch\/unilsansfrontieres\/wp-json\/wp\/v2\/pages"}],"about":[{"href":"https:\/\/www.asso-unil.ch\/unilsansfrontieres\/wp-json\/wp\/v2\/types\/page"}],"author":[{"embeddable":true,"href":"https:\/\/www.asso-unil.ch\/unilsansfrontieres\/wp-json\/wp\/v2\/users\/1001138"}],"replies":[{"embeddable":true,"href":"https:\/\/www.asso-unil.ch\/unilsansfrontieres\/wp-json\/wp\/v2\/comments?post=90"}],"version-history":[{"count":0,"href":"https:\/\/www.asso-unil.ch\/unilsansfrontieres\/wp-json\/wp\/v2\/pages\/90\/revisions"}],"wp:featuredmedia":[{"embeddable":true,"href":"https:\/\/www.asso-unil.ch\/unilsansfrontieres\/wp-json\/wp\/v2\/media\/454"}],"wp:attachment":[{"href":"https:\/\/www.asso-unil.ch\/unilsansfrontieres\/wp-json\/wp\/v2\/media?parent=90"}],"curies":[{"name":"wp","href":"https:\/\/api.w.org\/{rel}","templated":true}]}}

Réseau

<h1 style="text-align: center" align="justify"> </h1>
<p>Projet <a href="https://www.perspektiven-studium.ch/fr/">« Perspectives-études »</a> de l’<a href="https://www.vss-unes.ch/?lang=fr">Union des étudiant·e·s de Suisse (UNES)</a></p>
<ul>
<li style="list-style-type: none">
<ul>
<li style="list-style-type: none">
<ul>
<li>signez leur <a href="https://www.education-maintenant.ch/petition">pétition</a> « Améliorer l’accès à la formation et au travail pour les personnes exilées » </li>
</ul>
</li>
</ul>
</li>
</ul>
<p><a href="https://projet-paires.ch/">Projet PAIRES</a>, et en particulier sa <a href="https://www.asso-unil.ch/paires/">branche Unil</a></p>
<p>Association<a href="https://www.metislausanne.ch/"> M.E.T.I.S.</a>, et en particulier son projet <a href="https://www.metislausanne.ch/jef-jeunes-en-formation/">« Jeunes en formation »</a></p>
<p><a href="https://nouvelles-perspectives.ch/">Association Nouvelles Perspectives</a></p>


<p></p>

<p>  Projet « Perspectives-études » de l’Union des étudiant·e·s de Suisse (UNES) signez leur pétition « Améliorer l’accès à la formation et au travail pour les personnes exilées »  Projet PAIRES, et en &hellip; </p>
<p class="link-more"><a href="https://www.asso-unil.ch/unilsansfrontieres/reseau/" class="more-link">Continuer la lecture<span class="screen-reader-text"> de &laquo;&nbsp;Réseau&nbsp;&raquo;</span></a></p>
