{"id":71,"date":"2018-06-04T12:06:42","date_gmt":"2018-06-04T10:06:42","guid":{"rendered":"http:\/\/www.asso-unil.ch\/unilsansfrontieres\/?page_id=71"},"modified":"2020-12-21T17:14:37","modified_gmt":"2020-12-21T16:14:37","slug":"revue-de-presse","status":"publish","type":"page","link":"https:\/\/www.asso-unil.ch\/unilsansfrontieres\/revue-de-presse\/","title":{"rendered":"Revue de presse"},"content":{"rendered":"<p>\u00ab\u00a0Pour chaque int\u00e9gration r\u00e9ussie il y a deux gagnants\u00a0\u00bb &#8211; <a href=\"https:\/\/www.letemps.ch\/societe\/integration-reussie-y-deux-gagnants-un-refugie-une-societe\">Le Temps, 25.02.2020<\/a><\/p>\n<p>\u00ab\u00a0Navid, d&rsquo;otage en Afghanistan \u00e0 \u00e9tudiant \u00e0 l&rsquo;HEC\u00a0\u00bb &#8211; <a href=\"https:\/\/www.illustre.ch\/videos\/navid-dotage-afghanistan-etudiant-hec\">L&rsquo;Illustr\u00e9, 2020<\/a><\/p>\n<p>\u00ab\u00a0Des universit\u00e9s se mobilisent pour int\u00e9grer les r\u00e9fugi\u00e9s\u00a0\u00bb &#8211; <a title=\"24 heures _23_02_2018\" href=\"https:\/\/unilsf.files.wordpress.com\/2018\/02\/24-heures-_23_02_2018.pdf\">24 heures, 23.02.2018<\/a><\/p>\n<p>\u00ab\u00a0Permettre aux r\u00e9fugi\u00e9s de continuer leur formation\u00a0\u00bb <a title=\"24 heures - 21.06.2017\" href=\"https:\/\/unilsf.files.wordpress.com\/2018\/03\/linvitecc81-permettre-aux-recc81fugiecc81s-de-continuer-leur-formation-news-signatures-recc81flexions-24heures-ch.pdf\">24 heures, 21.06.2017<\/a><\/p>\n<p>\u00ab\u00a0Un avant-go\u00fbt de la vie universitaire suisse pour des r\u00e9fugi\u00e9s\u00a0\u00bb, <a title=\"Swissinfo, 30.05.2017\" href=\"https:\/\/unilsf.files.wordpress.com\/2018\/03\/un-avant-goucc82t-de-la-vie-universitaire-suisse-pour-des-recc81fugiecc81s-swi-swissinfo-ch.pdf\">Swissinfo, 30.05.2017<\/a><\/p>\n<p class=\"contentheading\"><span class=\"fc_item_title\">\u00ab\u00a0Les Hautes \u00e9coles face \u00e0 l\u2019accueil des r\u00e9fugi\u00e9s\u00a0\u00bb, <a title=\"revue Reiso, 27.03.2017\" href=\"https:\/\/unilsf.files.wordpress.com\/2018\/03\/document.pdf\">revue Reiso, 27.03.2017<\/a><br \/>\n<\/span><\/p>\n<p>\u00ab\u00a0Mambo, r\u00e9fugi\u00e9 \u00e0 l&rsquo;universit\u00e9\u00a0\u00bb <a title=\"Le Temps, 20.03.2017\" href=\"https:\/\/unilsf.files.wordpress.com\/2018\/03\/mambo-recc81fugiecc81-acc80-luniversitecc81-le-temps.pdf\">Le Temps, 20.03.2017<\/a><\/p>\n<p>\u00ab\u00a0Il faut favoriser l&rsquo;acc\u00e8s des r\u00e9fugi\u00e9s aux \u00e9tudes\u00a0\u00bb &#8211; <a title=\"24heures_23_01_17\" href=\"https:\/\/unilsf.files.wordpress.com\/2018\/02\/24heures_23_01_17.pdf\">24heures, 23.01.2017<\/a><\/p>\n<p>\u00ab\u00a0L&rsquo;Uni de Gen\u00e8ve ouvre ses portes \u00e0 35 r\u00e9fugi\u00e9s\u00a0\u00bb &#8211; <a title=\"24heures_20_09_16\" href=\"https:\/\/unilsf.files.wordpress.com\/2018\/02\/24heures_20_09_16.pdf\">24heures, 20.09.2016<\/a><\/p>\n<p>\u00ab\u00a0Cours acad\u00e9miques pour r\u00e9fugi\u00e9s\u00a0\u00bb &#8211; <a title=\"24heures_10_08_16\" href=\"https:\/\/unilsf.files.wordpress.com\/2018\/02\/24heures_10_08_16.pdf\">24heures, 10.08.2016<\/a><\/p>\n<p>\u00ab\u00a0Projet pilote pour faciliter l&rsquo;acc\u00e8s \u00e0 l&rsquo;Universit\u00e9\u00a0\u00bb &#8211; <a title=\"01_03_16\" href=\"https:\/\/unilsf.files.wordpress.com\/2018\/02\/01_03_16.pdf\">Le Courrier,\u00a0 01.03.2016<\/a><\/p>\n<h1 class=\"standard\"><\/h1>\n","protected":false},"excerpt":{"rendered":"<p>\u00ab\u00a0Pour chaque int\u00e9gration r\u00e9ussie il y a deux gagnants\u00a0\u00bb &#8211; Le Temps, 25.02.2020 \u00ab\u00a0Navid, d&rsquo;otage en Afghanistan \u00e0 \u00e9tudiant \u00e0 l&rsquo;HEC\u00a0\u00bb &#8211; L&rsquo;Illustr\u00e9, 2020 \u00ab\u00a0Des universit\u00e9s se mobilisent pour int\u00e9grer &hellip; <\/p>\n<p class=\"link-more\"><a href=\"https:\/\/www.asso-unil.ch\/unilsansfrontieres\/revue-de-presse\/\" class=\"more-link\">Continuer la lecture<span class=\"screen-reader-text\"> de &laquo;&nbsp;Revue de presse&nbsp;&raquo;<\/span><\/a><\/p>\n","protected":false},"author":1001138,"featured_media":0,"parent":0,"menu_order":0,"comment_status":"closed","ping_status":"closed","template":"","meta":{"_seopress_robots_primary_cat":"","_seopress_titles_title":"","_seopress_titles_desc":"","_seopress_robots_index":"","footnotes":""},"class_list":["post-71","page","type-page","status-publish"],"_links":{"self":[{"href":"https:\/\/www.asso-unil.ch\/unilsansfrontieres\/wp-json\/wp\/v2\/pages\/71","targetHints":{"allow":["GET"]}}],"collection":[{"href":"https:\/\/www.asso-unil.ch\/unilsansfrontieres\/wp-json\/wp\/v2\/pages"}],"about":[{"href":"https:\/\/www.asso-unil.ch\/unilsansfrontieres\/wp-json\/wp\/v2\/types\/page"}],"author":[{"embeddable":true,"href":"https:\/\/www.asso-unil.ch\/unilsansfrontieres\/wp-json\/wp\/v2\/users\/1001138"}],"replies":[{"embeddable":true,"href":"https:\/\/www.asso-unil.ch\/unilsansfrontieres\/wp-json\/wp\/v2\/comments?post=71"}],"version-history":[{"count":0,"href":"https:\/\/www.asso-unil.ch\/unilsansfrontieres\/wp-json\/wp\/v2\/pages\/71\/revisions"}],"wp:attachment":[{"href":"https:\/\/www.asso-unil.ch\/unilsansfrontieres\/wp-json\/wp\/v2\/media?parent=71"}],"curies":[{"name":"wp","href":"https:\/\/api.w.org\/{rel}","templated":true}]}}

<p>« Pour chaque intégration réussie il y a deux gagnants » &#8211; <a href="https://www.letemps.ch/societe/integration-reussie-y-deux-gagnants-un-refugie-une-societe">Le Temps, 25.02.2020</a></p>
<p>« Navid, d&rsquo;otage en Afghanistan à étudiant à l&rsquo;HEC » &#8211; <a href="https://www.illustre.ch/videos/navid-dotage-afghanistan-etudiant-hec">L&rsquo;Illustré, 2020</a></p>
<p>« Des universités se mobilisent pour intégrer les réfugiés » &#8211; <a title="24 heures _23_02_2018" href="https://unilsf.files.wordpress.com/2018/02/24-heures-_23_02_2018.pdf">24 heures, 23.02.2018</a></p>
<p>« Permettre aux réfugiés de continuer leur formation » <a title="24 heures - 21.06.2017" href="https://unilsf.files.wordpress.com/2018/03/linvitecc81-permettre-aux-recc81fugiecc81s-de-continuer-leur-formation-news-signatures-recc81flexions-24heures-ch.pdf">24 heures, 21.06.2017</a></p>
<p>« Un avant-goût de la vie universitaire suisse pour des réfugiés », <a title="Swissinfo, 30.05.2017" href="https://unilsf.files.wordpress.com/2018/03/un-avant-goucc82t-de-la-vie-universitaire-suisse-pour-des-recc81fugiecc81s-swi-swissinfo-ch.pdf">Swissinfo, 30.05.2017</a></p>
<p class="contentheading"><span class="fc_item_title">« Les Hautes écoles face à l’accueil des réfugiés », <a title="revue Reiso, 27.03.2017" href="https://unilsf.files.wordpress.com/2018/03/document.pdf">revue Reiso, 27.03.2017</a><br />
</span></p>
<p>« Mambo, réfugié à l&rsquo;université » <a title="Le Temps, 20.03.2017" href="https://unilsf.files.wordpress.com/2018/03/mambo-recc81fugiecc81-acc80-luniversitecc81-le-temps.pdf">Le Temps, 20.03.2017</a></p>
<p>« Il faut favoriser l&rsquo;accès des réfugiés aux études » &#8211; <a title="24heures_23_01_17" href="https://unilsf.files.wordpress.com/2018/02/24heures_23_01_17.pdf">24heures, 23.01.2017</a></p>
<p>« L&rsquo;Uni de Genève ouvre ses portes à 35 réfugiés » &#8211; <a title="24heures_20_09_16" href="https://unilsf.files.wordpress.com/2018/02/24heures_20_09_16.pdf">24heures, 20.09.2016</a></p>
<p>« Cours académiques pour réfugiés » &#8211; <a title="24heures_10_08_16" href="https://unilsf.files.wordpress.com/2018/02/24heures_10_08_16.pdf">24heures, 10.08.2016</a></p>
<p>« Projet pilote pour faciliter l&rsquo;accès à l&rsquo;Université » &#8211; <a title="01_03_16" href="https://unilsf.files.wordpress.com/2018/02/01_03_16.pdf">Le Courrier,  01.03.2016</a></p>
<h1 class="standard"></h1>

<p>« Pour chaque intégration réussie il y a deux gagnants » &#8211; Le Temps, 25.02.2020 « Navid, d&rsquo;otage en Afghanistan à étudiant à l&rsquo;HEC » &#8211; L&rsquo;Illustré, 2020 « Des universités se mobilisent pour intégrer &hellip; </p>
<p class="link-more"><a href="https://www.asso-unil.ch/unilsansfrontieres/revue-de-presse/" class="more-link">Continuer la lecture<span class="screen-reader-text"> de &laquo;&nbsp;Revue de presse&nbsp;&raquo;</span></a></p>
