{"id":63,"date":"2018-06-04T12:02:11","date_gmt":"2018-06-04T10:02:11","guid":{"rendered":"http:\/\/www.asso-unil.ch\/unilsansfrontieres\/?page_id=63"},"modified":"2020-12-29T16:27:00","modified_gmt":"2020-12-29T15:27:00","slug":"nous-contacter","status":"publish","type":"page","link":"https:\/\/www.asso-unil.ch\/unilsansfrontieres\/nous-contacter\/","title":{"rendered":"Nous contacter"},"content":{"rendered":"<h1 style=\"text-align: center\" align=\"justify\"><strong><span style=\"color: #4998cc\">Pour toutes questions, \u00e9crivez-nous.<\/span><\/strong><\/h1>\n<p style=\"text-align: center\">Nous r\u00e9pondons volontiers \u00e0 vos messages, en fran\u00e7ais, anglais, turc, dari\/farsi et italien.<\/p>\n<div style=\"text-align: center\" align=\"justify\"><\/div>\n<div style=\"text-align: center\" align=\"justify\"><strong style=\"color: #48a1db;font-size: 1.5rem;text-align: center\"><a style=\"color: #48a1db\" href=\"mailto:unilsansfrontieres@asso-unil.ch\">unilsansfrontieres@asso-unil.ch<\/a><\/strong><\/div>\n<div style=\"text-align: center\" align=\"justify\"><\/div>\n<h2 style=\"text-align: center\" align=\"justify\"><span style=\"color: #55a1d4\"><a style=\"color: #55a1d4\" href=\"https:\/\/www.facebook.com\/Unil-sans-fronti%C3%A8res-211953469343192\/\"><strong>page facebook<\/strong><\/a><\/span><\/h2>\n<p><img alt=\"\" loading=\"lazy\" decoding=\"async\" class=\"alignnone  wp-image-530 aligncenter\" src=\"https:\/\/www.asso-unil.ch\/unilsansfrontieres\/files\/2020\/12\/777-1-300x75.jpg\" alt=\"\" width=\"356\" height=\"89\" srcset=\"https:\/\/www.asso-unil.ch\/unilsansfrontieres\/files\/2020\/12\/777-1-300x75.jpg 300w, https:\/\/www.asso-unil.ch\/unilsansfrontieres\/files\/2020\/12\/777-1-768x191.jpg 768w, https:\/\/www.asso-unil.ch\/unilsansfrontieres\/files\/2020\/12\/777-1.jpg 974w\" sizes=\"auto, (max-width: 356px) 100vw, 356px\" \/><\/p>\n","protected":false},"excerpt":{"rendered":"<p>Pour toutes questions, \u00e9crivez-nous. Nous r\u00e9pondons volontiers \u00e0 vos messages, en fran\u00e7ais, anglais, turc, dari\/farsi et italien. unilsansfrontieres@asso-unil.ch page facebook<\/p>\n","protected":false},"author":1001138,"featured_media":401,"parent":0,"menu_order":0,"comment_status":"closed","ping_status":"closed","template":"","meta":{"_seopress_robots_primary_cat":"","_seopress_titles_title":"","_seopress_titles_desc":"","_seopress_robots_index":"","footnotes":""},"class_list":["post-63","page","type-page","status-publish","has-post-thumbnail"],"_links":{"self":[{"href":"https:\/\/www.asso-unil.ch\/unilsansfrontieres\/wp-json\/wp\/v2\/pages\/63","targetHints":{"allow":["GET"]}}],"collection":[{"href":"https:\/\/www.asso-unil.ch\/unilsansfrontieres\/wp-json\/wp\/v2\/pages"}],"about":[{"href":"https:\/\/www.asso-unil.ch\/unilsansfrontieres\/wp-json\/wp\/v2\/types\/page"}],"author":[{"embeddable":true,"href":"https:\/\/www.asso-unil.ch\/unilsansfrontieres\/wp-json\/wp\/v2\/users\/1001138"}],"replies":[{"embeddable":true,"href":"https:\/\/www.asso-unil.ch\/unilsansfrontieres\/wp-json\/wp\/v2\/comments?post=63"}],"version-history":[{"count":0,"href":"https:\/\/www.asso-unil.ch\/unilsansfrontieres\/wp-json\/wp\/v2\/pages\/63\/revisions"}],"wp:featuredmedia":[{"embeddable":true,"href":"https:\/\/www.asso-unil.ch\/unilsansfrontieres\/wp-json\/wp\/v2\/media\/401"}],"wp:attachment":[{"href":"https:\/\/www.asso-unil.ch\/unilsansfrontieres\/wp-json\/wp\/v2\/media?parent=63"}],"curies":[{"name":"wp","href":"https:\/\/api.w.org\/{rel}","templated":true}]}}

<h1 style="text-align: center" align="justify"><strong><span style="color: #4998cc">Pour toutes questions, écrivez-nous.</span></strong></h1>
<p style="text-align: center">Nous répondons volontiers à vos messages, en français, anglais, turc, dari/farsi et italien.</p>
<div style="text-align: center" align="justify"></div>
<div style="text-align: center" align="justify"><strong style="color: #48a1db;font-size: 1.5rem;text-align: center"><a style="color: #48a1db" href="mailto:unilsansfrontieres@asso-unil.ch">unilsansfrontieres@asso-unil.ch</a></strong></div>
<div style="text-align: center" align="justify"></div>
<h2 style="text-align: center" align="justify"><span style="color: #55a1d4"><a style="color: #55a1d4" href="https://www.facebook.com/Unil-sans-fronti%C3%A8res-211953469343192/"><strong>page facebook</strong></a></span></h2>
<p><img alt="" loading="lazy" decoding="async" class="alignnone  wp-image-530 aligncenter" src="https://www.asso-unil.ch/unilsansfrontieres/files/2020/12/777-1-300x75.jpg" alt="" width="356" height="89" srcset="https://www.asso-unil.ch/unilsansfrontieres/files/2020/12/777-1-300x75.jpg 300w, https://www.asso-unil.ch/unilsansfrontieres/files/2020/12/777-1-768x191.jpg 768w, https://www.asso-unil.ch/unilsansfrontieres/files/2020/12/777-1.jpg 974w" sizes="auto, (max-width: 356px) 100vw, 356px" /></p>

<p>Pour toutes questions, écrivez-nous. Nous répondons volontiers à vos messages, en français, anglais, turc, dari/farsi et italien. unilsansfrontieres@asso-unil.ch page facebook</p>
