{"id":60,"date":"2018-06-04T12:02:10","date_gmt":"2018-06-04T10:02:10","guid":{"rendered":"http:\/\/www.asso-unil.ch\/unilsansfrontieres\/?page_id=60"},"modified":"2020-12-23T11:06:59","modified_gmt":"2020-12-23T10:06:59","slug":"epfl-sans-frontieres","status":"publish","type":"page","link":"https:\/\/www.asso-unil.ch\/unilsansfrontieres\/epfl-sans-frontieres\/","title":{"rendered":"EPFL sans fronti\u00e8res"},"content":{"rendered":"<h1 style=\"text-align: center\" align=\"justify\"><strong><span style=\"color: #4998cc\">EPFL sans fronti\u00e8res cherche des renforts.<\/span><\/strong><\/h1>\n<p>Le projet EPFL Sans Fronti\u00e8res offre un soutien aux \u00e9tudiant.e.s et aspirants \u00e9tudiant.e.s en situation d&rsquo;exil, en ce qui est du choix d&rsquo;\u00e9tudes, des proc\u00e9dures administratives et des r\u00e9visions.<\/p>\n<p>Il propose en particulier<\/p>\n<ul>\n<li style=\"list-style-type: none\">\n<ul>\n<li>un accompagnement en vue de l\u2019examen d\u2019entr\u00e9e en premi\u00e8re ann\u00e9e de l\u2019EPFL, via le Cours de Math\u00e9matiques sp\u00e9ciales (CMS)<\/li>\n<li>un aide avec les proc\u00e9dures d\u2019immatriculation<\/li>\n<li>des conseils par rapport aux \u00e9tudes universitaires \u00e0 l\u2019EPFL (MOOCs, auditeur-rice libre)<\/li>\n<\/ul>\n<\/li>\n<\/ul>\n<p>Nous souhaitons constituer un r\u00e9seau de volontaires pr\u00eat.e.s \u00e0 mettre en place des bin\u00f4mes dans les diff\u00e9rentes mati\u00e8res du cours pr\u00e9paratoire \u00e0 l\u2019examen d\u2019entr\u00e9e \u00e0 l\u2019EPFL et sommes \u00e0 la recherche de membres de la communaut\u00e9 de l&rsquo;EPFL int\u00e9ress\u00e9s \u00e0 se joindre \u00e0 nous dans la conception et la mise en place des activit\u00e9s.<\/p>\n<p><a href=\"mailto:garance.clement@epfl.ch\">garance.clement@epfl.ch<\/a> \u00a0\u00a0\u00a0 \u00a0\u00a0\u00a0 \u00a0\u00a0\u00a0 \u00a0 \u00a0 \u00a0 \u00a0 \u00a0 \u00a0 <a href=\"https:\/\/people.epfl.ch\/garance.clement\">https:\/\/people.epfl.ch\/garance.clement<\/a><\/p>\n","protected":false},"excerpt":{"rendered":"<p>EPFL sans fronti\u00e8res cherche des renforts. Le projet EPFL Sans Fronti\u00e8res offre un soutien aux \u00e9tudiant.e.s et aspirants \u00e9tudiant.e.s en situation d&rsquo;exil, en ce qui est du choix d&rsquo;\u00e9tudes, des &hellip; <\/p>\n<p class=\"link-more\"><a href=\"https:\/\/www.asso-unil.ch\/unilsansfrontieres\/epfl-sans-frontieres\/\" class=\"more-link\">Continuer la lecture<span class=\"screen-reader-text\"> de &laquo;&nbsp;EPFL sans fronti\u00e8res&nbsp;&raquo;<\/span><\/a><\/p>\n","protected":false},"author":1001138,"featured_media":402,"parent":0,"menu_order":0,"comment_status":"closed","ping_status":"closed","template":"","meta":{"_seopress_robots_primary_cat":"","_seopress_titles_title":"","_seopress_titles_desc":"","_seopress_robots_index":"","footnotes":""},"class_list":["post-60","page","type-page","status-publish","has-post-thumbnail"],"_links":{"self":[{"href":"https:\/\/www.asso-unil.ch\/unilsansfrontieres\/wp-json\/wp\/v2\/pages\/60","targetHints":{"allow":["GET"]}}],"collection":[{"href":"https:\/\/www.asso-unil.ch\/unilsansfrontieres\/wp-json\/wp\/v2\/pages"}],"about":[{"href":"https:\/\/www.asso-unil.ch\/unilsansfrontieres\/wp-json\/wp\/v2\/types\/page"}],"author":[{"embeddable":true,"href":"https:\/\/www.asso-unil.ch\/unilsansfrontieres\/wp-json\/wp\/v2\/users\/1001138"}],"replies":[{"embeddable":true,"href":"https:\/\/www.asso-unil.ch\/unilsansfrontieres\/wp-json\/wp\/v2\/comments?post=60"}],"version-history":[{"count":0,"href":"https:\/\/www.asso-unil.ch\/unilsansfrontieres\/wp-json\/wp\/v2\/pages\/60\/revisions"}],"wp:featuredmedia":[{"embeddable":true,"href":"https:\/\/www.asso-unil.ch\/unilsansfrontieres\/wp-json\/wp\/v2\/media\/402"}],"wp:attachment":[{"href":"https:\/\/www.asso-unil.ch\/unilsansfrontieres\/wp-json\/wp\/v2\/media?parent=60"}],"curies":[{"name":"wp","href":"https:\/\/api.w.org\/{rel}","templated":true}]}}