{"id":113,"date":"2018-06-05T11:00:56","date_gmt":"2018-06-05T09:00:56","guid":{"rendered":"http:\/\/www.asso-unil.ch\/unilsansfrontieres\/?page_id=113"},"modified":"2021-01-22T13:11:49","modified_gmt":"2021-01-22T12:11:49","slug":"permanences","status":"publish","type":"page","link":"https:\/\/www.asso-unil.ch\/unilsansfrontieres\/permanences\/","title":{"rendered":"Accueil"},"content":{"rendered":"<p>Ce groupe de travail vise \u00e0 accompagner les personnes souhaitant rejoindre l&rsquo;Universit\u00e9 dans leurs choix et leurs proc\u00e9dures administratives.<\/p>\n<p>Nous connaissons les difficult\u00e9s auxquelles on peut faire face lorsque l&rsquo;on veut s&rsquo;inscrire \u00e0 l&rsquo;Unil. Paperasse, formulaires, \u00e9quivalences, traductions, demande de bourses&#8230;<\/p>\n<p>Nous organisons donc des rencontres avec les futur\u00b7e\u00b7s \u00e9tudiant\u00b7e\u00b7s pour discuter la faisabilit\u00e9 de leur projet. Il est ensuite possible d&rsquo;entamer ensemble les d\u00e9marches d&rsquo;inscriptions soit comme auditeur.rice libre, soit comme \u00e9tudiant.e r\u00e9gulier.<\/p>\n<p>Cet accompagnement est essentiel pour que les personnes int\u00e9ress\u00e9es ne perdent pas courage face au marasme administratif qu&rsquo;une demande d&rsquo;inscription \u00e0 l&rsquo;Universit\u00e9 implique. Cela vise aussi \u00e0 leur permettre de mieux comprendre le fonctionnement de l&rsquo;institution qu&rsquo;ils.elles souhaitent rejoindre.<\/p>\n","protected":false},"excerpt":{"rendered":"<p>Ce groupe de travail vise \u00e0 accompagner les personnes souhaitant rejoindre l&rsquo;Universit\u00e9 dans leurs choix et leurs proc\u00e9dures administratives. Nous connaissons les difficult\u00e9s auxquelles on peut faire face lorsque l&rsquo;on &hellip; <\/p>\n<p class=\"link-more\"><a href=\"https:\/\/www.asso-unil.ch\/unilsansfrontieres\/permanences\/\" class=\"more-link\">Continuer la lecture<span class=\"screen-reader-text\"> de &laquo;&nbsp;Accueil&nbsp;&raquo;<\/span><\/a><\/p>\n","protected":false},"author":1001138,"featured_media":373,"parent":0,"menu_order":0,"comment_status":"closed","ping_status":"closed","template":"","meta":{"_seopress_robots_primary_cat":"","_seopress_titles_title":"","_seopress_titles_desc":"","_seopress_robots_index":"","footnotes":""},"class_list":["post-113","page","type-page","status-publish","has-post-thumbnail"],"_links":{"self":[{"href":"https:\/\/www.asso-unil.ch\/unilsansfrontieres\/wp-json\/wp\/v2\/pages\/113","targetHints":{"allow":["GET"]}}],"collection":[{"href":"https:\/\/www.asso-unil.ch\/unilsansfrontieres\/wp-json\/wp\/v2\/pages"}],"about":[{"href":"https:\/\/www.asso-unil.ch\/unilsansfrontieres\/wp-json\/wp\/v2\/types\/page"}],"author":[{"embeddable":true,"href":"https:\/\/www.asso-unil.ch\/unilsansfrontieres\/wp-json\/wp\/v2\/users\/1001138"}],"replies":[{"embeddable":true,"href":"https:\/\/www.asso-unil.ch\/unilsansfrontieres\/wp-json\/wp\/v2\/comments?post=113"}],"version-history":[{"count":0,"href":"https:\/\/www.asso-unil.ch\/unilsansfrontieres\/wp-json\/wp\/v2\/pages\/113\/revisions"}],"wp:featuredmedia":[{"embeddable":true,"href":"https:\/\/www.asso-unil.ch\/unilsansfrontieres\/wp-json\/wp\/v2\/media\/373"}],"wp:attachment":[{"href":"https:\/\/www.asso-unil.ch\/unilsansfrontieres\/wp-json\/wp\/v2\/media?parent=113"}],"curies":[{"name":"wp","href":"https:\/\/api.w.org\/{rel}","templated":true}]}}

<p>Ce groupe de travail vise à accompagner les personnes souhaitant rejoindre l&rsquo;Université dans leurs choix et leurs procédures administratives.</p>
<p>Nous connaissons les difficultés auxquelles on peut faire face lorsque l&rsquo;on veut s&rsquo;inscrire à l&rsquo;Unil. Paperasse, formulaires, équivalences, traductions, demande de bourses&#8230;</p>
<p>Nous organisons donc des rencontres avec les futur·e·s étudiant·e·s pour discuter la faisabilité de leur projet. Il est ensuite possible d&rsquo;entamer ensemble les démarches d&rsquo;inscriptions soit comme auditeur.rice libre, soit comme étudiant.e régulier.</p>
<p>Cet accompagnement est essentiel pour que les personnes intéressées ne perdent pas courage face au marasme administratif qu&rsquo;une demande d&rsquo;inscription à l&rsquo;Université implique. Cela vise aussi à leur permettre de mieux comprendre le fonctionnement de l&rsquo;institution qu&rsquo;ils.elles souhaitent rejoindre.</p>

<p>Ce groupe de travail vise à accompagner les personnes souhaitant rejoindre l&rsquo;Université dans leurs choix et leurs procédures administratives. Nous connaissons les difficultés auxquelles on peut faire face lorsque l&rsquo;on &hellip; </p>
<p class="link-more"><a href="https://www.asso-unil.ch/unilsansfrontieres/permanences/" class="more-link">Continuer la lecture<span class="screen-reader-text"> de &laquo;&nbsp;Accueil&nbsp;&raquo;</span></a></p>
