{"id":99,"date":"2019-03-05T12:54:02","date_gmt":"2019-03-05T11:54:02","guid":{"rendered":"http:\/\/www.asso-unil.ch\/talma\/?page_id=99"},"modified":"2019-03-12T14:10:22","modified_gmt":"2019-03-12T13:10:22","slug":"a-table-cena-poetica","status":"publish","type":"page","link":"https:\/\/www.asso-unil.ch\/talma\/poesie\/performances-au-printemps-de-la-poesie\/a-table-cena-poetica\/","title":{"rendered":"A TABLE ! CENA POETICA"},"content":{"rendered":"<p><a href=\"https:\/\/www.asso-unil.ch\/talma\/files\/2019\/03\/Flyer_CENA_POETICA-light.pdf\"><img alt=\"\" loading=\"lazy\" decoding=\"async\" class=\"alignleft wp-image-189 size-medium\" src=\"https:\/\/www.asso-unil.ch\/talma\/files\/2019\/03\/Flyer_CENA_POETICA-1-214x300.png\" alt=\"\" width=\"214\" height=\"300\" srcset=\"https:\/\/www.asso-unil.ch\/talma\/files\/2019\/03\/Flyer_CENA_POETICA-1-214x300.png 214w, https:\/\/www.asso-unil.ch\/talma\/files\/2019\/03\/Flyer_CENA_POETICA-1-731x1024.png 731w, https:\/\/www.asso-unil.ch\/talma\/files\/2019\/03\/Flyer_CENA_POETICA-1-768x1075.png 768w, https:\/\/www.asso-unil.ch\/talma\/files\/2019\/03\/Flyer_CENA_POETICA-1.png 857w\" sizes=\"auto, (max-width: 214px) 100vw, 214px\" \/><\/a>A TABLE\u00a0! CENA POETICA, une performance qui r\u00e9unit Antiquit\u00e9, public contemporain et monde virtuel dans un symposium interconnect\u00e9 o\u00f9 la po\u00e9sie circule, sans fronti\u00e8res. Les \u00e9changes de neuf banqueteurs install\u00e9s \u00e0 la romaine, entrecoup\u00e9s d\u2019intrusions virtuelles g\u00e9n\u00e9r\u00e9es par un <em>Phoebus in machina<\/em>, diffusent la po\u00e9sie sur divers plans et \u00e0 travers plusieurs m\u00e9dias. Ce dispositif vise \u00e0 donner une voix aux absents et \u00e0 les inclure dans la performance. Il invite chacun \u00e0 entrer dans le dialogue et \u00e0 prendre part aux cha\u00eenes po\u00e9tiques qui se nouent entre gorg\u00e9es de vin et bouch\u00e9es de nourriture, qui raviront corps et esprits. La participation du public \u2013 en toute libert\u00e9, pas de panique\u00a0! \u2013 et les interactions entre personnes, po\u00e8mes, supports, contextes et \u00e9poques, mettent en sc\u00e8ne la po\u00e9sie comme prise de parole et connectent divers mondes autour d\u2019une m\u00eame table.<\/p>\n<p>1er avril 2019, d\u00e8s 18H30\u00a0| <a href=\"https:\/\/polesud.ch\" target=\"_blank\" rel=\"noopener noreferrer\">P\u00f4le Sud<\/a>, Av. Jean-Jacques Mercier 3, Lausanne<br \/>\ndans le cadre du <a href=\"https:\/\/printempspoesie.ch\/wordpress\/event\/a-table-cena-poetica\/\" target=\"_blank\" rel=\"noopener noreferrer\">Printemps de la po\u00e9sie<\/a><br \/>\nOrganisation | Olivier Th\u00e9venaz et Dylan Bovet<br \/>\nAvec mets et vins du <a href=\"https:\/\/www.lesatyre.ch\" target=\"_blank\" rel=\"noopener noreferrer\">Satyre<\/a> \u00e0 Begnins<br \/>\n30.\u2013\/20.\u2013 repas et boissons inclus<\/p>\n<p>R\u00e9servations | <a href=\"mailto:talma@asso-unil.ch\">talma@asso-unil.ch<\/a><\/p>\n","protected":false},"excerpt":{"rendered":"<p>A TABLE\u00a0! CENA POETICA, une performance qui r\u00e9unit Antiquit\u00e9, public contemporain et monde virtuel dans un symposium interconnect\u00e9 o\u00f9 la po\u00e9sie circule, sans fronti\u00e8res. Les \u00e9changes de neuf banqueteurs install\u00e9s \u00e0 la romaine, entrecoup\u00e9s d\u2019intrusions virtuelles g\u00e9n\u00e9r\u00e9es par un Phoebus<\/p>\n","protected":false},"author":1001168,"featured_media":0,"parent":97,"menu_order":0,"comment_status":"closed","ping_status":"closed","template":"","meta":{"_seopress_robots_primary_cat":"","_seopress_titles_title":"","_seopress_titles_desc":"","_seopress_robots_index":"","footnotes":""},"class_list":["post-99","page","type-page","status-publish"],"_links":{"self":[{"href":"https:\/\/www.asso-unil.ch\/talma\/wp-json\/wp\/v2\/pages\/99","targetHints":{"allow":["GET"]}}],"collection":[{"href":"https:\/\/www.asso-unil.ch\/talma\/wp-json\/wp\/v2\/pages"}],"about":[{"href":"https:\/\/www.asso-unil.ch\/talma\/wp-json\/wp\/v2\/types\/page"}],"author":[{"embeddable":true,"href":"https:\/\/www.asso-unil.ch\/talma\/wp-json\/wp\/v2\/users\/1001168"}],"replies":[{"embeddable":true,"href":"https:\/\/www.asso-unil.ch\/talma\/wp-json\/wp\/v2\/comments?post=99"}],"version-history":[{"count":0,"href":"https:\/\/www.asso-unil.ch\/talma\/wp-json\/wp\/v2\/pages\/99\/revisions"}],"up":[{"embeddable":true,"href":"https:\/\/www.asso-unil.ch\/talma\/wp-json\/wp\/v2\/pages\/97"}],"wp:attachment":[{"href":"https:\/\/www.asso-unil.ch\/talma\/wp-json\/wp\/v2\/media?parent=99"}],"curies":[{"name":"wp","href":"https:\/\/api.w.org\/{rel}","templated":true}]}}