{"id":65,"date":"2019-02-19T15:08:15","date_gmt":"2019-02-19T14:08:15","guid":{"rendered":"http:\/\/www.asso-unil.ch\/talma\/?page_id=65"},"modified":"2024-11-27T15:48:49","modified_gmt":"2024-11-27T14:48:49","slug":"theatre","status":"publish","type":"page","link":"https:\/\/www.asso-unil.ch\/talma\/theatre\/","title":{"rendered":"Th\u00e9\u00e2tre"},"content":{"rendered":"\n<figure class=\"wp-block-image size-large is-resized\"><img alt=\"\" loading=\"lazy\" decoding=\"async\" width=\"1024\" height=\"682\" src=\"https:\/\/www.asso-unil.ch\/talma\/files\/2024\/10\/0EB1C0BD-4CA1-408C-B5E9-6AFF68596FEA_1_105_c-1024x682.jpeg\" alt=\"\" class=\"wp-image-1055\" style=\"width:510px;height:auto\" srcset=\"https:\/\/www.asso-unil.ch\/talma\/files\/2024\/10\/0EB1C0BD-4CA1-408C-B5E9-6AFF68596FEA_1_105_c-1024x682.jpeg 1024w, https:\/\/www.asso-unil.ch\/talma\/files\/2024\/10\/0EB1C0BD-4CA1-408C-B5E9-6AFF68596FEA_1_105_c-300x200.jpeg 300w, https:\/\/www.asso-unil.ch\/talma\/files\/2024\/10\/0EB1C0BD-4CA1-408C-B5E9-6AFF68596FEA_1_105_c-768x511.jpeg 768w, https:\/\/www.asso-unil.ch\/talma\/files\/2024\/10\/0EB1C0BD-4CA1-408C-B5E9-6AFF68596FEA_1_105_c.jpeg 1086w\" sizes=\"auto, (max-width: 1024px) 100vw, 1024px\" \/><\/figure>\n\n\n<p>La compagnie TALMA, c&rsquo;est une tribu d&rsquo;\u00e9tudiantes et d&rsquo;\u00e9tudiants lausannois, plus quelques autres. Elle est anim\u00e9e par deux enseignants de l\u2019UNIL, accompagn\u00e9s par des professionnel\u00b7le\u00b7s du th\u00e9\u00e2tre. Tout le monde peut monter dans la barque, antiquisant ou non. La participation active aux ateliers et aux repr\u00e9sentations permet m\u00eame d&rsquo;obtenir des cr\u00e9dits.<\/p>\n<p>Pour cette ann\u00e9e universitaire 2024-2025, TALMA vous pr\u00e9pare une pi\u00e8ce originale cr\u00e9\u00e9 \u00e0 partir d&rsquo;\u00e9pitaphes de tombes romaines et plus : <a href=\"https:\/\/www.asso-unil.ch\/talma\/theatre\/la-voix-des-morts-creation-24-25\/\"><strong><em>La Compagnie des Morts<\/em><\/strong><\/a>.<\/p>\n<h2 style=\"text-align: center\"><a href=\"https:\/\/www.asso-unil.ch\/talma\/theatre\/archive-anciens-projets\/\"><strong>Nos anciens projets<\/strong><\/a><\/h2>\n\n\n<p>Photo en t\u00eate de page : \u00a9 Paul Croisier<\/p>\n\n\n\n<p><\/p>\n","protected":false},"excerpt":{"rendered":"<p>La compagnie TALMA, c&rsquo;est une tribu d&rsquo;\u00e9tudiantes et d&rsquo;\u00e9tudiants lausannois, plus quelques autres. Elle est anim\u00e9e par deux enseignants de l\u2019UNIL, accompagn\u00e9s par des professionnel\u00b7le\u00b7s du th\u00e9\u00e2tre. Tout le monde peut monter dans la barque, antiquisant ou non. La participation<\/p>\n","protected":false},"author":6,"featured_media":0,"parent":0,"menu_order":0,"comment_status":"closed","ping_status":"closed","template":"","meta":{"_seopress_robots_primary_cat":"","_seopress_titles_title":"","_seopress_titles_desc":"","_seopress_robots_index":"","footnotes":""},"class_list":["post-65","page","type-page","status-publish"],"_links":{"self":[{"href":"https:\/\/www.asso-unil.ch\/talma\/wp-json\/wp\/v2\/pages\/65","targetHints":{"allow":["GET"]}}],"collection":[{"href":"https:\/\/www.asso-unil.ch\/talma\/wp-json\/wp\/v2\/pages"}],"about":[{"href":"https:\/\/www.asso-unil.ch\/talma\/wp-json\/wp\/v2\/types\/page"}],"author":[{"embeddable":true,"href":"https:\/\/www.asso-unil.ch\/talma\/wp-json\/wp\/v2\/users\/6"}],"replies":[{"embeddable":true,"href":"https:\/\/www.asso-unil.ch\/talma\/wp-json\/wp\/v2\/comments?post=65"}],"version-history":[{"count":4,"href":"https:\/\/www.asso-unil.ch\/talma\/wp-json\/wp\/v2\/pages\/65\/revisions"}],"predecessor-version":[{"id":1056,"href":"https:\/\/www.asso-unil.ch\/talma\/wp-json\/wp\/v2\/pages\/65\/revisions\/1056"}],"wp:attachment":[{"href":"https:\/\/www.asso-unil.ch\/talma\/wp-json\/wp\/v2\/media?parent=65"}],"curies":[{"name":"wp","href":"https:\/\/api.w.org\/{rel}","templated":true}]}}