{"id":479,"date":"2022-04-08T20:19:36","date_gmt":"2022-04-08T18:19:36","guid":{"rendered":"https:\/\/www.asso-unil.ch\/talma\/?page_id=479"},"modified":"2024-10-25T11:41:57","modified_gmt":"2024-10-25T09:41:57","slug":"aristophane-comic-circus","status":"publish","type":"page","link":"https:\/\/www.asso-unil.ch\/talma\/theatre\/archive-anciens-projets\/aristophane-comic-circus\/","title":{"rendered":"\u00ab\u00a0Aristophane Comic Circus\u00a0\u00bb, cr\u00e9ation 2022"},"content":{"rendered":"<div class=\"wp-block-image\">\n<figure class=\"alignright size-large is-resized\"><a href=\"https:\/\/www.asso-unil.ch\/talma\/files\/2022\/04\/Flyer_AristophaneComicCircus_light.pdf\" target=\"_blank\" rel=\"noopener\"><img alt=\"\" loading=\"lazy\" decoding=\"async\" src=\"https:\/\/www.asso-unil.ch\/talma\/files\/2022\/04\/Flyer_AristophaneComicCircus_visuel-1-724x1024.jpg\" alt=\"\" class=\"wp-image-492\" width=\"189\" height=\"277\" \/><\/a><\/figure>\n<\/div>\n\n\n<p><\/p>\n\n\n\n<p class=\"has-drop-cap\">Pour repartir en fanfare, TALMA vous a pr\u00e9par\u00e9 un floril\u00e8ge des com\u00e9dies d&rsquo;Aristophane, un <em>best of<\/em> ! <br>Aristophane, 5<sup>e<\/sup> s. av. JC,  c\u2019est le daron des comiques. Il a mis en sc\u00e8ne des oiseaux, des grenouilles, un scarab\u00e9e g\u00e9ant. Il s\u2019est moqu\u00e9 de Socrate, d\u2019Euripide, de P\u00e9ricl\u00e8s, des dieux m\u00eame &nbsp;! \u2013 et de tous les tocards de son \u00e9poque.<br>Tout \u00e7a est emball\u00e9 dans un show circassien, avec sc\u00e8ne circulaire, acrobaties, clowns et tout le bazar. <br>Et ce cirque\u2026 c\u2019est nous. Vingt com\u00e9dien\u00b7ne\u00b7s en sc\u00e8ne qui font le chapiteau, les artistes, les gar\u00e7on\u00b7ne\u00b7s de piste, le bar et m\u00eame la m\u00e9nagerie. <br>Impossible ? Utopique plut\u00f4t ! C\u2019est-\u00e0-dire : 100% aristophanesque.<\/p>\n\n\n\n<p class=\"has-text-align-left\"><\/p>\n\n\n\n<p class=\"has-white-color has-vivid-red-background-color has-text-color has-background has-small-font-size\">Traduction&nbsp;: Matteo Capponi   \/\/\/    Mise en sc\u00e8ne : Audrey Jones, Laure Lehmann, Matteo Capponi<br>Lumi\u00e8re : Gabriel Dollat   \/\/\/ Musique : Kiljan Paris<br>Jeu : Amanda Ferroli, Amos Dollfus, Antoine Fritz, Camille Marchon, Carla Cherix, Charlotte Emaresi, Cl\u00e9mentine Glardon, Delphine Comte, Emilie Bosisio, Esteban Jayet, Julie Vandermensbrugghe, Laur\u00e8ne Glardon, Leila Blindenbacher, Lorraine Schaefer, Luka Lehmann, Marc Decrausaz, Odette Palese, Quentin Zermatten, Soraya Buschini, Thibault Schaller, Thibault Glardon, Thomas von Kaenel, Val\u00e9rie Mermoud.<br>Avec le soutien de l&rsquo;Unil, de la FAE, de l&rsquo;ANEL, de La Grange et du Festival F\u00e9cule.<\/p>\n\n\n\n<p class=\"has-text-align-center\"><strong>Deux galeries photos pour se souvenir du spectacle&nbsp;!<\/strong><\/p>\n\n\n\n<p class=\"has-text-align-center\"><strong>Photos par <a rel=\"noreferrer noopener\" href=\"https:\/\/www.asso-unil.ch\/talma\/theatre\/aristophane-comic-circus\/galerie-photos-esteban-agurcia\/\" target=\"_blank\">Esteban Agurcia<\/a> \/\/ Photos par <a rel=\"noreferrer noopener\" href=\"https:\/\/www.asso-unil.ch\/talma\/theatre\/aristophane-comic-circus\/galerie-destelle\/\" target=\"_blank\">Elisa Pasche<\/a><\/strong><\/p>\n\n\n\n<p><\/p>\n\n\n\n<p><\/p>\n\n\n\n<p><\/p>\n\n\n\n<p><\/p>\n\n\n\n<p><\/p>\n\n\n\n<p><\/p>\n\n\n\n<p><\/p>\n","protected":false},"excerpt":{"rendered":"<p>Pour repartir en fanfare, TALMA vous a pr\u00e9par\u00e9 un floril\u00e8ge des com\u00e9dies d&rsquo;Aristophane, un best of ! Aristophane, 5e s. av. JC, c\u2019est le daron des comiques. Il a mis en sc\u00e8ne des oiseaux, des grenouilles, un scarab\u00e9e g\u00e9ant. Il<\/p>\n","protected":false},"author":1001169,"featured_media":486,"parent":1028,"menu_order":-1,"comment_status":"closed","ping_status":"closed","template":"","meta":{"_seopress_robots_primary_cat":"","_seopress_titles_title":"","_seopress_titles_desc":"","_seopress_robots_index":"","footnotes":""},"class_list":["post-479","page","type-page","status-publish","has-post-thumbnail"],"_links":{"self":[{"href":"https:\/\/www.asso-unil.ch\/talma\/wp-json\/wp\/v2\/pages\/479","targetHints":{"allow":["GET"]}}],"collection":[{"href":"https:\/\/www.asso-unil.ch\/talma\/wp-json\/wp\/v2\/pages"}],"about":[{"href":"https:\/\/www.asso-unil.ch\/talma\/wp-json\/wp\/v2\/types\/page"}],"author":[{"embeddable":true,"href":"https:\/\/www.asso-unil.ch\/talma\/wp-json\/wp\/v2\/users\/1001169"}],"replies":[{"embeddable":true,"href":"https:\/\/www.asso-unil.ch\/talma\/wp-json\/wp\/v2\/comments?post=479"}],"version-history":[{"count":1,"href":"https:\/\/www.asso-unil.ch\/talma\/wp-json\/wp\/v2\/pages\/479\/revisions"}],"predecessor-version":[{"id":1048,"href":"https:\/\/www.asso-unil.ch\/talma\/wp-json\/wp\/v2\/pages\/479\/revisions\/1048"}],"up":[{"embeddable":true,"href":"https:\/\/www.asso-unil.ch\/talma\/wp-json\/wp\/v2\/pages\/1028"}],"wp:featuredmedia":[{"embeddable":true,"href":"https:\/\/www.asso-unil.ch\/talma\/wp-json\/wp\/v2\/media\/486"}],"wp:attachment":[{"href":"https:\/\/www.asso-unil.ch\/talma\/wp-json\/wp\/v2\/media?parent=479"}],"curies":[{"name":"wp","href":"https:\/\/api.w.org\/{rel}","templated":true}]}}

« Aristophane Comic Circus », création 2022

<div class="wp-block-image">
<figure class="alignright size-large is-resized"><a href="https://www.asso-unil.ch/talma/files/2022/04/Flyer_AristophaneComicCircus_light.pdf" target="_blank" rel="noopener"><img alt="" loading="lazy" decoding="async" src="https://www.asso-unil.ch/talma/files/2022/04/Flyer_AristophaneComicCircus_visuel-1-724x1024.jpg" alt="" class="wp-image-492" width="189" height="277" /></a></figure>
</div>


<p></p>



<p class="has-drop-cap">Pour repartir en fanfare, TALMA vous a préparé un florilège des comédies d&rsquo;Aristophane, un <em>best of</em> ! <br>Aristophane, 5<sup>e</sup> s. av. JC,  c’est le daron des comiques. Il a mis en scène des oiseaux, des grenouilles, un scarabée géant. Il s’est moqué de Socrate, d’Euripide, de Périclès, des dieux même &nbsp;! – et de tous les tocards de son époque.<br>Tout ça est emballé dans un show circassien, avec scène circulaire, acrobaties, clowns et tout le bazar. <br>Et ce cirque… c’est nous. Vingt comédien·ne·s en scène qui font le chapiteau, les artistes, les garçon·ne·s de piste, le bar et même la ménagerie. <br>Impossible ? Utopique plutôt ! C’est-à-dire : 100% aristophanesque.</p>



<p class="has-text-align-left"></p>



<p class="has-white-color has-vivid-red-background-color has-text-color has-background has-small-font-size">Traduction&nbsp;: Matteo Capponi   ///    Mise en scène : Audrey Jones, Laure Lehmann, Matteo Capponi<br>Lumière : Gabriel Dollat   /// Musique : Kiljan Paris<br>Jeu : Amanda Ferroli, Amos Dollfus, Antoine Fritz, Camille Marchon, Carla Cherix, Charlotte Emaresi, Clémentine Glardon, Delphine Comte, Emilie Bosisio, Esteban Jayet, Julie Vandermensbrugghe, Laurène Glardon, Leila Blindenbacher, Lorraine Schaefer, Luka Lehmann, Marc Decrausaz, Odette Palese, Quentin Zermatten, Soraya Buschini, Thibault Schaller, Thibault Glardon, Thomas von Kaenel, Valérie Mermoud.<br>Avec le soutien de l&rsquo;Unil, de la FAE, de l&rsquo;ANEL, de La Grange et du Festival Fécule.</p>



<p class="has-text-align-center"><strong>Deux galeries photos pour se souvenir du spectacle&nbsp;!</strong></p>



<p class="has-text-align-center"><strong>Photos par <a rel="noreferrer noopener" href="https://www.asso-unil.ch/talma/theatre/aristophane-comic-circus/galerie-photos-esteban-agurcia/" target="_blank">Esteban Agurcia</a> // Photos par <a rel="noreferrer noopener" href="https://www.asso-unil.ch/talma/theatre/aristophane-comic-circus/galerie-destelle/" target="_blank">Elisa Pasche</a></strong></p>



<p></p>



<p></p>



<p></p>



<p></p>



<p></p>



<p></p>



<p></p>

<p>Pour repartir en fanfare, TALMA vous a préparé un florilège des comédies d&rsquo;Aristophane, un best of ! Aristophane, 5e s. av. JC, c’est le daron des comiques. Il a mis en scène des oiseaux, des grenouilles, un scarabée géant. Il</p>
