{"id":285,"date":"2021-03-18T18:37:46","date_gmt":"2021-03-18T17:37:46","guid":{"rendered":"https:\/\/www.asso-unil.ch\/talma\/?page_id=285"},"modified":"2021-03-25T16:17:23","modified_gmt":"2021-03-25T15:17:23","slug":"narcisse","status":"publish","type":"page","link":"https:\/\/www.asso-unil.ch\/talma\/poesie\/steles\/narcisse\/","title":{"rendered":"St\u00e8le de Narcisse"},"content":{"rendered":"\n<p class=\"has-black-color has-cyan-bluish-gray-background-color has-text-color has-background\">Emport\u00e9 dans sa quinzi\u00e8me ann\u00e9e, dans la fleur de sa jeunesse, Narcisse<br>&nbsp;&nbsp;&nbsp;&nbsp;&nbsp;&nbsp;&nbsp;&nbsp;repose ici, enterr\u00e9 dans ce tombeau.<br>Qui que tu sois, l\u00e0, lecteur, tu regardes un destin malheureux&nbsp;:<br>&nbsp;&nbsp;&nbsp;&nbsp;&nbsp;&nbsp;&nbsp;&nbsp;les Parques m\u2019ont arrach\u00e9 ce jeune homme encore adolescent.<br>Sa ch\u00e8re s\u0153ur s\u2019afflige, elle est en deuil&nbsp;: son fr\u00e8re lui a \u00e9t\u00e9 enlev\u00e9.<br>&nbsp;&nbsp;&nbsp;&nbsp;&nbsp;&nbsp;&nbsp;&nbsp;Sa m\u00e8re tient son fils. La lumi\u00e8re blanche des fleurs tourmente.<br><br><em>Carmina Latina Epigraphica<\/em>, 1119<\/p>\n\n\n\n<blockquote class=\"wp-block-quote is-style-large is-layout-flow wp-block-quote-is-layout-flow\"><p>Quintum annum et decimum \/ Narcissus flore iuuentae \/<br>&nbsp;&nbsp;&nbsp;&nbsp;&nbsp;&nbsp;&nbsp;&nbsp;hoc iacet abreptus \/ conditus in tumulo \/<br>quisquis ades lector \/ fatum miserabile cernis \/<br>&nbsp;&nbsp;&nbsp;&nbsp;&nbsp;&nbsp;&nbsp;&nbsp;Parcae nam inpubem quem \/ rapuere mihi \/<br>maeret cara soror \/ quae fratrem luget \/ ademptum \/<br>&nbsp;&nbsp;&nbsp;&nbsp;&nbsp;&nbsp;&nbsp;&nbsp;mater habet natum \/ florum lux candida \/ torquet \/&nbsp;<\/p><cite><br><\/cite><\/blockquote>\n","protected":false},"excerpt":{"rendered":"<p>Emport\u00e9 dans sa quinzi\u00e8me ann\u00e9e, dans la fleur de sa jeunesse, Narcisse&nbsp;&nbsp;&nbsp;&nbsp;&nbsp;&nbsp;&nbsp;&nbsp;repose ici, enterr\u00e9 dans ce tombeau.Qui que tu sois, l\u00e0, lecteur, tu regardes un destin malheureux&nbsp;:&nbsp;&nbsp;&nbsp;&nbsp;&nbsp;&nbsp;&nbsp;&nbsp;les Parques m\u2019ont arrach\u00e9 ce jeune homme encore adolescent.Sa ch\u00e8re s\u0153ur s\u2019afflige, elle est<\/p>\n","protected":false},"author":1001174,"featured_media":0,"parent":258,"menu_order":-2,"comment_status":"closed","ping_status":"closed","template":"","meta":{"_seopress_robots_primary_cat":"","_seopress_titles_title":"","_seopress_titles_desc":"","_seopress_robots_index":"","footnotes":""},"class_list":["post-285","page","type-page","status-publish"],"_links":{"self":[{"href":"https:\/\/www.asso-unil.ch\/talma\/wp-json\/wp\/v2\/pages\/285","targetHints":{"allow":["GET"]}}],"collection":[{"href":"https:\/\/www.asso-unil.ch\/talma\/wp-json\/wp\/v2\/pages"}],"about":[{"href":"https:\/\/www.asso-unil.ch\/talma\/wp-json\/wp\/v2\/types\/page"}],"author":[{"embeddable":true,"href":"https:\/\/www.asso-unil.ch\/talma\/wp-json\/wp\/v2\/users\/1001174"}],"replies":[{"embeddable":true,"href":"https:\/\/www.asso-unil.ch\/talma\/wp-json\/wp\/v2\/comments?post=285"}],"version-history":[{"count":0,"href":"https:\/\/www.asso-unil.ch\/talma\/wp-json\/wp\/v2\/pages\/285\/revisions"}],"up":[{"embeddable":true,"href":"https:\/\/www.asso-unil.ch\/talma\/wp-json\/wp\/v2\/pages\/258"}],"wp:attachment":[{"href":"https:\/\/www.asso-unil.ch\/talma\/wp-json\/wp\/v2\/media?parent=285"}],"curies":[{"name":"wp","href":"https:\/\/api.w.org\/{rel}","templated":true}]}}