{"id":1174,"date":"2025-04-01T16:45:22","date_gmt":"2025-04-01T14:45:22","guid":{"rendered":"https:\/\/www.asso-unil.ch\/talma\/?page_id=1174"},"modified":"2026-03-03T10:51:35","modified_gmt":"2026-03-03T09:51:35","slug":"promenades-poetiques-parmi-les-animaux-du-natureum","status":"publish","type":"page","link":"https:\/\/www.asso-unil.ch\/talma\/poesie\/promenades-poetiques-parmi-les-animaux-du-natureum\/","title":{"rendered":"Promenades po\u00e9tiques parmi les animaux du Natur\u00e9um"},"content":{"rendered":"<div class=\"wp-block-image\">\n<figure class=\"aligncenter size-large is-resized\"><img loading=\"lazy\" decoding=\"async\" width=\"726\" height=\"1024\" src=\"https:\/\/www.asso-unil.ch\/talma\/files\/2025\/04\/image-1-726x1024.png\" alt=\"image\" class=\"wp-image-1179\" style=\"width:500px\" srcset=\"https:\/\/www.asso-unil.ch\/talma\/files\/2025\/04\/image-1-726x1024.png 726w, https:\/\/www.asso-unil.ch\/talma\/files\/2025\/04\/image-1-213x300.png 213w, https:\/\/www.asso-unil.ch\/talma\/files\/2025\/04\/image-1-768x1083.png 768w, https:\/\/www.asso-unil.ch\/talma\/files\/2025\/04\/image-1.png 847w\" sizes=\"auto, (max-width: 726px) 100vw, 726px\" \/><\/figure>\n<\/div>\n\n\n<p>Dans le Cadre du Festival Histoire et Cit\u00e9, 3 membres de l&rsquo;associations TALMA vous proposent une visite guid\u00e9e du Natur\u00e9um dans l&rsquo;espace zoologie du Palais de Rumine. Partez pour une aventure lyrique au rythme des lectures de po\u00e8mes de l&rsquo;antiquit\u00e9 latine traduits par Val\u00e9rie Mermoud, Thomas Von Kaenel et Oivier Th\u00e9venaz. <\/p>\n\n\n\n<p>Dates et horaires (Rendez-vous \u00e0 l\u2019accueil de l\u2019exposition de zoologie, au 5<sup>e<\/sup>&nbsp;\u00e9tage du Palais de Rumine, lien vers le site du festival : <a href=\"https:\/\/histoire-cite.ch\/programme\/promenades-poetiques-parmi-les-animaux-du-natureum\/\" data-type=\"link\" data-id=\"https:\/\/histoire-cite.ch\/programme\/promenades-poetiques-parmi-les-animaux-du-natureum\/\"><strong>Festival Histoire et Cit\u00e9<\/strong><\/a>)<\/p>\n\n\n\n<p><a href=\"https:\/\/histoire-cite.ch\/programme\/#filter=.d250405\">sam. 05.04.25&nbsp;<\/a>\/ 12h00 &#8211; 12h45 \/&nbsp;<a href=\"https:\/\/www.google.com\/maps\/search\/?api=1&amp;query=Palais%2Bde%2BRumine%2C%2BPlace%2Bde%2Bla%2BRiponne%2C%2BLausanne%2C%2BSuisse\" target=\"_blank\" rel=\"noreferrer noopener\">Lausanne \u2014 Palais de Rumine&nbsp;<\/a>, Zoologie<\/p>\n\n\n\n<p><a href=\"https:\/\/histoire-cite.ch\/programme\/#filter=.d250405\">sam. 05.04.25&nbsp;<\/a>\/ 15h30 &#8211; 16h15 \/&nbsp;<a href=\"https:\/\/www.google.com\/maps\/search\/?api=1&amp;query=Palais%2Bde%2BRumine%2C%2BPlace%2Bde%2Bla%2BRiponne%2C%2BLausanne%2C%2BSuisse\" target=\"_blank\" rel=\"noreferrer noopener\">Lausanne \u2014 Palais de Rumine&nbsp;<\/a>, Zoologie<\/p>\n\n\n\n<p><a href=\"https:\/\/histoire-cite.ch\/programme\/#filter=.d250406\">dim. 06.04.25&nbsp;<\/a>\/ 12h00 &#8211; 12h45 \/&nbsp;<a href=\"https:\/\/www.google.com\/maps\/search\/?api=1&amp;query=Palais%2Bde%2BRumine%2C%2BPlace%2Bde%2Bla%2BRiponne%2C%2BLausanne%2C%2BSuisse\" target=\"_blank\" rel=\"noreferrer noopener\">Lausanne \u2014 Palais de Rumine&nbsp;<\/a>, Zoologie<\/p>\n\n\n\n<p>Les collections zoologiques du Natur\u00e9um se pr\u00eatent aux rencontres po\u00e9tiques, par exemple avec des \u00e9chos du pass\u00e9 romain antique.&nbsp;L\u2019histoire et la litt\u00e9rature offrent un regard distanci\u00e9 sur les rapports entre l\u2019\u00eatre humain et le monde animal, tout en questionnant les sp\u00e9cimens naturalis\u00e9s expos\u00e9s dans les all\u00e9es du Palais de Rumine. Au gr\u00e9 de la d\u00e9ambulation entre les vitrines, rythm\u00e9e par des lectures de po\u00e8mes antiques, une rencontre singuli\u00e8re entre le public et les animaux du Natur\u00e9um se produira peut-\u00eatre\u2026<\/p>\n\n\n\n<p><strong>Intervenant\u00b7es&nbsp;:<\/strong> <\/p>\n\n\n\n<p><strong>Val\u00e9rie Mermoud<\/strong> est une \u00e9tudiante en Master en Sciences de l\u2019Antiquit\u00e9 (orientation grec et latin) \u00e0 l\u2019Universit\u00e9 de Lausanne. Membre de l\u2019association TALMA (Textes antiques lus et mis en action), elle s\u2019int\u00e9resse sp\u00e9cialement \u00e0 la po\u00e9sie, et en particulier \u00e0 la transmission des textes antiques, souvent m\u00e9connus, \u00e0 un public de tous horizons. Elle aime chercher des liens interdisciplinaires entre les mondes litt\u00e9raire et animal.<\/p>\n\n\n\n<p><strong>Thomas Von Kaenel<\/strong> est d\u00e9tenteur d&rsquo;un Master en Sciences de l&rsquo;Amtiquit\u00e9 (Latin) \u00e0 l&rsquo;universit\u00e9 de Lausanne. Membre de l\u2019association TALMA (Textes antiques lus et mis en action), il est un passionn\u00e9 de la po\u00e9sie latine et du latin en g\u00e9n\u00e9ral. <\/p>\n\n\n\n<p> <strong>Olivier Th\u00e9venaz<\/strong> est ma\u00eetre d\u2019enseignement et de recherche en latin \u00e0 la section d\u2019Arch\u00e9ologie et Sciences de l\u2019Antiquit\u00e9 (ASA) de l\u2019Universit\u00e9 de Lausanne. Il travaille en particulier sur la po\u00e9sie antique et s\u2019int\u00e9resse entre autres aux questions \u00e9colitt\u00e9raires. Cofondateur et coanimateur de l\u2019association TALMA (Textes antiques lus et mis en action), il aime faire vivre les textes de l\u2019Antiquit\u00e9 dans le pr\u00e9sent et r\u00e9unir des \u00e9tudiant\u00b7es pour les faire partager \u00e0 des publics plus larges.<\/p>\n\n\n\n<p><\/p>\n\n\n\n<p><\/p>\n\n\n\n<figure class=\"wp-block-gallery has-nested-images columns-default is-cropped wp-block-gallery-1 is-layout-flex wp-block-gallery-is-layout-flex\">\n<figure class=\"wp-block-image size-large\"><img loading=\"lazy\" decoding=\"async\" width=\"684\" height=\"1024\" data-id=\"1197\" src=\"https:\/\/www.asso-unil.ch\/talma\/files\/2025\/04\/dsc00798-684x1024.jpg\" alt=\"dsc00798\" class=\"wp-image-1197\" srcset=\"https:\/\/www.asso-unil.ch\/talma\/files\/2025\/04\/dsc00798-684x1024.jpg 684w, https:\/\/www.asso-unil.ch\/talma\/files\/2025\/04\/dsc00798-201x300.jpg 201w, https:\/\/www.asso-unil.ch\/talma\/files\/2025\/04\/dsc00798-768x1149.jpg 768w, https:\/\/www.asso-unil.ch\/talma\/files\/2025\/04\/dsc00798.jpg 802w\" sizes=\"auto, (max-width: 684px) 100vw, 684px\" \/><\/figure>\n\n\n\n<figure class=\"wp-block-image size-large\"><img loading=\"lazy\" decoding=\"async\" width=\"1024\" height=\"684\" data-id=\"1199\" src=\"https:\/\/www.asso-unil.ch\/talma\/files\/2025\/04\/dsc00802-1024x684.jpg\" alt=\"dsc00802\" class=\"wp-image-1199\" srcset=\"https:\/\/www.asso-unil.ch\/talma\/files\/2025\/04\/dsc00802-1024x684.jpg 1024w, https:\/\/www.asso-unil.ch\/talma\/files\/2025\/04\/dsc00802-300x201.jpg 300w, https:\/\/www.asso-unil.ch\/talma\/files\/2025\/04\/dsc00802-768x513.jpg 768w, https:\/\/www.asso-unil.ch\/talma\/files\/2025\/04\/dsc00802.jpg 1200w\" sizes=\"auto, (max-width: 1024px) 100vw, 1024px\" \/><\/figure>\n\n\n\n<figure class=\"wp-block-image size-large\"><img loading=\"lazy\" decoding=\"async\" width=\"1024\" height=\"684\" data-id=\"1198\" src=\"https:\/\/www.asso-unil.ch\/talma\/files\/2025\/04\/dsc00864-1024x684.jpg\" alt=\"dsc00864\" class=\"wp-image-1198\" srcset=\"https:\/\/www.asso-unil.ch\/talma\/files\/2025\/04\/dsc00864-1024x684.jpg 1024w, https:\/\/www.asso-unil.ch\/talma\/files\/2025\/04\/dsc00864-300x201.jpg 300w, https:\/\/www.asso-unil.ch\/talma\/files\/2025\/04\/dsc00864-768x513.jpg 768w, https:\/\/www.asso-unil.ch\/talma\/files\/2025\/04\/dsc00864.jpg 1200w\" sizes=\"auto, (max-width: 1024px) 100vw, 1024px\" \/><\/figure>\n\n\n\n<figure class=\"wp-block-image size-large\"><img loading=\"lazy\" decoding=\"async\" width=\"1024\" height=\"684\" data-id=\"1201\" src=\"https:\/\/www.asso-unil.ch\/talma\/files\/2025\/04\/dsc00890-1024x684.jpg\" alt=\"dsc00890\" class=\"wp-image-1201\" srcset=\"https:\/\/www.asso-unil.ch\/talma\/files\/2025\/04\/dsc00890-1024x684.jpg 1024w, https:\/\/www.asso-unil.ch\/talma\/files\/2025\/04\/dsc00890-300x201.jpg 300w, https:\/\/www.asso-unil.ch\/talma\/files\/2025\/04\/dsc00890-768x513.jpg 768w, https:\/\/www.asso-unil.ch\/talma\/files\/2025\/04\/dsc00890.jpg 1200w\" sizes=\"auto, (max-width: 1024px) 100vw, 1024px\" \/><\/figure>\n\n\n\n<figure class=\"wp-block-image size-large\"><img loading=\"lazy\" decoding=\"async\" width=\"1024\" height=\"684\" data-id=\"1202\" src=\"https:\/\/www.asso-unil.ch\/talma\/files\/2025\/04\/dsc00980-1024x684.jpg\" alt=\"dsc00980\" class=\"wp-image-1202\" srcset=\"https:\/\/www.asso-unil.ch\/talma\/files\/2025\/04\/dsc00980-1024x684.jpg 1024w, https:\/\/www.asso-unil.ch\/talma\/files\/2025\/04\/dsc00980-300x201.jpg 300w, https:\/\/www.asso-unil.ch\/talma\/files\/2025\/04\/dsc00980-768x513.jpg 768w, https:\/\/www.asso-unil.ch\/talma\/files\/2025\/04\/dsc00980.jpg 1200w\" sizes=\"auto, (max-width: 1024px) 100vw, 1024px\" \/><\/figure>\n\n\n\n<figure class=\"wp-block-image size-large\"><img loading=\"lazy\" decoding=\"async\" width=\"1024\" height=\"684\" data-id=\"1200\" src=\"https:\/\/www.asso-unil.ch\/talma\/files\/2025\/04\/dsc00992-1024x684.jpg\" alt=\"dsc00992\" class=\"wp-image-1200\" srcset=\"https:\/\/www.asso-unil.ch\/talma\/files\/2025\/04\/dsc00992-1024x684.jpg 1024w, https:\/\/www.asso-unil.ch\/talma\/files\/2025\/04\/dsc00992-300x201.jpg 300w, https:\/\/www.asso-unil.ch\/talma\/files\/2025\/04\/dsc00992-768x513.jpg 768w, https:\/\/www.asso-unil.ch\/talma\/files\/2025\/04\/dsc00992.jpg 1200w\" sizes=\"auto, (max-width: 1024px) 100vw, 1024px\" \/><\/figure>\n\n\n\n<figure class=\"wp-block-image size-large\"><img loading=\"lazy\" decoding=\"async\" width=\"1024\" height=\"684\" data-id=\"1203\" src=\"https:\/\/www.asso-unil.ch\/talma\/files\/2025\/04\/dsc01023-1024x684.jpg\" alt=\"dsc01023\" class=\"wp-image-1203\" srcset=\"https:\/\/www.asso-unil.ch\/talma\/files\/2025\/04\/dsc01023-1024x684.jpg 1024w, https:\/\/www.asso-unil.ch\/talma\/files\/2025\/04\/dsc01023-300x201.jpg 300w, https:\/\/www.asso-unil.ch\/talma\/files\/2025\/04\/dsc01023-768x513.jpg 768w, https:\/\/www.asso-unil.ch\/talma\/files\/2025\/04\/dsc01023.jpg 1200w\" sizes=\"auto, (max-width: 1024px) 100vw, 1024px\" \/><\/figure>\n\n\n\n<figure class=\"wp-block-image size-large\"><img loading=\"lazy\" decoding=\"async\" width=\"1024\" height=\"684\" data-id=\"1205\" src=\"https:\/\/www.asso-unil.ch\/talma\/files\/2025\/04\/dsc01046-1024x684.jpg\" alt=\"dsc01046\" class=\"wp-image-1205\" srcset=\"https:\/\/www.asso-unil.ch\/talma\/files\/2025\/04\/dsc01046-1024x684.jpg 1024w, https:\/\/www.asso-unil.ch\/talma\/files\/2025\/04\/dsc01046-300x201.jpg 300w, https:\/\/www.asso-unil.ch\/talma\/files\/2025\/04\/dsc01046-768x513.jpg 768w, https:\/\/www.asso-unil.ch\/talma\/files\/2025\/04\/dsc01046.jpg 1200w\" sizes=\"auto, (max-width: 1024px) 100vw, 1024px\" \/><\/figure>\n\n\n\n<figure class=\"wp-block-image size-large\"><img loading=\"lazy\" decoding=\"async\" width=\"1024\" height=\"684\" data-id=\"1204\" src=\"https:\/\/www.asso-unil.ch\/talma\/files\/2025\/04\/dsc01086-1024x684.jpg\" alt=\"dsc01086\" class=\"wp-image-1204\" srcset=\"https:\/\/www.asso-unil.ch\/talma\/files\/2025\/04\/dsc01086-1024x684.jpg 1024w, https:\/\/www.asso-unil.ch\/talma\/files\/2025\/04\/dsc01086-300x201.jpg 300w, https:\/\/www.asso-unil.ch\/talma\/files\/2025\/04\/dsc01086-768x513.jpg 768w, https:\/\/www.asso-unil.ch\/talma\/files\/2025\/04\/dsc01086.jpg 1200w\" sizes=\"auto, (max-width: 1024px) 100vw, 1024px\" \/><\/figure>\n<\/figure>\n\n\n\n<p>Photos par \u00a9 Noemi Renevey<\/p>\n\n\n\n<p><\/p>\n","protected":false},"excerpt":{"rendered":"<p>Dans le Cadre du Festival Histoire et Cit\u00e9, 3 membres de l&rsquo;associations TALMA vous proposent une visite guid\u00e9e du Natur\u00e9um dans l&rsquo;espace zoologie du Palais de Rumine. Partez pour une aventure lyrique au rythme des lectures de po\u00e8mes de l&rsquo;antiquit\u00e9<\/p>\n","protected":false},"author":1001311,"featured_media":0,"parent":59,"menu_order":0,"comment_status":"closed","ping_status":"closed","template":"","meta":{"_seopress_robots_primary_cat":"","_seopress_titles_title":"","_seopress_titles_desc":"","_seopress_robots_index":"","footnotes":""},"class_list":["post-1174","page","type-page","status-publish"],"_links":{"self":[{"href":"https:\/\/www.asso-unil.ch\/talma\/wp-json\/wp\/v2\/pages\/1174","targetHints":{"allow":["GET"]}}],"collection":[{"href":"https:\/\/www.asso-unil.ch\/talma\/wp-json\/wp\/v2\/pages"}],"about":[{"href":"https:\/\/www.asso-unil.ch\/talma\/wp-json\/wp\/v2\/types\/page"}],"author":[{"embeddable":true,"href":"https:\/\/www.asso-unil.ch\/talma\/wp-json\/wp\/v2\/users\/1001311"}],"replies":[{"embeddable":true,"href":"https:\/\/www.asso-unil.ch\/talma\/wp-json\/wp\/v2\/comments?post=1174"}],"version-history":[{"count":5,"href":"https:\/\/www.asso-unil.ch\/talma\/wp-json\/wp\/v2\/pages\/1174\/revisions"}],"predecessor-version":[{"id":1414,"href":"https:\/\/www.asso-unil.ch\/talma\/wp-json\/wp\/v2\/pages\/1174\/revisions\/1414"}],"up":[{"embeddable":true,"href":"https:\/\/www.asso-unil.ch\/talma\/wp-json\/wp\/v2\/pages\/59"}],"wp:attachment":[{"href":"https:\/\/www.asso-unil.ch\/talma\/wp-json\/wp\/v2\/media?parent=1174"}],"curies":[{"name":"wp","href":"https:\/\/api.w.org\/{rel}","templated":true}]}}