{"id":7,"date":"2026-04-24T18:00:38","date_gmt":"2026-04-24T16:00:38","guid":{"rendered":"http:\/\/www.asso-unil.ch\/modele\/?page_id=7"},"modified":"2026-05-04T15:19:20","modified_gmt":"2026-05-04T13:19:20","slug":"home","status":"publish","type":"page","link":"https:\/\/www.asso-unil.ch\/sdsa-lausanne\/","title":{"rendered":"D\u00e9couvrir la diplomatie"},"content":{"rendered":"\n<h2 class=\"wp-block-heading\">site internet<\/h2>\n\n\n\n<p>\u00c0 travers cet espace, nous souhaitons vous faire d\u00e9couvrir notre univers, nos projets et les valeurs qui nous animent. Notre association est avant tout un lieu de rencontre, d\u2019\u00e9change et d\u2019engagement, o\u00f9 chaque id\u00e9e peut trouver sa place et contribuer \u00e0 faire grandir une dynamique collective.<br><br>Notre volont\u00e9 est de cr\u00e9er un cadre \u00e0 la fois s\u00e9rieux, bienveillant et vivant, dans lequel chacun\u00b7e peut s\u2019impliquer, proposer et participer \u00e0 la construction de projets qui ont du sens.<br><br>Nous esp\u00e9rons que ce site vous donnera envie de nous suivre et de prendre part \u00e0 nos prochaines initiatives.<\/p>\n\n\n\n<p class=\"has-text-align-right\" style=\"font-size:14px\"><em>Cr\u00e9dit photo: Fabrice Ducrest \/ Unil<\/em><\/p>\n\n\n\n<hr class=\"wp-block-separator alignwide has-alpha-channel-opacity is-style-wide\" \/>\n\n\n\n<div class=\"wp-block-columns is-layout-flex wp-container-core-columns-is-layout-9d6595d7 wp-block-columns-is-layout-flex\">\n<div class=\"wp-block-column is-layout-flow wp-block-column-is-layout-flow\">\n<figure class=\"wp-block-image size-large image-membre\"><img alt=\"\" loading=\"lazy\" decoding=\"async\" width=\"1024\" height=\"683\" src=\"https:\/\/www.asso-unil.ch\/sdsa-lausanne\/files\/2026\/04\/img_2101-1024x683.jpeg\" alt=\"\" class=\"wp-image-797\" srcset=\"https:\/\/www.asso-unil.ch\/sdsa-lausanne\/files\/2026\/04\/img_2101-1024x683.jpeg 1024w, https:\/\/www.asso-unil.ch\/sdsa-lausanne\/files\/2026\/04\/img_2101-300x200.jpeg 300w, https:\/\/www.asso-unil.ch\/sdsa-lausanne\/files\/2026\/04\/img_2101-768x512.jpeg 768w, https:\/\/www.asso-unil.ch\/sdsa-lausanne\/files\/2026\/04\/img_2101-1536x1024.jpeg 1536w, https:\/\/www.asso-unil.ch\/sdsa-lausanne\/files\/2026\/04\/img_2101-540x360.jpeg 540w, https:\/\/www.asso-unil.ch\/sdsa-lausanne\/files\/2026\/04\/img_2101-1080x720.jpeg 1080w, https:\/\/www.asso-unil.ch\/sdsa-lausanne\/files\/2026\/04\/img_2101.jpeg 1800w\" sizes=\"auto, (max-width: 1024px) 100vw, 1024px\" \/><\/figure>\n<\/div>\n\n\n\n<div class=\"wp-block-column is-layout-flow wp-block-column-is-layout-flow\">\n<h4 class=\"wp-block-heading has-text-align-left\">histoire<\/h4>\n\n\n\n<p>La <strong>Swiss Diplomacy Student Association (SDSA)<\/strong> est n\u00e9e en 2019 \u00e0 l\u2019Universit\u00e9 de Gen\u00e8ve avec une mission claire : d\u00e9mocratiser la diplomatie aupr\u00e8s des \u00e9tudiants. Face \u00e0 l&rsquo;enthousiasme suscit\u00e9, l\u2019antenne de <strong>Lausanne<\/strong> a vu le jour d\u00e8s 2020.<br><br>En tant qu&rsquo;association relais officielle sur le campus de l&rsquo;<strong>UNIL<\/strong>, la SDSA Lausanne fait rayonner la vision de l&rsquo;association m\u00e8re tout en d\u00e9veloppant ses propres initiatives locales. Nous formons une communaut\u00e9 dynamique de plus de 50 \u00e9tudiants passionn\u00e9s, r\u00e9partis entre membres actifs et passifs.<\/p>\n<\/div>\n<\/div>\n\n\n\n<hr class=\"wp-block-separator alignwide has-alpha-channel-opacity is-style-wide\" \/>\n\n\n\n<div class=\"wp-block-columns is-layout-flex wp-container-core-columns-is-layout-9d6595d7 wp-block-columns-is-layout-flex\">\n<div class=\"wp-block-column is-layout-flow wp-block-column-is-layout-flow\">\n<h4 class=\"wp-block-heading\">Nos missions<\/h4>\n\n\n\n<p><strong>Notre objectif est double:<\/strong><\/p>\n\n\n\n<ol start=\"1\" class=\"wp-block-list\">\n<li><strong>D\u00e9mystifier la diplomatie<\/strong>: Sensibiliser les \u00e9tudiants aux enjeux diplomatiques et aux sujets connexes qui impactent la Suisse sur la sc\u00e8ne internationale.<\/li>\n\n\n\n<li><strong>Rassembler<\/strong>: Cr\u00e9er un pont entre le monde acad\u00e9mique et la pratique diplomatique \u00e0 travers des exp\u00e9riences concr\u00e8tes et enrichissantes.<\/li>\n<\/ol>\n<\/div>\n\n\n\n<div class=\"wp-block-column is-layout-flow wp-block-column-is-layout-flow\">\n<figure class=\"wp-block-image size-large image-membre\"><img loading=\"lazy\" decoding=\"async\" width=\"1024\" height=\"683\" src=\"https:\/\/www.asso-unil.ch\/sdsa-lausanne\/files\/2026\/04\/img_2111-1-1024x683.jpeg\" alt=\"img 2111\" class=\"wp-image-801\" srcset=\"https:\/\/www.asso-unil.ch\/sdsa-lausanne\/files\/2026\/04\/img_2111-1-1024x683.jpeg 1024w, https:\/\/www.asso-unil.ch\/sdsa-lausanne\/files\/2026\/04\/img_2111-1-300x200.jpeg 300w, https:\/\/www.asso-unil.ch\/sdsa-lausanne\/files\/2026\/04\/img_2111-1-768x512.jpeg 768w, https:\/\/www.asso-unil.ch\/sdsa-lausanne\/files\/2026\/04\/img_2111-1-1536x1024.jpeg 1536w, https:\/\/www.asso-unil.ch\/sdsa-lausanne\/files\/2026\/04\/img_2111-1-540x360.jpeg 540w, https:\/\/www.asso-unil.ch\/sdsa-lausanne\/files\/2026\/04\/img_2111-1-1080x720.jpeg 1080w, https:\/\/www.asso-unil.ch\/sdsa-lausanne\/files\/2026\/04\/img_2111-1.jpeg 1800w\" sizes=\"auto, (max-width: 1024px) 100vw, 1024px\" \/><\/figure>\n<\/div>\n<\/div>\n\n\n\n<hr class=\"wp-block-separator alignwide has-alpha-channel-opacity is-style-wide\" \/>\n\n\n\n<div class=\"wp-block-columns is-layout-flex wp-container-core-columns-is-layout-9d6595d7 wp-block-columns-is-layout-flex\">\n<div class=\"wp-block-column is-layout-flow wp-block-column-is-layout-flow\">\n<div class=\"wp-block-columns is-layout-flex wp-container-core-columns-is-layout-9d6595d7 wp-block-columns-is-layout-flex\">\n<div class=\"wp-block-column is-layout-flow wp-block-column-is-layout-flow\" style=\"flex-basis:33.33%\">\n<figure class=\"wp-block-image size-large image-membre\"><img loading=\"lazy\" decoding=\"async\" width=\"687\" height=\"1024\" src=\"https:\/\/www.asso-unil.ch\/sdsa-lausanne\/files\/2026\/04\/dsc03797-687x1024.jpeg\" alt=\"dsc03797\" class=\"wp-image-804\" srcset=\"https:\/\/www.asso-unil.ch\/sdsa-lausanne\/files\/2026\/04\/dsc03797-687x1024.jpeg 687w, https:\/\/www.asso-unil.ch\/sdsa-lausanne\/files\/2026\/04\/dsc03797-201x300.jpeg 201w, https:\/\/www.asso-unil.ch\/sdsa-lausanne\/files\/2026\/04\/dsc03797-768x1145.jpeg 768w, https:\/\/www.asso-unil.ch\/sdsa-lausanne\/files\/2026\/04\/dsc03797-540x805.jpeg 540w, https:\/\/www.asso-unil.ch\/sdsa-lausanne\/files\/2026\/04\/dsc03797.jpeg 805w\" sizes=\"auto, (max-width: 687px) 100vw, 687px\" \/><\/figure>\n<\/div>\n\n\n\n<div class=\"wp-block-column is-layout-flow wp-block-column-is-layout-flow\" style=\"flex-basis:66.66%\">\n<h4 class=\"wp-block-heading\">Nos P\u00f4les d&rsquo;Activit\u00e9s<\/h4>\n\n\n\n<p>Pour remplir cette mission, la SDSA Lausanne s&rsquo;organise en d\u00e9partements sp\u00e9cialis\u00e9s qui rythment la vie associative sur le campus :<\/p>\n\n\n\n<ul class=\"wp-block-list\">\n<li><strong>Conf\u00e9rences<\/strong>: Pour donner la parole \u00e0 des experts et d\u00e9battre des grands enjeux mondiaux.<\/li>\n\n\n\n<li><strong>Workshops<\/strong>: Pour d\u00e9velopper des comp\u00e9tences pratiques (n\u00e9gociation, prise de parole, r\u00e9daction).<\/li>\n\n\n\n<li><strong>Cultures &amp; Institutions<\/strong>: Pour d\u00e9couvrir les coulisses des organisations internationales et la richesse des \u00e9changes interculturels.<\/li>\n\n\n\n<li><strong>Journalisme<\/strong>: Pour analyser l\u2019actualit\u00e9 et partager un regard critique sur la diplomatie.<\/li>\n\n\n\n<li><strong>Team Building<\/strong>: Pour renforcer la coh\u00e9sion de nos membres et faire vivre l\u2019esprit associatif.<\/li>\n<\/ul>\n\n\n\n<p><\/p>\n\n\n\n<p>Chaque d\u00e9partement est pilot\u00e9 par un chef de p\u00f4le si\u00e9geant au Comit\u00e9, soutenu par nos membres actifs qui s&rsquo;investissent au quotidien pour faire vivre la diplomatie \u00e0 l&rsquo;UNIL. D\u00e9couvrez notre \u00e9quipe <a href=\"https:\/\/www.asso-unil.ch\/sdsa-lausanne\/notre-equipe\/\" data-type=\"page\" data-id=\"82\">par ici<\/a> !<\/p>\n<\/div>\n<\/div>\n<\/div>\n<\/div>\n\n\n\n<hr class=\"wp-block-separator alignwide has-alpha-channel-opacity is-style-wide\" \/>\n\n\n\n<h2 class=\"wp-block-heading\">Le mot de la pr\u00e9sidence<\/h2>\n\n\n\n<div class=\"slider-container\">\n    <div class=\"quote-wrapper\">\n        <div class=\"quote-slide\">\n            <p class=\"quote-text\">\u00ab\u00a0Convaincue que la diplomatie est une cl\u00e9 essentielle pour construire des ponts l\u00e0 o\u00f9 d\u2019autres \u00e9rigent des murs.\u00a0\u00bb<\/p>\n            <p><em>Elina Rekalija &#8211; Pr\u00e9sidente interne<\/em><\/p>\n        <\/div>\n        <div class=\"quote-slide\">\n            <p class=\"quote-text\">\u00ab\u00a0Derri\u00e8re chaque accord de paix se cachent des ann\u00e9es de dialogue, de patience et de compromis. C\u2019est cela la diplomatie, un language universel pour \u00e9viter les conflits.\u00a0\u00bb<\/p>\n            <p><em>James McDonald &#8211; Pr\u00e9sident externe<\/em><\/p>\n        <\/div>\n    <\/div>\n<\/div>\n\n\n\n<hr class=\"wp-block-separator alignwide has-alpha-channel-opacity\" \/>\n\n\n\n<h2 class=\"wp-block-heading\">Nos \u00e9v\u00e8nements<\/h2>\n\n\n\n<div class=\"wp-block-columns is-layout-flex wp-container-core-columns-is-layout-9d6595d7 wp-block-columns-is-layout-flex\">\n<div class=\"wp-block-column is-layout-flow wp-block-column-is-layout-flow\" style=\"flex-basis:33.33%\">\n<p>La SDSA est convaincue que le savoir est un atout essentiel pour mieux comprendre les enjeux du monde contemporain. C\u2019est pourquoi nous organisons plusieurs \u00e9v\u00e8nements tout au long de l\u2019ann\u00e9e.<\/p>\n\n\n\n<p>\u00c0 travers conf\u00e9rences, workshops et visites de lieux embl\u00e9matiques, nous souhaitons partager et faire d\u00e9couvrir au plus grand nombre. Que vous soyez membres de la SDSA ou non, tous nos \u00e9v\u00e8nements sont ouverts au public !<\/p>\n<\/div>\n\n\n\n<div class=\"wp-block-column is-layout-flow wp-block-column-is-layout-flow\"><\/div>\n\n\n\n<div class=\"wp-block-column is-layout-flow wp-block-column-is-layout-flow\"><\/div>\n\n\n\n<div class=\"wp-block-column is-layout-flow wp-block-column-is-layout-flow\" style=\"flex-basis:66.66%\">\n<div  class=\"tribe-compatibility-container\" >\n\t<div\n\t\t class=\"tribe-common tribe-events tribe-events-view tribe-events-view--widget-events-list tribe-events-widget\" \t\tdata-js=\"tribe-events-view\"\n\t\tdata-view-rest-url=\"https:\/\/www.asso-unil.ch\/sdsa-lausanne\/wp-json\/tribe\/views\/v2\/html\"\n\t\tdata-view-manage-url=\"1\"\n\t\t\t\t\t\t\tdata-view-breakpoint-pointer=\"de5cf70b-fb30-4664-b288-5eaec5eb9c43\"\n\t\t\t>\n\t\t<div class=\"tribe-events-widget-events-list\">\n\n\t\t\t<script type=\"application\/ld+json\">\r\n[{\"@context\":\"http:\/\/schema.org\",\"@type\":\"Event\",\"name\":\"Conf\\u00e9rence: \\u00ab\\u00a0Football, relations internationales et politique\\u00a0\\u00bb | SDSA Lausanne\",\"description\":\"&lt;p&gt;&nbsp; La SDSA Lausanne vous invite \\u00e0 une nouvelle conf\\u00e9rence passionnante autour du football et du sport de mani\\u00e8re g\\u00e9n\\u00e9rale, et de leur r\\u00f4le en politique, diplomatie et&hellip;&lt;\/p&gt;\\\\n\",\"image\":\"https:\/\/www.asso-unil.ch\/sdsa-lausanne\/files\/2026\/05\/whatsapp-image-2026-05-04-at-13.22.30.jpeg\",\"url\":\"https:\/\/www.asso-unil.ch\/sdsa-lausanne\/event\/conference-football-relations-internationales-et-politique-sdsa-lausanne\/\",\"eventAttendanceMode\":\"https:\/\/schema.org\/OfflineEventAttendanceMode\",\"eventStatus\":\"https:\/\/schema.org\/EventScheduled\",\"startDate\":\"2026-05-11T18:30:00+02:00\",\"endDate\":\"2026-05-11T20:00:00+02:00\",\"location\":{\"@type\":\"Place\",\"name\":\"UNIL &#8211; Aula de l&rsquo;IDHEAP\",\"description\":\"\",\"image\":false,\"url\":\"\",\"address\":{\"@type\":\"PostalAddress\",\"streetAddress\":\"UNIL - IDHEAP\",\"addressLocality\":\"Chavannes-pr\\u00e8s-Renens\",\"addressRegion\":\"Vaud\",\"postalCode\":\"1022\",\"addressCountry\":\"Switzerland\"},\"telephone\":\"\",\"sameAs\":\"\"},\"organizer\":{\"@type\":\"Person\",\"name\":\"SDSA Lausanne\",\"description\":\"\",\"image\":false,\"url\":\"\",\"telephone\":\"\",\"email\":\"\",\"sameAs\":\"\"},\"performer\":\"Organization\"}]\r\n<\/script>\n\t\t\t<script data-js=\"tribe-events-view-data\" type=\"application\/json\">\n\t{\"slug\":\"widget-events-list\",\"prev_url\":\"\",\"next_url\":\"\",\"view_class\":\"Tribe\\\\Events\\\\Views\\\\V2\\\\Views\\\\Widgets\\\\Widget_List_View\",\"view_slug\":\"widget-events-list\",\"view_label\":\"View\",\"view\":null,\"should_manage_url\":true,\"id\":null,\"alias-slugs\":null,\"title\":\"\\u00c9v\\u00e8nements depuis dimanche 10 mai \\u2013 lundi 11 mai \\u2013 SDSA Lausanne\",\"limit\":\"5\",\"no_upcoming_events\":false,\"featured_events_only\":false,\"jsonld_enable\":true,\"tribe_is_list_widget\":false,\"admin_fields\":{\"title\":{\"label\":\"Titre\\u00a0:\",\"type\":\"text\",\"parent_classes\":\"\",\"classes\":\"\",\"dependency\":\"\",\"id\":\"widget-tribe-widget-events-list--1-title\",\"name\":\"widget-tribe-widget-events-list[-1][title]\",\"options\":[],\"placeholder\":\"\",\"value\":null},\"limit\":{\"label\":\"Afficher\\u00a0:\",\"type\":\"number\",\"default\":5,\"min\":1,\"max\":10,\"step\":1,\"parent_classes\":\"\",\"classes\":\"\",\"dependency\":\"\",\"id\":\"widget-tribe-widget-events-list--1-limit\",\"name\":\"widget-tribe-widget-events-list[-1][limit]\",\"options\":[],\"placeholder\":\"\",\"value\":null},\"no_upcoming_events\":{\"label\":\"Cacher ce widget s\\u2019il n\\u2019y a pas d\\u2019\\u00e9v\\u00e8nements \\u00e0 venir.\",\"type\":\"checkbox\",\"parent_classes\":\"\",\"classes\":\"\",\"dependency\":\"\",\"id\":\"widget-tribe-widget-events-list--1-no_upcoming_events\",\"name\":\"widget-tribe-widget-events-list[-1][no_upcoming_events]\",\"options\":[],\"placeholder\":\"\",\"value\":null},\"featured_events_only\":{\"label\":\"Limiter uniquement pour les \\u00e9v\\u00e8nements mis en avant\",\"type\":\"checkbox\",\"parent_classes\":\"\",\"classes\":\"\",\"dependency\":\"\",\"id\":\"widget-tribe-widget-events-list--1-featured_events_only\",\"name\":\"widget-tribe-widget-events-list[-1][featured_events_only]\",\"options\":[],\"placeholder\":\"\",\"value\":null},\"jsonld_enable\":{\"label\":\"G\\u00e9n\\u00e9rer les donn\\u00e9es JSON-LD\",\"type\":\"checkbox\",\"parent_classes\":\"\",\"classes\":\"\",\"dependency\":\"\",\"id\":\"widget-tribe-widget-events-list--1-jsonld_enable\",\"name\":\"widget-tribe-widget-events-list[-1][jsonld_enable]\",\"options\":[],\"placeholder\":\"\",\"value\":null}},\"events\":[1011],\"url\":\"https:\\\/\\\/www.asso-unil.ch\\\/sdsa-lausanne\\\/?post_type=tribe_events&eventDisplay=widget-events-list\",\"url_event_date\":false,\"bar\":{\"keyword\":\"\",\"date\":\"\"},\"today\":\"2026-05-10 00:00:00\",\"now\":\"2026-05-10 15:58:33\",\"home_url\":\"https:\\\/\\\/www.asso-unil.ch\\\/sdsa-lausanne\",\"rest_url\":\"https:\\\/\\\/www.asso-unil.ch\\\/sdsa-lausanne\\\/wp-json\\\/tribe\\\/views\\\/v2\\\/html\",\"rest_method\":\"GET\",\"rest_nonce\":\"\",\"today_url\":\"https:\\\/\\\/www.asso-unil.ch\\\/sdsa-lausanne\\\/?post_type=tribe_events&eventDisplay=widget-events-list&rest_route=%2Fwp%2Fv2%2Fpages%2F7\",\"today_title\":\"Cliquer pour s\\u00e9lectionner la date du jour\",\"today_label\":\"Aujourd\\u2019hui\",\"prev_label\":\"\",\"next_label\":\"\",\"date_formats\":{\"compact\":\"d\\\/m\\\/Y\",\"month_and_year_compact\":\"m\\\/Y\",\"month_and_year\":\"F Y\",\"time_range_separator\":\" - \",\"date_time_separator\":\" @ \"},\"messages\":[],\"start_of_week\":\"1\",\"header_title\":\"\",\"header_title_element\":\"h1\",\"content_title\":\"\",\"show_content_title\":false,\"breadcrumbs\":[],\"backlink\":false,\"before_events\":\"\",\"after_events\":\"\\n<!--\\nThis calendar is powered by The Events Calendar.\\nhttp:\\\/\\\/evnt.is\\\/18wn\\n-->\\n\",\"display_events_bar\":false,\"disable_event_search\":false,\"live_refresh\":true,\"ical\":{\"display_link\":true,\"link\":{\"url\":\"https:\\\/\\\/www.asso-unil.ch\\\/sdsa-lausanne\\\/?post_type=tribe_events&#038;eventDisplay=widget-events-list&#038;ical=1\",\"text\":\"Exporter \\u00c9v\\u00e8nements\",\"title\":\"Utilisez ceci pour partager les donn\\u00e9es de calendrier avec Google Calendar, Apple iCal et d\\u2019autres applications compatibles\"}},\"container_classes\":[\"tribe-common\",\"tribe-events\",\"tribe-events-view\",\"tribe-events-view--widget-events-list\",\"tribe-events-widget\"],\"container_data\":[],\"is_past\":false,\"breakpoints\":{\"xsmall\":500,\"medium\":768,\"full\":960},\"breakpoint_pointer\":\"de5cf70b-fb30-4664-b288-5eaec5eb9c43\",\"is_initial_load\":false,\"public_views\":{\"list\":{\"view_class\":\"Tribe\\\\Events\\\\Views\\\\V2\\\\Views\\\\List_View\",\"view_url\":\"https:\\\/\\\/www.asso-unil.ch\\\/sdsa-lausanne\\\/events\\\/liste\\\/\",\"view_label\":\"Liste\",\"aria_label\":\"Display \\u00c9v\\u00e8nements in Liste View\"},\"month\":{\"view_class\":\"Tribe\\\\Events\\\\Views\\\\V2\\\\Views\\\\Month_View\",\"view_url\":\"https:\\\/\\\/www.asso-unil.ch\\\/sdsa-lausanne\\\/events\\\/mois\\\/\",\"view_label\":\"Mois\",\"aria_label\":\"Display \\u00c9v\\u00e8nements in Mois View\"},\"day\":{\"view_class\":\"Tribe\\\\Events\\\\Views\\\\V2\\\\Views\\\\Day_View\",\"view_url\":\"https:\\\/\\\/www.asso-unil.ch\\\/sdsa-lausanne\\\/events\\\/aujourdhui\\\/\",\"view_label\":\"Jour\",\"aria_label\":\"Display \\u00c9v\\u00e8nements in Jour View\"}},\"show_latest_past\":false,\"past\":false,\"compatibility_classes\":[\"tribe-compatibility-container\"],\"view_more_text\":\"Voir le calendrier\",\"view_more_title\":\"Voir plus d\\u2019\\u00e9v\\u00e8nements.\",\"view_more_link\":\"https:\\\/\\\/www.asso-unil.ch\\\/sdsa-lausanne\\\/events\\\/\",\"widget_title\":\"\\u00c9v\\u00e8nements \\u00e0 venir\",\"hide_if_no_upcoming_events\":false,\"display\":[],\"subscribe_links\":{\"gcal\":{\"label\":\"Google Agenda\",\"single_label\":\"Ajouter \\u00e0 Google Agenda\",\"visible\":true,\"block_slug\":\"hasGoogleCalendar\"},\"ical\":{\"label\":\"iCalendar\",\"single_label\":\"Ajouter \\u00e0 iCalendar\",\"visible\":true,\"block_slug\":\"hasiCal\"},\"outlook-365\":{\"label\":\"Outlook 365\",\"single_label\":\"Outlook 365\",\"visible\":true,\"block_slug\":\"hasOutlook365\"},\"outlook-live\":{\"label\":\"Outlook Live\",\"single_label\":\"Outlook Live\",\"visible\":true,\"block_slug\":\"hasOutlookLive\"},\"ics\":{\"label\":\"Exporter le fichier .ics\",\"single_label\":\"Exporter le fichier .ics\",\"visible\":true,\"block_slug\":null},\"outlook-ics\":{\"label\":\"Exporter le fichier Outlook .ics\",\"single_label\":\"Exporter le fichier Outlook .ics\",\"visible\":true,\"block_slug\":null}},\"_context\":{\"slug\":\"widget-events-list\"}}<\/script>\n\n\t\t\t\t\t\t\t<header class=\"tribe-events-widget-events-list__header\">\n\t\t\t\t\t<h2 class=\"tribe-events-widget-events-list__header-title tribe-common-h6 tribe-common-h--alt\">\n\t\t\t\t\t\t\u00c9v\u00e8nements \u00e0 venir\t\t\t\t\t<\/h2>\n\t\t\t\t<\/header>\n\t\t\t\n\t\t\t\n\t\t\t\t<div class=\"tribe-events-widget-events-list__events\">\n\t\t\t\t\t\t\t\t\t\t\t<div  class=\"tribe-common-g-row tribe-events-widget-events-list__event-row\" >\n\n\t<div class=\"tribe-events-widget-events-list__event-date-tag tribe-common-g-col\">\n\t<time class=\"tribe-events-widget-events-list__event-date-tag-datetime\" datetime=\"2026-05-11\">\n\t\t<span class=\"tribe-events-widget-events-list__event-date-tag-month\">\n\t\t\tMai\t\t<\/span>\n\t\t<span class=\"tribe-events-widget-events-list__event-date-tag-daynum tribe-common-h2 tribe-common-h4--min-medium\">\n\t\t\t11\t\t<\/span>\n\t<\/time>\n<\/div>\n\n\t<div class=\"tribe-events-widget-events-list__event-wrapper tribe-common-g-col\">\n\t\t<article  class=\"tribe-events-widget-events-list__event post-1011 tribe_events type-tribe_events status-publish has-post-thumbnail tribe_events_cat-conferences\" >\n\t\t\t<div class=\"tribe-events-widget-events-list__event-details\">\n\n\t\t\t\t<header class=\"tribe-events-widget-events-list__event-header\">\n\t\t\t\t\t<div class=\"tribe-events-widget-events-list__event-datetime-wrapper tribe-common-b2 tribe-common-b3--min-medium\">\n\t\t<time class=\"tribe-events-widget-events-list__event-datetime\" datetime=\"2026-05-11\">\n\t\t<span class=\"tribe-event-date-start\">18:30<\/span> &#8211; <span class=\"tribe-event-time\">20:00<\/span>\t<\/time>\n\t<\/div>\n\t\t\t\t\t<h3 class=\"tribe-events-widget-events-list__event-title tribe-common-h7\">\n\t<a\n\t\thref=\"https:\/\/www.asso-unil.ch\/sdsa-lausanne\/event\/conference-football-relations-internationales-et-politique-sdsa-lausanne\/\"\n\t\ttitle=\"Conf\u00e9rence: \u00ab\u00a0Football, relations internationales et politique\u00a0\u00bb | SDSA Lausanne\"\n\t\trel=\"bookmark\"\n\t\tclass=\"tribe-events-widget-events-list__event-title-link tribe-common-anchor-thin\"\n\t>\n\t\tConf\u00e9rence: \u00ab\u00a0Football, relations internationales et politique\u00a0\u00bb | SDSA Lausanne\t<\/a>\n<\/h3>\n\t\t\t\t<\/header>\n\n\t\t\t\t\n\t\t\t<\/div>\n\t\t<\/article>\n\t<\/div>\n\n<\/div>\n\t\t\t\t\t\t\t\t\t<\/div>\n\n\t\t\t\t<div class=\"tribe-events-widget-events-list__view-more tribe-common-b1 tribe-common-b2--min-medium\">\n\t<a\n\t\thref=\"https:\/\/www.asso-unil.ch\/sdsa-lausanne\/events\/\"\n\t\tclass=\"tribe-events-widget-events-list__view-more-link tribe-common-anchor-thin\"\n\t\ttitle=\"Voir plus d\u2019\u00e9v\u00e8nements.\"\n\t>\n\t\tVoir le calendrier\t<\/a>\n<\/div>\n\n\t\t\t\t\t<\/div>\n\t<\/div>\n<\/div>\n<script data-js='tribe-events-view-nonce-data' type='application\/json'>{\"tvn1\":\"c405c29ead\",\"tvn2\":\"\"}<\/script>\n<\/div>\n<\/div>\n\n\n\n<div style=\"height:100px\" aria-hidden=\"true\" class=\"wp-block-spacer\"><\/div>\n\n\n\n<div class=\"wp-block-columns is-layout-flex wp-container-core-columns-is-layout-9d6595d7 wp-block-columns-is-layout-flex\">\n<div class=\"wp-block-column is-layout-flow wp-block-column-is-layout-flow\" style=\"flex-basis:66.66%\"><\/div>\n\n\n\n<div class=\"wp-block-column is-layout-flow wp-block-column-is-layout-flow\" style=\"flex-basis:33.33%\">\n<h3 class=\"wp-block-heading has-text-align-right\">Nous suivre<\/h3>\n\n\n\n<ul class=\"wp-block-social-links is-content-justification-right is-layout-flex wp-container-core-social-links-is-layout-765c4724 wp-block-social-links-is-layout-flex\"><li class=\"wp-social-link wp-social-link-instagram  wp-block-social-link\"><a href=\"https:\/\/www.instagram.com\/sdsa.lausanne\/\" class=\"wp-block-social-link-anchor\"><svg width=\"24\" height=\"24\" viewBox=\"0 0 24 24\" version=\"1.1\" xmlns=\"http:\/\/www.w3.org\/2000\/svg\" aria-hidden=\"true\" focusable=\"false\"><path d=\"M12,4.622c2.403,0,2.688,0.009,3.637,0.052c0.877,0.04,1.354,0.187,1.671,0.31c0.42,0.163,0.72,0.358,1.035,0.673 c0.315,0.315,0.51,0.615,0.673,1.035c0.123,0.317,0.27,0.794,0.31,1.671c0.043,0.949,0.052,1.234,0.052,3.637 s-0.009,2.688-0.052,3.637c-0.04,0.877-0.187,1.354-0.31,1.671c-0.163,0.42-0.358,0.72-0.673,1.035 c-0.315,0.315-0.615,0.51-1.035,0.673c-0.317,0.123-0.794,0.27-1.671,0.31c-0.949,0.043-1.233,0.052-3.637,0.052 s-2.688-0.009-3.637-0.052c-0.877-0.04-1.354-0.187-1.671-0.31c-0.42-0.163-0.72-0.358-1.035-0.673 c-0.315-0.315-0.51-0.615-0.673-1.035c-0.123-0.317-0.27-0.794-0.31-1.671C4.631,14.688,4.622,14.403,4.622,12 s0.009-2.688,0.052-3.637c0.04-0.877,0.187-1.354,0.31-1.671c0.163-0.42,0.358-0.72,0.673-1.035 c0.315-0.315,0.615-0.51,1.035-0.673c0.317-0.123,0.794-0.27,1.671-0.31C9.312,4.631,9.597,4.622,12,4.622 M12,3 C9.556,3,9.249,3.01,8.289,3.054C7.331,3.098,6.677,3.25,6.105,3.472C5.513,3.702,5.011,4.01,4.511,4.511 c-0.5,0.5-0.808,1.002-1.038,1.594C3.25,6.677,3.098,7.331,3.054,8.289C3.01,9.249,3,9.556,3,12c0,2.444,0.01,2.751,0.054,3.711 c0.044,0.958,0.196,1.612,0.418,2.185c0.23,0.592,0.538,1.094,1.038,1.594c0.5,0.5,1.002,0.808,1.594,1.038 c0.572,0.222,1.227,0.375,2.185,0.418C9.249,20.99,9.556,21,12,21s2.751-0.01,3.711-0.054c0.958-0.044,1.612-0.196,2.185-0.418 c0.592-0.23,1.094-0.538,1.594-1.038c0.5-0.5,0.808-1.002,1.038-1.594c0.222-0.572,0.375-1.227,0.418-2.185 C20.99,14.751,21,14.444,21,12s-0.01-2.751-0.054-3.711c-0.044-0.958-0.196-1.612-0.418-2.185c-0.23-0.592-0.538-1.094-1.038-1.594 c-0.5-0.5-1.002-0.808-1.594-1.038c-0.572-0.222-1.227-0.375-2.185-0.418C14.751,3.01,14.444,3,12,3L12,3z M12,7.378 c-2.552,0-4.622,2.069-4.622,4.622S9.448,16.622,12,16.622s4.622-2.069,4.622-4.622S14.552,7.378,12,7.378z M12,15 c-1.657,0-3-1.343-3-3s1.343-3,3-3s3,1.343,3,3S13.657,15,12,15z M16.804,6.116c-0.596,0-1.08,0.484-1.08,1.08 s0.484,1.08,1.08,1.08c0.596,0,1.08-0.484,1.08-1.08S17.401,6.116,16.804,6.116z\"><\/path><\/svg><span class=\"wp-block-social-link-label screen-reader-text\">Instagram<\/span><\/a><\/li>\n\n<li class=\"wp-social-link wp-social-link-linkedin  wp-block-social-link\"><a href=\"https:\/\/www.linkedin.com\/company\/swiss-diplomacy-student-association-sdsa-lausanne\/posts\/?feedView=all\" class=\"wp-block-social-link-anchor\"><svg width=\"24\" height=\"24\" viewBox=\"0 0 24 24\" version=\"1.1\" xmlns=\"http:\/\/www.w3.org\/2000\/svg\" aria-hidden=\"true\" focusable=\"false\"><path d=\"M19.7,3H4.3C3.582,3,3,3.582,3,4.3v15.4C3,20.418,3.582,21,4.3,21h15.4c0.718,0,1.3-0.582,1.3-1.3V4.3 C21,3.582,20.418,3,19.7,3z M8.339,18.338H5.667v-8.59h2.672V18.338z M7.004,8.574c-0.857,0-1.549-0.694-1.549-1.548 c0-0.855,0.691-1.548,1.549-1.548c0.854,0,1.547,0.694,1.547,1.548C8.551,7.881,7.858,8.574,7.004,8.574z M18.339,18.338h-2.669 v-4.177c0-0.996-0.017-2.278-1.387-2.278c-1.389,0-1.601,1.086-1.601,2.206v4.249h-2.667v-8.59h2.559v1.174h0.037 c0.356-0.675,1.227-1.387,2.526-1.387c2.703,0,3.203,1.779,3.203,4.092V18.338z\"><\/path><\/svg><span class=\"wp-block-social-link-label screen-reader-text\">LinkedIn<\/span><\/a><\/li><\/ul>\n<\/div>\n<\/div>\n\n\n\n<p><\/p>\n","protected":false},"excerpt":{"rendered":"<p>Bienvenue sur le site de la SDSA Lausanne!<\/p>\n","protected":false},"author":1001335,"featured_media":1083,"parent":0,"menu_order":0,"comment_status":"closed","ping_status":"closed","template":"template-full-width-cover.php","meta":{"_seopress_robots_primary_cat":"","_seopress_titles_title":"","_seopress_titles_desc":"","_seopress_robots_index":"","footnotes":""},"class_list":["post-7","page","type-page","status-publish","has-post-thumbnail"],"_links":{"self":[{"href":"https:\/\/www.asso-unil.ch\/sdsa-lausanne\/wp-json\/wp\/v2\/pages\/7","targetHints":{"allow":["GET"]}}],"collection":[{"href":"https:\/\/www.asso-unil.ch\/sdsa-lausanne\/wp-json\/wp\/v2\/pages"}],"about":[{"href":"https:\/\/www.asso-unil.ch\/sdsa-lausanne\/wp-json\/wp\/v2\/types\/page"}],"author":[{"embeddable":true,"href":"https:\/\/www.asso-unil.ch\/sdsa-lausanne\/wp-json\/wp\/v2\/users\/1001335"}],"replies":[{"embeddable":true,"href":"https:\/\/www.asso-unil.ch\/sdsa-lausanne\/wp-json\/wp\/v2\/comments?post=7"}],"version-history":[{"count":5,"href":"https:\/\/www.asso-unil.ch\/sdsa-lausanne\/wp-json\/wp\/v2\/pages\/7\/revisions"}],"predecessor-version":[{"id":1118,"href":"https:\/\/www.asso-unil.ch\/sdsa-lausanne\/wp-json\/wp\/v2\/pages\/7\/revisions\/1118"}],"wp:featuredmedia":[{"embeddable":true,"href":"https:\/\/www.asso-unil.ch\/sdsa-lausanne\/wp-json\/wp\/v2\/media\/1083"}],"wp:attachment":[{"href":"https:\/\/www.asso-unil.ch\/sdsa-lausanne\/wp-json\/wp\/v2\/media?parent=7"}],"curies":[{"name":"wp","href":"https:\/\/api.w.org\/{rel}","templated":true}]}}