{"id":515,"date":"2024-03-07T16:49:15","date_gmt":"2024-03-07T15:49:15","guid":{"rendered":"https:\/\/www.asso-unil.ch\/pangea\/?page_id=515"},"modified":"2024-03-20T09:41:18","modified_gmt":"2024-03-20T08:41:18","slug":"comite-2023-2024","status":"publish","type":"page","link":"https:\/\/www.asso-unil.ch\/pangea\/comite-2023-2024\/","title":{"rendered":"Comit\u00e9 2023-2024"},"content":{"rendered":"\n<p>Cette ann\u00e9e le comit\u00e9 se compose de 6 membres : <\/p>\n\n\n\n<p><br><strong>Pr\u00e9sident<\/strong> :<\/p>\n\n\n\n<p><em><mark style=\"background-color:#fff\" class=\"has-inline-color has-medium-gray-color\">Guillaume Gasche  (1\u00e8re ann\u00e9e de Master)<\/mark><\/em><\/p>\n\n\n\n<div class=\"wp-block-media-text is-stacked-on-mobile is-vertically-aligned-top\" style=\"grid-template-columns:49% auto\"><figure class=\"wp-block-media-text__media\"><img alt=\"\" loading=\"lazy\" decoding=\"async\" width=\"300\" height=\"300\" src=\"https:\/\/www.asso-unil.ch\/pangea\/files\/2023\/12\/image-1.png\" alt=\"\" class=\"wp-image-518 size-full\" srcset=\"https:\/\/www.asso-unil.ch\/pangea\/files\/2023\/12\/image-1.png 300w, https:\/\/www.asso-unil.ch\/pangea\/files\/2023\/12\/image-1-150x150.png 150w\" sizes=\"auto, (max-width: 300px) 85vw, 300px\" \/><\/figure><div class=\"wp-block-media-text__content\">\n<p class=\"has-text-align-left\">Guillaume, c\u2019est un grand gaillard qui a les nerfs solides car dans le pass\u00e9, il a fait ses preuves dans des restaurants \u00e9toil\u00e9s et y a crois\u00e9 pas mal de nos conseillers f\u00e9d\u00e9raux.<\/p>\n\n\n\n<p class=\"has-text-align-left\">Aujourd\u2019hui, la g\u00e9ologie est son nouvel objectif et rien ne lui fait peur. La grimpe n\u2019est pour lui qu\u2019une formalit\u00e9. Il a d\u2019ailleurs su prouver que paroi rocheuse et h\u00f4tel abandonn\u00e9, c\u2019est pareil. Plus s\u00e9rieusement, il est aussi tr\u00e8s impliqu\u00e9 dans le renseignement et l\u2019int\u00e9gration de la nouvelle g\u00e9n\u00e9ration de g\u00e9ologues.<\/p>\n<\/div><\/div>\n\n\n\n<p><strong>Secr\u00e9taire :<\/strong><\/p>\n\n\n\n<p><em><mark style=\"background-color:#fff\" class=\"has-inline-color has-medium-gray-color\">Thomas Biselx (3\u00e8me ann\u00e9e de Bachelor)<\/mark><\/em><\/p>\n\n\n<div class=\"wp-block-image is-resized\">\n<figure class=\"alignleft size-full\"><img alt=\"\" loading=\"lazy\" decoding=\"async\" width=\"482\" height=\"362\" src=\"https:\/\/www.asso-unil.ch\/pangea\/files\/2023\/03\/image.png\" alt=\"\" class=\"wp-image-405\" style=\"width:273px;height:auto\" srcset=\"https:\/\/www.asso-unil.ch\/pangea\/files\/2023\/03\/image.png 482w, https:\/\/www.asso-unil.ch\/pangea\/files\/2023\/03\/image-300x225.png 300w\" sizes=\"auto, (max-width: 482px) 85vw, 482px\" \/><\/figure>\n<\/div>\n\n\n<p>Habitant de Sion descendant aussi d\u2019anc\u00eatres Jurassiens, on peut dire que Thomas a trouv\u00e9 le juste milieu en venant \u00e9tudier sur la molasse Lausannoise. En plus des cailloux, il est passionn\u00e9 de botanique et ne craint pas de subir des semestres a 36 cr\u00e9dits pour satisfaire sa soif de savoir. Comme vous l\u2019avez compris c\u2019est un solide (comme le quartz) travailleur, parmi les rares \u00e0 ce faire chasser \u00e0 11h du soir du Geopolis, 1h30 apr\u00e8s la fermeture officielle. En regardant ses affaires de travail, on devine assez facilement son c\u00f4t\u00e9 \u00ab militant politique sur les bords \u00bb. Cependant, aucune prise de t\u00eate avec lui, son calme sans faille lui permet de toujours se retourner sur le ton de l\u2019humour. Son attirance pour la nature et la montagne fait, sans aucun doute, de lui un membre de Pangea r\u00e9ellement actif et passionn\u00e9.<\/p>\n\n\n\n<p><strong>Tr\u00e9soriers : <\/strong><\/p>\n\n\n\n<p><em><em><mark style=\"background-color:#fff\" class=\"has-inline-color has-medium-gray-color\">L\u00e9o Mayoraz (3\u00e8me ann\u00e9e de Bachelor) <\/mark><\/em><\/em><\/p>\n\n\n<div class=\"wp-block-image is-resized\">\n<figure class=\"alignleft size-full\"><img alt=\"\" loading=\"lazy\" decoding=\"async\" width=\"370\" height=\"348\" src=\"https:\/\/www.asso-unil.ch\/pangea\/files\/2023\/03\/image-2.jpeg\" alt=\"\" class=\"wp-image-404\" style=\"width:311px;height:auto\" srcset=\"https:\/\/www.asso-unil.ch\/pangea\/files\/2023\/03\/image-2.jpeg 370w, https:\/\/www.asso-unil.ch\/pangea\/files\/2023\/03\/image-2-300x282.jpeg 300w\" sizes=\"auto, (max-width: 370px) 85vw, 370px\" \/><\/figure>\n<\/div>\n\n\n<p>Comme les plagioclases L\u00e9o poss\u00e8de deux p\u00f4les&nbsp;: le Valais et le Jura. Aujourd\u2019hui domicili\u00e9 sur les calcaires jurassiques de Moutier (rappelons le, ville JURASSIENNE), L\u00e9o poss\u00e8de toutes les qualit\u00e9s du g\u00e9ologue\u2026 toujours partant, toujours motiv\u00e9, une tendance \u00e0 rester de marbre en toutes situations et, bien \u00e9videmment, une petite touche de mauvaise foi (n\u00e9cessaire \u00e0 tout g\u00e9ologue qui se respecte) \u2026 Cependant, derri\u00e8re cette fa\u00e7ade se cache un esprit d\u2019une rare lucidit\u00e9. Il ne fera qu\u2019une bouch\u00e9e d\u2019un exercice sur MATLAB. D\u2019ailleurs, on vient de mettre le doigt sur l\u2019un de ses dadas&nbsp;: la MODELISATION\u2026 C\u2019est donc tout naturellement qu\u2019il d\u00e9cida de faire une pierre deux coups en ralliant deux de ses passions dans ses \u00e9tudes&nbsp;: les cailloux et la mod\u00e9lisation informatique\u2026&nbsp;<\/p>\n\n\n\n<p>Une autre face (cristalline), non des moins importante, de ce personnage est le sport&nbsp;: si vous ne le trouvez pas derri\u00e8re un microscope, ou en qu\u00eate de fossiles, il sera tr\u00e8s probablement entrain de frapper une balle sur un doux tapis de sable silicat\u00e9, ou de s\u2019entrainer sur des tatamis&#8230;<\/p>\n\n\n\n<p><em><mark style=\"background-color:#fff\" class=\"has-inline-color has-medium-gray-color\">Florian Decrooq (3\u00e8me ann\u00e9e de Bachelor) <\/mark><\/em><\/p>\n\n\n<div class=\"wp-block-image is-resized\">\n<figure class=\"alignleft size-full\"><img alt=\"\" loading=\"lazy\" decoding=\"async\" width=\"496\" height=\"632\" src=\"https:\/\/www.asso-unil.ch\/pangea\/files\/2023\/03\/image-3.jpeg\" alt=\"\" class=\"wp-image-407\" style=\"width:256px;height:auto\" srcset=\"https:\/\/www.asso-unil.ch\/pangea\/files\/2023\/03\/image-3.jpeg 496w, https:\/\/www.asso-unil.ch\/pangea\/files\/2023\/03\/image-3-235x300.jpeg 235w\" sizes=\"auto, (max-width: 496px) 85vw, 496px\" \/><\/figure>\n<\/div>\n\n\n<p class=\"has-text-align-left\">Hardi cocolet&nbsp;!&nbsp;\u00bb Respirant la bonne humeur, ce tr\u00e8s cher Florien nous vient tout droit du petit patelin de Gryon dans les Pr\u00e9alpes vaudoises. Passionn\u00e9 de plan\u00e9tologie, c\u2019est tout naturellement qu\u2019il choisit d\u2019allier sa mauvaise foi et sa lubie des roches pour se tourner vers la g\u00e9ologie, en vue de poursuivre des \u00e9tudes en g\u00e9ophysique \u00e0 l\u2019ETH&nbsp;!&nbsp;<\/p>\n\n\n\n<p>Outre son aptitude hors norme \u00e0 \u00e9roder les affleurements, dans l\u2019optique de d\u00e9nicher de belles ammonites, il excelle \u00e9galement dans \u00ab&nbsp;l\u2019art de tout faire diff\u00e9remment&nbsp;\u00bb, poursuivant ainsi son inlassable qu\u00eate du Graal \u2026 euhhh \u2026 d\u2019originalit\u00e9.&nbsp;<\/p>\n\n\n\n<p>Quand l\u2019hiver s\u2019abat sur les \u00e9l\u00e9gantes montagnes villardoues, son marteau au coin du feu, il troque ses fid\u00e8les Scarpa pour chausser lattes et b\u00e2tons, afin de d\u00e9valer les pentes de l\u2019Ultra helv\u00e9tique. Dot\u00e9 d\u2019une technique aussi parfaite qu\u2019un clivage de Biotite, il est membre \u00e0 part enti\u00e8re de l\u2019\u00e9cole de ski de Villars-sur-Ollon, au sein duquel il prodigue des cours qualitatives dans l\u2019art de la glisse. Une fois l\u2019or blanc disparu, entre deux codes MATLAB, celui qu\u2019on surnomme le Tiger Woods de la g\u00e9ologie, s\u2019adonne au martelage non pas de cailloux (du moins pas uniquement), mais bel et bien \u00e0 celui de balles de golf, qu\u2019il propulse lestement dans l\u2019air pur villardou&#8230; le tout avec vue sur le Mont-Blanc.&nbsp;<\/p>\n\n\n\n<p>Culinairement parlant, le \u00ab&nbsp;Florienantiveganivore&nbsp;\u00bb, aussi connu sous le nom de \u00ab&nbsp;Carnidecroocqnivore&nbsp;\u00bb voue un v\u00e9ritable culte \u00e0 la bonne chair, comme en t\u00e9moigne l\u2019une de ses citations favorites : \u00ab&nbsp;le gras c\u2019est la vie&nbsp;\u00bb.<\/p>\n\n\n\n<p><strong>Charg\u00e9 de communication des r\u00e9seaux sociaux :  <\/strong><\/p>\n\n\n\n<p><em><mark style=\"background-color:#fff\" class=\"has-inline-color has-medium-gray-color\">Luca Peruzzi (2\u00e8me ann\u00e9e de Bachelor)<\/mark><\/em><\/p>\n\n\n<div class=\"wp-block-image\">\n<figure class=\"alignleft size-full is-resized\"><img alt=\"\" loading=\"lazy\" decoding=\"async\" width=\"768\" height=\"1024\" src=\"https:\/\/www.asso-unil.ch\/pangea\/files\/2023\/12\/image-2.png\" alt=\"\" class=\"wp-image-523\" style=\"width:227px;height:auto\" srcset=\"https:\/\/www.asso-unil.ch\/pangea\/files\/2023\/12\/image-2.png 768w, https:\/\/www.asso-unil.ch\/pangea\/files\/2023\/12\/image-2-225x300.png 225w\" sizes=\"auto, (max-width: 768px) 85vw, 768px\" \/><\/figure>\n<\/div>\n\n\n<p>Moi, si je devais r\u00e9sumer ma vie, aujourd\u2019hui avec vous, je dirais que c\u2019est d\u00b4abord des rencontres, des gens qui m\u2019ont tendu la main peut-\u00eatre \u00e0 un moment o\u00f9 je ne pouvais pas, o\u00f9 j\u2019\u00e9tais seul chez moi. Et c\u2019est assez curieux de se dire que les hasards, les rencontres forgent une destin\u00e9e. Parce que quand on a le go\u00fbt de la chose, quand on a le go\u00fbt de la chose bien faite, le beau geste, parfois on ne trouve pas l\u2019interlocuteur en face, je dirais le miroir qui vous aide \u00e0 avancer.<br>Alors ce n\u2019est pas mon cas, comme je disais l\u00e0, puisque moi au contraire j\u2019ai pu, et je dis merci \u00e0 la vie, je lui dis merci, je chante la vie, je danse la vie, je ne suis qu\u2019amour. Et finalement quand beaucoup de gens aujourd\u2019hui me disent : \u00ab Mais comment fais-tu pour avoir cette humanit\u00e9 ? \u00bb eh bien je leur r\u00e9ponds tr\u00e8s simplement, je leur dis : \u00ab C\u2019est ce go\u00fbt de l\u00b4amour \u00bb, ce go\u00fbt donc, qui m\u2019a pouss\u00e9 aujourd\u2019hui \u00e0 entreprendre une construction m\u00e9canique, mais demain qui sait ? Peut-\u00eatre simplement \u00e0 me mettre au service de la communaut\u00e9, \u00e0 faire le don, le don de soi. <\/p>\n\n\n\n<p><strong>Membre \u00e9tudiant :<\/strong><\/p>\n\n\n\n<p><em><mark style=\"background-color:#fff\" class=\"has-inline-color has-medium-gray-color\">Felipe Santos Antunes (3\u00e8me ann\u00e9es Bachelor) <\/mark><\/em><\/p>\n\n\n<div class=\"wp-block-image\">\n<figure class=\"alignleft size-full is-resized\"><img alt=\"\" loading=\"lazy\" decoding=\"async\" width=\"468\" height=\"809\" src=\"https:\/\/www.asso-unil.ch\/pangea\/files\/2024\/03\/image.png\" alt=\"\" class=\"wp-image-563\" style=\"width:251px;height:auto\" srcset=\"https:\/\/www.asso-unil.ch\/pangea\/files\/2024\/03\/image.png 468w, https:\/\/www.asso-unil.ch\/pangea\/files\/2024\/03\/image-174x300.png 174w\" sizes=\"auto, (max-width: 468px) 85vw, 468px\" \/><\/figure>\n<\/div>\n\n\n<p>Mais qui est Filipe ? C\u2019est une question que lui-m\u00eame aurait du mal \u00e0 r\u00e9pondre. Mais sachez une chose, ce Lausannois \u00e0 l\u2019agenda de ministre, fameux cr\u00e9ateur du jeu cailloux ou pas cailloux, sera toujours pr\u00eat \u00e0 d\u00e9fendre sa th\u00e9orie selon laquelle les roches, en r\u00e9alit\u00e9, sont des extraterrestres d\u00e9guis\u00e9s en pierres qui attendent patiemment que les g\u00e9ologues d\u00e9couvrent leur plan de conqu\u00eate\u2026 ou peut-\u00eatre a-t-il simplement trop pass\u00e9 de temps \u00e0 parler aux cailloux.<br>Sa curiosit\u00e9 l\u00e9gendaire l\u2019a conduit vers un parcours professionnel vari\u00e9, pour finalement mettre pied \u00e0 terre dans le domaine de la g\u00e9ologie. Toutefois, avec la t\u00eate dans les \u00e9toiles, il se peut que vous le croisiez un jour en train d&rsquo;organiser des exp\u00e9ditions pour explorer des formations rocheuses sur des plan\u00e8tes lointaines, ou tout simplement endormi sur les canap\u00e9s des salles du G\u00e9opolis, bavant .. le marteau \u00e0 la main.<\/p>\n\n\n\n<p><\/p>\n\n\n\n<p><\/p>\n\n\n\n<p><\/p>\n\n\n\n<p><\/p>\n\n\n\n<p><\/p>\n","protected":false},"excerpt":{"rendered":"<p>Cette ann\u00e9e le comit\u00e9 se compose de 6 membres : Pr\u00e9sident : Guillaume Gasche (1\u00e8re ann\u00e9e de Master) Guillaume, c\u2019est un grand gaillard qui a les nerfs solides car dans le pass\u00e9, il a fait ses preuves dans des restaurants \u00e9toil\u00e9s et y a crois\u00e9 pas mal de nos conseillers f\u00e9d\u00e9raux. Aujourd\u2019hui, la g\u00e9ologie est &hellip; <a href=\"https:\/\/www.asso-unil.ch\/pangea\/comite-2023-2024\/\" class=\"more-link\">Continuer la lecture<span class=\"screen-reader-text\"> de &laquo;&nbsp;Comit\u00e9 2023-2024&nbsp;&raquo;<\/span><\/a><\/p>\n","protected":false},"author":1001295,"featured_media":0,"parent":0,"menu_order":0,"comment_status":"closed","ping_status":"closed","template":"","meta":{"_seopress_robots_primary_cat":"","_seopress_titles_title":"","_seopress_titles_desc":"","_seopress_robots_index":"","footnotes":""},"class_list":["post-515","page","type-page","status-publish"],"_links":{"self":[{"href":"https:\/\/www.asso-unil.ch\/pangea\/wp-json\/wp\/v2\/pages\/515","targetHints":{"allow":["GET"]}}],"collection":[{"href":"https:\/\/www.asso-unil.ch\/pangea\/wp-json\/wp\/v2\/pages"}],"about":[{"href":"https:\/\/www.asso-unil.ch\/pangea\/wp-json\/wp\/v2\/types\/page"}],"author":[{"embeddable":true,"href":"https:\/\/www.asso-unil.ch\/pangea\/wp-json\/wp\/v2\/users\/1001295"}],"replies":[{"embeddable":true,"href":"https:\/\/www.asso-unil.ch\/pangea\/wp-json\/wp\/v2\/comments?post=515"}],"version-history":[{"count":0,"href":"https:\/\/www.asso-unil.ch\/pangea\/wp-json\/wp\/v2\/pages\/515\/revisions"}],"wp:attachment":[{"href":"https:\/\/www.asso-unil.ch\/pangea\/wp-json\/wp\/v2\/media?parent=515"}],"curies":[{"name":"wp","href":"https:\/\/api.w.org\/{rel}","templated":true}]}}