{"id":28,"date":"2017-02-16T18:13:25","date_gmt":"2017-02-16T17:13:25","guid":{"rendered":"http:\/\/www.asso-unil.ch\/pangea\/?page_id=28"},"modified":"2023-07-21T15:14:07","modified_gmt":"2023-07-21T13:14:07","slug":"le-comite","status":"publish","type":"page","link":"https:\/\/www.asso-unil.ch\/pangea\/presentation\/le-comite\/","title":{"rendered":"Le Comit\u00e9 2019-2020"},"content":{"rendered":"<p>Cette ann\u00e9e, le comit\u00e9 actif se compose de 11 membres :<\/p>\n<h3><strong>Pr\u00e9sident :<\/strong><\/h3>\n<figure id=\"attachment_234\" aria-describedby=\"caption-attachment-234\" style=\"width: 291px\" class=\"wp-caption alignleft\"><a href=\"https:\/\/www.asso-unil.ch\/pangea\/files\/2019\/11\/Mikito.png\"><img alt=\"\" loading=\"lazy\" decoding=\"async\" class=\"wp-image-234 size-medium\" src=\"https:\/\/www.asso-unil.ch\/pangea\/files\/2019\/11\/Mikito-291x300.png\" alt=\"\" width=\"291\" height=\"300\" srcset=\"https:\/\/www.asso-unil.ch\/pangea\/files\/2019\/11\/Mikito-291x300.png 291w, https:\/\/www.asso-unil.ch\/pangea\/files\/2019\/11\/Mikito.png 407w\" sizes=\"auto, (max-width: 291px) 85vw, 291px\" \/><\/a><figcaption id=\"caption-attachment-234\" class=\"wp-caption-text\">Micka\u00ebl Delgado (1\u00e8re ann\u00e9e de master)<\/figcaption><\/figure>\n<p>Micka\u00ebl (aka Mikito, aka Miki-t\u2019inqui\u00e8te, aka Good Guy) nous vient tout droit de la m\u00e8re patrie : Le Valais. Tout d\u2019abord attir\u00e9 par des \u00e9tudes de chimie \u00e0 l\u2019EPFL, son chemin l\u2019a men\u00e9 dans les bras de la g\u00e9ologie o\u00f9 il s\u2019\u00e9panouit \u00e0 coups de masse et de lames minces. \u00c0 tel point qu\u2019il poss\u00e8de d\u00e9sormais son Bachelor et qu\u2019il entame maintenant un Master de p\u00e9trologie lui permettant d\u2019aller mettre les pieds en Nouvelle-Z\u00e9lande (c\u2019est pas beau \u00e7a ?!). Au cours de ses aventures innombrables, qu\u2019elles soient g\u00e9ologiques ou durant ses moultes road-trips, Mikito a toujours su apprendre de ses exp\u00e9riences pour en faire ce qu\u2019il est aujourd\u2019hui : un type fiable, \u00e0 l\u2019\u00e9coute et surtout toujours pr\u00eat \u00e0 aider. \u00ab<em> T\u2019inqui\u00e8te<\/em> \u00bb \u00e9tant sa devise la plus c\u00e9l\u00e8bre, il poss\u00e8de la solution \u00e0 tout probl\u00e8me. La l\u00e9gende raconterait m\u00eame qu\u2019\u00e0 la suite d\u2019une soir\u00e9e un peu arros\u00e9e il soit devenu le p\u00e8re de Chuck Norris et de Mac Gyver (Si si, c\u2019est vrai). La preuve en est que Micka\u00ebl est maintenant le pr\u00e9sident de cette merveilleuse association qu\u2019est PANGEA ; r\u00f4le qu\u2019il exerce calmement, avec brio, en montrant de l\u2019engagement et une volont\u00e9 d\u2019exploiter le meilleur de chacun des membres du comit\u00e9.<\/p>\n<p><strong>Son plus grand secret\u00a0:<\/strong> Il aime le papet vaudois.<\/p>\n<hr \/>\n<h3>Vice-Pr\u00e9sident :<\/h3>\n<figure id=\"attachment_226\" aria-describedby=\"caption-attachment-226\" style=\"width: 249px\" class=\"wp-caption alignleft\"><img alt=\"\" loading=\"lazy\" decoding=\"async\" class=\"wp-image-226 size-medium\" src=\"https:\/\/www.asso-unil.ch\/pangea\/files\/2019\/11\/Benoit-249x300.png\" alt=\"\" width=\"249\" height=\"300\" srcset=\"https:\/\/www.asso-unil.ch\/pangea\/files\/2019\/11\/Benoit-249x300.png 249w, https:\/\/www.asso-unil.ch\/pangea\/files\/2019\/11\/Benoit.png 407w\" sizes=\"auto, (max-width: 249px) 85vw, 249px\" \/><figcaption id=\"caption-attachment-226\" class=\"wp-caption-text\">Benoit Perrinjaquet (3\u00e8me ann\u00e9e Bachelor)<\/figcaption><\/figure>\n<p>Grand, barbu, et g\u00e9ologue, ce sont l\u00e0 ses caract\u00e9ristiques principales\u00a0! Si vous avez un doute, alors essayez de voir s\u2019il ne porte pas une caisse remplie de bi\u00e8res, c\u2019est un crit\u00e8re d\u00e9terminant. Car en effet, mis \u00e0 part les cailloux qui sont sa premi\u00e8re passion (comme tout g\u00e9ologue qui se respecte), sa seconde est la boisson. In\u00e9gal\u00e9 en la mati\u00e8re, Beno\u00eet a plus d\u2019une fois su honorer sa commune d\u2019origine, le Val-de-Travers\u00a0!<\/p>\n<p>Maintenant en troisi\u00e8me ann\u00e9e de g\u00e9ologie, et vice-pr\u00e9sident de Pangea, Beno\u00eet est un membre actif, plein de bonne volont\u00e9 et motiv\u00e9. De plus, il est toujours l\u00e0 pour mettre une bonne ambiance, \u00e0 l\u2019aide d\u2019une (ou plusieurs) petite(s) blague(s) ou d\u2019une bonne vieille anecdote de camp de terrain\u2026 Si vous voulez en savoir plus, rendez-vous un jeudi soir \u00e0 Z\u00e9lig, il sera s\u00fbrement dans le coin, une bi\u00e8re \u00e0 la main !<\/p>\n<p><strong>Point fort\u00a0:<\/strong> Manie mieux le marteau de g\u00e9ologue que l\u2019orthographe<\/p>\n<hr \/>\n<h3>Secr\u00e9taire :<\/h3>\n<figure id=\"attachment_239\" aria-describedby=\"caption-attachment-239\" style=\"width: 300px\" class=\"wp-caption alignleft\"><img alt=\"\" loading=\"lazy\" decoding=\"async\" class=\"wp-image-239 size-medium\" src=\"https:\/\/www.asso-unil.ch\/pangea\/files\/2019\/11\/Lorenzo-300x300.png\" alt=\"\" width=\"300\" height=\"300\" srcset=\"https:\/\/www.asso-unil.ch\/pangea\/files\/2019\/11\/Lorenzo-300x300.png 300w, https:\/\/www.asso-unil.ch\/pangea\/files\/2019\/11\/Lorenzo-150x150.png 150w, https:\/\/www.asso-unil.ch\/pangea\/files\/2019\/11\/Lorenzo-768x766.png 768w, https:\/\/www.asso-unil.ch\/pangea\/files\/2019\/11\/Lorenzo.png 822w\" sizes=\"auto, (max-width: 300px) 85vw, 300px\" \/><figcaption id=\"caption-attachment-239\" class=\"wp-caption-text\">Lorenzo Cellino (3\u00e8me ann\u00e9e Bachelor)<\/figcaption><\/figure>\n<p>Lorenzo est Valaisan (personne n\u2019est parfait). Gr\u00e2ce \u00e0 l\u2019impact italophone dans son sang, il arrive \u00e0 compenser cette mauvaise condition de base et montre le fameux charme du sud envers les filles.<\/p>\n<p>Il est connu pour ses parodies tr\u00e8s r\u00e9ussies de profs et <em>(surtout)<\/em> assistants.<\/p>\n<p>Mais qu\u2019est ce qu\u2019il est t\u00eate en l&rsquo;air\u2026 On partant d\u2019un affleurement on s\u2019est habitu\u00e9 \u00e0 entendre la phrase :<br \/>\n&#8211; <em>Ho les gars, qui c&rsquo;est qui a oubli\u00e9 son sac ?<\/em><br \/>\nPuis la r\u00e9ponse de Lorenzo :<br \/>\n&#8211;\u00a0<em> Ah, mer**\u00a0<\/em><\/p>\n<hr \/>\n<h3>Caissier :<\/h3>\n<figure id=\"attachment_235\" aria-describedby=\"caption-attachment-235\" style=\"width: 300px\" class=\"wp-caption alignleft\"><img alt=\"\" loading=\"lazy\" decoding=\"async\" class=\"wp-image-235 size-medium\" src=\"https:\/\/www.asso-unil.ch\/pangea\/files\/2019\/11\/Rapha\u00ebl-300x244.png\" alt=\"\" width=\"300\" height=\"244\" srcset=\"https:\/\/www.asso-unil.ch\/pangea\/files\/2019\/11\/Rapha\u00ebl-300x244.png 300w, https:\/\/www.asso-unil.ch\/pangea\/files\/2019\/11\/Rapha\u00ebl.png 517w\" sizes=\"auto, (max-width: 300px) 85vw, 300px\" \/><figcaption id=\"caption-attachment-235\" class=\"wp-caption-text\">Rapha\u00ebl Bocherens (3\u00e8me ann\u00e9e Bachelor)<\/figcaption><\/figure>\n<p>A premi\u00e8re vue, il est l\u2019arch\u00e9type du Suisse-allemand : ne rate jamais un cours, n\u2019est jamais en retard, est Sergent \u00e0 l\u2019arm\u00e9e, mange des r\u00f6sti matin-midi-soir, \u00e0 une \u00e9nonciation qui ferait p\u00e2lir m\u00eame le Colonel In\u00e4bnit\u2026 Bref, ne soyez pas \u00e9tonn\u00e9s qu\u2019il soit notre seul et unique choix comme caissier de Pangea ! Cependant, apprenez \u00e0 le conna\u00eetre et vous remarquerez qu\u2019il souffre de s\u00e9v\u00e8res contaminations vaudoises (et un peu valaisannes non ?), mises en \u00e9vidence par son amour pour bien taper dans le vin blanc et sa capacit\u00e9 de changer rapidement de couleur lorsque cet amour br\u00fble un peu fort\u2026 Et faites bien attention \u00e0 lui car ici, comme il dit:\u00ab C\u2019est diff\u00e9remment ! \u00bb.<\/p>\n<hr \/>\n<hr \/>\n<p>&nbsp;<\/p>\n<ul>\n<li>\n<h3>Membres \u00e9tudiant(e)s\u00a0:<\/h3>\n<\/li>\n<\/ul>\n<figure id=\"attachment_227\" aria-describedby=\"caption-attachment-227\" style=\"width: 213px\" class=\"wp-caption alignleft\"><img alt=\"\" loading=\"lazy\" decoding=\"async\" class=\"wp-image-227 \" src=\"https:\/\/www.asso-unil.ch\/pangea\/files\/2019\/11\/Damien-225x300.png\" alt=\"\" width=\"213\" height=\"284\" srcset=\"https:\/\/www.asso-unil.ch\/pangea\/files\/2019\/11\/Damien-225x300.png 225w, https:\/\/www.asso-unil.ch\/pangea\/files\/2019\/11\/Damien.png 466w\" sizes=\"auto, (max-width: 213px) 85vw, 213px\" \/><figcaption id=\"caption-attachment-227\" class=\"wp-caption-text\">Damien Teuscher (3i\u00e8me ann\u00e9e bachelor)<\/figcaption><\/figure>\n<div class=\"mceTemp\">Ce tr\u00e8s ch\u00e8re Damien cultive la discr\u00e9tion, mais ceci est un leurre, afin de pouvoir mieux attaquer ces petits camarades de classe, \u00e0 coup d\u2019olive, de levage de banane et de farce salasse. En parlant de farce, ce fin gourmet ravira vos papilles avec des mets aussi vari\u00e9s que divers. Aussi comme tout bon vivant, il aime tailler une bavette autour d\u2019un verre.<\/div>\n<p>Cailloutologue en devenir, il aspire \u00e0 la gemmologie et les secrets que renferment les pierres pr\u00e9cieuses.<\/p>\n<p>Membre du p\u00f4le cave au sein de PANGEA, il saura trouver le bon nectar pour vos papilles, dans sa r\u00e9gion d\u2019origine (Morges).<\/p>\n<p>&nbsp;<\/p>\n<p><strong>Plus int\u00e9ress\u00e9 sur le Damien ?<\/strong>\u00a0:<\/p>\n<ul>\n<li>Hauteur 1 m 80, pareil allong\u00e9<\/li>\n<li>+ 0,6 myopie \u00e0 l\u2019\u0153il droit<\/li>\n<li>Tablette de chocolat l\u2019\u00e9t\u00e9, un abdal l\u2019hiver<\/li>\n<li>Poils de couleur ch\u00e2tain clair<\/li>\n<li>Fait ses besoins aussi bien dedans que dehors<\/li>\n<li>Capacit\u00e9 \u00e0 se d\u00e9placer sur deux roues<\/li>\n<li>Vaccin\u00e9 et vermifug\u00e9<\/li>\n<li>N\u2019aime pas le persil<\/li>\n<\/ul>\n<hr \/>\n<figure id=\"attachment_233\" aria-describedby=\"caption-attachment-233\" style=\"width: 275px\" class=\"wp-caption alignleft\"><img alt=\"\" loading=\"lazy\" decoding=\"async\" class=\"wp-image-233 size-medium\" src=\"https:\/\/www.asso-unil.ch\/pangea\/files\/2019\/11\/Maxime-275x300.png\" alt=\"\" width=\"275\" height=\"300\" srcset=\"https:\/\/www.asso-unil.ch\/pangea\/files\/2019\/11\/Maxime-275x300.png 275w, https:\/\/www.asso-unil.ch\/pangea\/files\/2019\/11\/Maxime.png 407w\" sizes=\"auto, (max-width: 275px) 85vw, 275px\" \/><figcaption id=\"caption-attachment-233\" class=\"wp-caption-text\">Maxime Siegenthaler (1\u00e8re Master)<\/figcaption><\/figure>\n<p>Maxime, ah Maxime ! Venu tout droit d&rsquo;une commune limitrophe \u00e0 l&rsquo;UNIL, c&rsquo;est en 2016 que ce bon petit suisse s&rsquo;essaya aux g\u00e9osciences au sein de notre ch\u00e8re facult\u00e9.<\/p>\n<p>Directement apr\u00e8s sa premi\u00e8re ann\u00e9e, il se d\u00e9cide enfin \u00e0 rejoindre la vie associative. Du haut de son statut de graphiste en chef chez PANGEA, c&rsquo;est donc depuis octobre 2016 qu&rsquo;il a su vous faire voyager \u00e0 l&rsquo;aide de ses affiches riches en couleurs. Oui oui, maniant Illustrator comme personne, vous avez sans doute d\u00e9j\u00e0 vu passer les quelques canevas restants par-ci et par-l\u00e0.<\/p>\n<p>En plein dans sa 24i\u00e8me ann\u00e9e, notre roux national est pourvu de nombreuses qualit\u00e9s. G\u00e9n\u00e9reux et responsable, il sera toujours pr\u00e9sent pour vous aider quoiqu&rsquo;il arrive (surtout d\u00e8s qu&rsquo;il s&rsquo;agit de finir urgemment des bi\u00e8res). F\u00e9ru de ski, vous le croiserez sans doute au plus fort de la saison muni d&rsquo;un bronzage bien caract\u00e9ristique le faisant ressembler \u00e0 Meeko (si tu n\u2019as pas la r\u00e9f\u00e9rence, c&rsquo;est que tu es trop jeune).<\/p>\n<p><strong>Son plus grand secret :<\/strong> Il n&rsquo;assume pas vraiment avoir quitt\u00e9 la pure g\u00e9ologie pour un master en biog\u00e9osciences ; il r\u00eave aussi d&rsquo;une paire de skis enfin incassable !<\/p>\n<hr \/>\n<figure id=\"attachment_231\" aria-describedby=\"caption-attachment-231\" style=\"width: 225px\" class=\"wp-caption alignleft\"><img alt=\"\" loading=\"lazy\" decoding=\"async\" class=\"wp-image-231 size-medium\" src=\"https:\/\/www.asso-unil.ch\/pangea\/files\/2019\/11\/Marc-225x300.png\" alt=\"\" width=\"225\" height=\"300\" srcset=\"https:\/\/www.asso-unil.ch\/pangea\/files\/2019\/11\/Marc-225x300.png 225w, https:\/\/www.asso-unil.ch\/pangea\/files\/2019\/11\/Marc.png 471w\" sizes=\"auto, (max-width: 225px) 85vw, 225px\" \/><figcaption id=\"caption-attachment-231\" class=\"wp-caption-text\">Marc Aguet (3e Bachelor)<\/figcaption><\/figure>\n<p>Le \u00ab petit \u00bb tessinois, toujours disponible et d\u00e9termin\u00e9, il a toujours bien aim\u00e9 la compagnie des g\u00e9ologues et pour \u00e7a il a choisi d\u2019amener la chaleur du Sud (pour la pr\u00e9cision depuis Mendrisio) au sein de PANGEA.<\/p>\n<p>Scientifique de l\u2019environnement (le premier dans l\u2019histoire de l\u2019association !!!), il a toujours eu un esprit de g\u00e9ologue cach\u00e9 au fond de son c\u0153ur: ses ap\u00e9ros sont strictement interdits \u00e0 qui ont des probl\u00e8mes cardiaques.<\/p>\n<p>En effet par sa passion pour le nectar des dieux, ce jeune gar\u00e7on s\u2019occupe soigneusement des vins tessinois comme s&rsquo;ils \u00e9taient ses enfants, tout dans la rigueur de son r\u00f4le de caviste.<\/p>\n<p>Ce membre de Pangea se distingue pour un les tricks au beer-pong (point fort) et son amour pour Matlab (point s\u00e9rieusement trop faible), qui r\u00e9sume bien sa mentalit\u00e9 \u00ab l<em>es tessinois, toujours rigoler, jamais travailler !<\/em> \u00bb.<\/p>\n<hr \/>\n<figure id=\"attachment_225\" aria-describedby=\"caption-attachment-225\" style=\"width: 225px\" class=\"wp-caption alignleft\"><img alt=\"\" loading=\"lazy\" decoding=\"async\" class=\"wp-image-225 size-medium\" src=\"https:\/\/www.asso-unil.ch\/pangea\/files\/2019\/11\/Andrea-225x300.png\" alt=\"\" width=\"225\" height=\"300\" srcset=\"https:\/\/www.asso-unil.ch\/pangea\/files\/2019\/11\/Andrea-225x300.png 225w, https:\/\/www.asso-unil.ch\/pangea\/files\/2019\/11\/Andrea.png 417w\" sizes=\"auto, (max-width: 225px) 85vw, 225px\" \/><figcaption id=\"caption-attachment-225\" class=\"wp-caption-text\">Andrea Vescovi (3e Bachelor)<\/figcaption><\/figure>\n<p>Andy, notre tessinois au grand coeur, au foie malmen\u00e9 et aux poumons entra\u00een\u00e9s \u00e0 qui les soir\u00e9es n&rsquo;ont plus de secret. Une taille vertigineuse qui n&rsquo;a d&rsquo;\u00e9gale que sa descente de bi\u00e8res \u00ab <em>spectacoulaire<\/em> \u00bb. Une personne qui n&rsquo;a pas peur de passer du temps sur des travaux longs et difficiles, surtout s&rsquo;il y a un ap\u00e9ro \u00e0 la clef. Un \u00e9tudiant en troisi\u00e8me ann\u00e9e de bachelor en g\u00e9ologie \u00e0 l&rsquo;universit\u00e9 de Lausanne avec un petit penchant pour LA risque qu&rsquo;il appr\u00e9cie.<\/p>\n<p>Caviste \u00e0 ses heures perdues et sympathique \u00e0 tout moment, il a toujours souci de rendre service et d&rsquo;aider PANGEA, il se propose pour le bien de tous et trouve en lui les ressources n\u00e9cessaires afin de liquider les exc\u00e9dents du workshope \u00e0 la cave.<\/p>\n<hr \/>\n<figure id=\"attachment_230\" aria-describedby=\"caption-attachment-230\" style=\"width: 300px\" class=\"wp-caption alignleft\"><img alt=\"\" loading=\"lazy\" decoding=\"async\" class=\"wp-image-230 size-medium\" src=\"https:\/\/www.asso-unil.ch\/pangea\/files\/2019\/11\/Julia-300x250.png\" alt=\"\" width=\"300\" height=\"250\" srcset=\"https:\/\/www.asso-unil.ch\/pangea\/files\/2019\/11\/Julia-300x250.png 300w, https:\/\/www.asso-unil.ch\/pangea\/files\/2019\/11\/Julia.png 503w\" sizes=\"auto, (max-width: 300px) 85vw, 300px\" \/><figcaption id=\"caption-attachment-230\" class=\"wp-caption-text\">Julia Semmler (2e Bachelor)<\/figcaption><\/figure>\n<p>Venue du canton de Z\u00fcrich, elle a commenc\u00e9 son voyage dans les sciences de l\u2019environnement bien plus t\u00f4t qu\u2019elle ne le pensait\u00a0! Avant m\u00eame de commencer ses \u00e9tudes, elle devait d\u00e9j\u00e0 faire un choix\u00a0:<\/p>\n<ul>\n<li>Rester \u00e0 Zurich et parler de Schrattenkalkrrrrrrrh ou encore de Krrraillou.<\/li>\n<li>Ou traverser le plus grand foss\u00e9 de Suisse pour d\u00e9couvrir la beaut\u00e9 de l\u2019Arc l\u00e9manique et son Universit\u00e9.<\/li>\n<\/ul>\n<p>Elle aime les d\u00e9fis, c\u2019est pourquoi elle a choisi de traverser le R\u00f6stigraben. Elle s\u2019y est pr\u00e9par\u00e9e mentalement en s\u00e9parant ses R\u00f6stis dans son assiette, mais rien ne pouvait la pr\u00e9parer pour ce qu\u2019elle allait trouver de l\u2019autre c\u00f4t\u00e9 de ce Graben.<\/p>\n<p>Apr\u00e8s ce parcours, elle ne pouvait que choisir la filiale de G\u00e9ologie. Une premi\u00e8re ann\u00e9e facile l\u2019a amen\u00e9e \u00e0 rejoindre Pangea et prendre le poste d\u2019assistante du tr\u00e9sorier de Pangea.<\/p>\n<p>Lors de la premi\u00e8re soir\u00e9e avec le comit\u00e9, elle s\u2019\u00e9tait rendu compte que le vide lui faisait peur au point de ne plus pouvoir parler. Malgr\u00e9 l\u2019aide du vice-pr\u00e9sident pour combattre ce vide, elle restait comme fig\u00e9e.<\/p>\n<p>Ses nouveaux d\u00e9fis sont la deuxi\u00e8me ann\u00e9e et la peur du vide.<\/p>\n<hr \/>\n<figure id=\"attachment_232\" aria-describedby=\"caption-attachment-232\" style=\"width: 237px\" class=\"wp-caption alignleft\"><img alt=\"\" loading=\"lazy\" decoding=\"async\" class=\"wp-image-232 size-medium\" src=\"https:\/\/www.asso-unil.ch\/pangea\/files\/2019\/11\/Mathilde-237x300.png\" alt=\"\" width=\"237\" height=\"300\" srcset=\"https:\/\/www.asso-unil.ch\/pangea\/files\/2019\/11\/Mathilde-237x300.png 237w, https:\/\/www.asso-unil.ch\/pangea\/files\/2019\/11\/Mathilde.png 407w\" sizes=\"auto, (max-width: 237px) 85vw, 237px\" \/><figcaption id=\"caption-attachment-232\" class=\"wp-caption-text\">Mathilde Joray (2e Bachelor)<\/figcaption><\/figure>\n<p>Toute triste de devoir quitter la Chaux-de-Fonds pour ses \u00e9tudes, Mathilde a au moins trouv\u00e9 une coloc avec d&rsquo;autres Chaux-de-Fonniers. Mais la g\u00e9ologie lui plait bien, tout comme les montagnes qui l&rsquo;int\u00e9ressent aussi pour\u00a0 la grimpe ou la rando de ski. M\u00eame si elle trouve dommage qu&rsquo;il n&rsquo;y ait pas de bureau Pangea, Mathilde augmente le taux faible d&rsquo;individus f\u00e9minins et aide avec le compte Facebook ou la pub ainsi qu&rsquo;\u00e0 vider les bi\u00e8res.<\/p>\n<p>Ce qu&rsquo;il faut savoir \u00e0 propos de Mathilde est o\u00f9 elle a plac\u00e9 son v\u00e9lo parce que \u00e7a peut arriver qu&rsquo;elle n&rsquo;arrive plus \u00e0 le retrouver le soir.<\/p>\n<p>&nbsp;<\/p>\n<hr \/>\n<figure id=\"attachment_244\" aria-describedby=\"caption-attachment-244\" style=\"width: 209px\" class=\"wp-caption alignleft\"><img alt=\"\" loading=\"lazy\" decoding=\"async\" class=\"wp-image-244 size-medium\" src=\"https:\/\/www.asso-unil.ch\/pangea\/files\/2019\/11\/gabriel-209x300.png\" alt=\"\" width=\"209\" height=\"300\" srcset=\"https:\/\/www.asso-unil.ch\/pangea\/files\/2019\/11\/gabriel-209x300.png 209w, https:\/\/www.asso-unil.ch\/pangea\/files\/2019\/11\/gabriel.png 516w\" sizes=\"auto, (max-width: 209px) 85vw, 209px\" \/><figcaption id=\"caption-attachment-244\" class=\"wp-caption-text\">Gabriel Buret (3e Bachelor)<\/figcaption><\/figure>\n<p>Notre cher Gabriel a d\u00e9cid\u00e9 de consacrer sa salive aux pierres et aux cailloux depuis il y a bien trois ans. Cet homme futuriste a d\u00e9velopp\u00e9 une nouvelle vision de notre semaine habituelle : deux jours de travail (lundi et mardi) et un week-end de cinq jours pour se \u00ab reposer l&rsquo;esprit \u00bb.\u00a0 Si vous voulez le contacter, pensez bien \u00e0 prendre en compte ses horaires, sachant aussi que sa pause caf\u00e9 du lundi matin est de 8h00 \u00e0 11h00.\u00a0 Une chose est s\u00fbre : son bureau ne bougera jamais, il restera toujours Zelig.<\/p>\n<p>Malgr\u00e9 sa capacit\u00e9 inn\u00e9e \u00e0 \u00ab\u00a0se d\u00e9tendre\u00a0\u00bb, Gab est un gars tr\u00e8s sportif : bien que sa pr\u00e9f\u00e9rence ne soit pas le Gym, mais le Gin.<\/p>\n<p>Au sein de l\u2019association il s\u2019occupe des m\u00e9dias et de la communication, car avec les langues il est tr\u00e8s fort ! Un homme aux mille ressources, ce gar\u00e7on cache bien des surprises \u00e0 d\u00e9couvrir !<\/p>\n<hr \/>\n<ul>\n<li>V\u00e9rificateurs de comptes\u00a0: Alexis Neven (Doctorant)\u00a0et Maxime Mignot (1<sup>\u00e8re<\/sup> ann\u00e9e Master)<\/li>\n<\/ul>\n","protected":false},"excerpt":{"rendered":"<p>Cette ann\u00e9e, le comit\u00e9 actif se compose de 11 membres : Pr\u00e9sident : Micka\u00ebl (aka Mikito, aka Miki-t\u2019inqui\u00e8te, aka Good Guy) nous vient tout droit de la m\u00e8re patrie : Le Valais. Tout d\u2019abord attir\u00e9 par des \u00e9tudes de chimie \u00e0 l\u2019EPFL, son chemin l\u2019a men\u00e9 dans les bras de la g\u00e9ologie o\u00f9 il s\u2019\u00e9panouit &hellip; <a href=\"https:\/\/www.asso-unil.ch\/pangea\/presentation\/le-comite\/\" class=\"more-link\">Continuer la lecture<span class=\"screen-reader-text\"> de &laquo;&nbsp;Le Comit\u00e9 2019-2020&nbsp;&raquo;<\/span><\/a><\/p>\n","protected":false},"author":1001087,"featured_media":0,"parent":26,"menu_order":3,"comment_status":"closed","ping_status":"closed","template":"","meta":{"_seopress_robots_primary_cat":"","_seopress_titles_title":"","_seopress_titles_desc":"","_seopress_robots_index":"","footnotes":""},"class_list":["post-28","page","type-page","status-publish"],"_links":{"self":[{"href":"https:\/\/www.asso-unil.ch\/pangea\/wp-json\/wp\/v2\/pages\/28","targetHints":{"allow":["GET"]}}],"collection":[{"href":"https:\/\/www.asso-unil.ch\/pangea\/wp-json\/wp\/v2\/pages"}],"about":[{"href":"https:\/\/www.asso-unil.ch\/pangea\/wp-json\/wp\/v2\/types\/page"}],"author":[{"embeddable":true,"href":"https:\/\/www.asso-unil.ch\/pangea\/wp-json\/wp\/v2\/users\/1001087"}],"replies":[{"embeddable":true,"href":"https:\/\/www.asso-unil.ch\/pangea\/wp-json\/wp\/v2\/comments?post=28"}],"version-history":[{"count":0,"href":"https:\/\/www.asso-unil.ch\/pangea\/wp-json\/wp\/v2\/pages\/28\/revisions"}],"up":[{"embeddable":true,"href":"https:\/\/www.asso-unil.ch\/pangea\/wp-json\/wp\/v2\/pages\/26"}],"wp:attachment":[{"href":"https:\/\/www.asso-unil.ch\/pangea\/wp-json\/wp\/v2\/media?parent=28"}],"curies":[{"name":"wp","href":"https:\/\/api.w.org\/{rel}","templated":true}]}}