{"id":5,"date":"2015-02-03T19:28:42","date_gmt":"2015-02-03T18:28:42","guid":{"rendered":"http:\/\/www.asso-unil.ch\/orphi\/?page_id=5"},"modified":"2016-09-26T14:06:20","modified_gmt":"2016-09-26T12:06:20","slug":"accueil","status":"publish","type":"page","link":"https:\/\/www.asso-unil.ch\/orphi\/","title":{"rendered":"Bienvenue sur le site de l\u2019OrPhi"},"content":{"rendered":"<p>L&rsquo;OrPhi est l&rsquo;Organisation des \u00e9tudiants en Philosophie de l\u2019Universit\u00e9 de Lausanne.<\/p>\n<p>Vous trouverez ici tout ce qui concerne la vie de l\u2019association\u00a0: \u00e9v\u00e9nements, agenda, articles, contacts, liens ainsi que proc\u00e8s-verbaux et statuts. Un coup d\u2019\u0153il\u00a0 sur chaque rubrique du site vous permettra de vous faire facilement une id\u00e9e de nos activit\u00e9s.<\/p>\n<p>&nbsp;<\/p>\n<p>&nbsp;<\/p>\n","protected":false},"excerpt":{"rendered":"<p>L&rsquo;OrPhi est l&rsquo;Organisation des \u00e9tudiants en Philosophie de l\u2019Universit\u00e9 de Lausanne. Vous trouverez ici tout ce qui concerne la vie de l\u2019association\u00a0: \u00e9v\u00e9nements, agenda, articles, contacts, liens ainsi que proc\u00e8s-verbaux et statuts. Un coup d\u2019\u0153il\u00a0 sur chaque rubrique du site vous permettra de vous faire facilement une id\u00e9e de nos activit\u00e9s. &nbsp; &nbsp;<\/p>\n","protected":false},"author":1001017,"featured_media":0,"parent":0,"menu_order":0,"comment_status":"closed","ping_status":"closed","template":"","meta":{"_seopress_robots_primary_cat":"","_seopress_titles_title":"","_seopress_titles_desc":"","_seopress_robots_index":"","footnotes":""},"class_list":["post-5","page","type-page","status-publish"],"publishpress_future_action":{"enabled":false,"date":"2026-05-06 05:51:27","action":"change-status","newStatus":"draft","terms":[],"taxonomy":"","extraData":[]},"publishpress_future_workflow_manual_trigger":{"enabledWorkflows":[]},"_links":{"self":[{"href":"https:\/\/www.asso-unil.ch\/orphi\/wp-json\/wp\/v2\/pages\/5","targetHints":{"allow":["GET"]}}],"collection":[{"href":"https:\/\/www.asso-unil.ch\/orphi\/wp-json\/wp\/v2\/pages"}],"about":[{"href":"https:\/\/www.asso-unil.ch\/orphi\/wp-json\/wp\/v2\/types\/page"}],"author":[{"embeddable":true,"href":"https:\/\/www.asso-unil.ch\/orphi\/wp-json\/wp\/v2\/users\/1001017"}],"replies":[{"embeddable":true,"href":"https:\/\/www.asso-unil.ch\/orphi\/wp-json\/wp\/v2\/comments?post=5"}],"version-history":[{"count":0,"href":"https:\/\/www.asso-unil.ch\/orphi\/wp-json\/wp\/v2\/pages\/5\/revisions"}],"wp:attachment":[{"href":"https:\/\/www.asso-unil.ch\/orphi\/wp-json\/wp\/v2\/media?parent=5"}],"curies":[{"name":"wp","href":"https:\/\/api.w.org\/{rel}","templated":true}]}}