{"id":11,"date":"2015-02-03T19:30:03","date_gmt":"2015-02-03T18:30:03","guid":{"rendered":"http:\/\/www.asso-unil.ch\/orphi\/?page_id=11"},"modified":"2015-02-27T11:05:03","modified_gmt":"2015-02-27T10:05:03","slug":"ressources","status":"publish","type":"page","link":"https:\/\/www.asso-unil.ch\/orphi\/ressources\/","title":{"rendered":"Ressources"},"content":{"rendered":"<p>Vous trouvez ici les diff\u00e9rents documents relatifs \u00e0 la vie de l&rsquo;association, comme les statuts ou les proc\u00e8s-verbaux. Est \u00e9galement h\u00e9berg\u00e9e ici la description des activit\u00e9s du groupe <em>Les \u00e9tudiants en philo lisent<\/em>.<\/p>\n<ul>\n<li><a title=\"Les \u00e9tudiants en philo lisent\" href=\"https:\/\/www.asso-unil.ch\/orphi\/ressources\/les-etudiants-en-philo-lisent\/\">Les \u00e9tudiants en philo lisent<\/a><\/li>\n<li><a title=\"Statuts\" href=\"https:\/\/www.asso-unil.ch\/orphi\/ressources\/statuts\/\">Statuts<\/a><\/li>\n<li><a title=\"Proc\u00e8s-verbaux\" href=\"https:\/\/www.asso-unil.ch\/orphi\/ressources\/proces-verbaux\/\">Proc\u00e8s-verbaux<\/a><\/li>\n<li><a href=\"https:\/\/www.asso-unil.ch\/orphi\/category\/archive\/\">\u00c9v\u00e9nements pass\u00e9s<\/a><\/li>\n<\/ul>\n","protected":false},"excerpt":{"rendered":"<p>Vous trouvez ici les diff\u00e9rents documents relatifs \u00e0 la vie de l&rsquo;association, comme les statuts ou les proc\u00e8s-verbaux. Est \u00e9galement h\u00e9berg\u00e9e ici la description des activit\u00e9s du groupe Les \u00e9tudiants en philo lisent. Les \u00e9tudiants en philo lisent Statuts Proc\u00e8s-verbaux \u00c9v\u00e9nements pass\u00e9s<\/p>\n","protected":false},"author":1001017,"featured_media":0,"parent":0,"menu_order":0,"comment_status":"closed","ping_status":"closed","template":"","meta":{"_seopress_robots_primary_cat":"","_seopress_titles_title":"","_seopress_titles_desc":"","_seopress_robots_index":"","footnotes":""},"class_list":["post-11","page","type-page","status-publish"],"publishpress_future_action":{"enabled":false,"date":"2026-05-06 05:48:45","action":"change-status","newStatus":"draft","terms":[],"taxonomy":"","extraData":[]},"publishpress_future_workflow_manual_trigger":{"enabledWorkflows":[]},"_links":{"self":[{"href":"https:\/\/www.asso-unil.ch\/orphi\/wp-json\/wp\/v2\/pages\/11","targetHints":{"allow":["GET"]}}],"collection":[{"href":"https:\/\/www.asso-unil.ch\/orphi\/wp-json\/wp\/v2\/pages"}],"about":[{"href":"https:\/\/www.asso-unil.ch\/orphi\/wp-json\/wp\/v2\/types\/page"}],"author":[{"embeddable":true,"href":"https:\/\/www.asso-unil.ch\/orphi\/wp-json\/wp\/v2\/users\/1001017"}],"replies":[{"embeddable":true,"href":"https:\/\/www.asso-unil.ch\/orphi\/wp-json\/wp\/v2\/comments?post=11"}],"version-history":[{"count":0,"href":"https:\/\/www.asso-unil.ch\/orphi\/wp-json\/wp\/v2\/pages\/11\/revisions"}],"wp:attachment":[{"href":"https:\/\/www.asso-unil.ch\/orphi\/wp-json\/wp\/v2\/media?parent=11"}],"curies":[{"name":"wp","href":"https:\/\/api.w.org\/{rel}","templated":true}]}}