{"id":78,"date":"2023-02-27T17:35:54","date_gmt":"2023-02-27T16:35:54","guid":{"rendered":"https:\/\/www.asso-unil.ch\/lecabanon\/?page_id=78"},"modified":"2026-04-03T14:26:18","modified_gmt":"2026-04-03T12:26:18","slug":"comite","status":"publish","type":"page","link":"https:\/\/www.asso-unil.ch\/lecabanon\/comite\/","title":{"rendered":"Comit\u00e9"},"content":{"rendered":"\n<p>Nous accueillons les dossiers de candidatures (CV et lettre de motivation) par mail \u00e0 l&rsquo;adresse <a href=\"https:\/\/Lecabanon@asso-unil.ch\">lecabanon@asso-unil.ch<\/a>. <\/p>\n\n\n\n<h2 class=\"wp-block-heading has-large-font-size\"><strong>Membres actuels<\/strong><\/h2>\n\n\n\n<p class=\"has-normal-font-size\"><strong>Pr\u00e9sidence<\/strong> Mia Pittet<br><strong>Secr\u00e9tariat<\/strong> Julia Pinto <br><strong>Responsable Tr\u00e9sorerie <\/strong>Andrea Maire<br><strong>Communication <\/strong>Arshaluys Naroyan, Leila Leonardi, Oscar Martin, Esther Huyard &amp; Tha\u00efs Veyrat<br><strong>Responsables \u00e9v\u00e9nementiel <\/strong>Mathilde Pachoud, Marilou Beney<br><strong>Ev\u00e9nementiel <\/strong>Caroline Lemery, Chiara Haldemann, Chlo\u00e9 Poitrin, Myriam M\u00fchlebach, Aurel Kapossy &amp; Sol\u00e8ne Kapossy<br><strong>Recherche de fonds<\/strong> No\u00e9mie Campiche, Awa Stadelmann &amp; Antoine Billaud<br><strong>Conservation <\/strong>Oscar Martin<br><strong>Curation <\/strong>Lucie Aubert, Alice Sabatier<br><strong>Membres actifs <\/strong>Zofia Passy, Pierre Dutray, Swann Puippe, Chiara Ciuti, Elora Lovely, Lea Paz, Line Barthassat &amp; Lola Iannone<br><strong>Supervision et conseils<\/strong> Prof. Nathalie\u00a0Dietschy, Julie Lang &amp; Lorena Ehrbar<\/p>\n\n\n\n<p><\/p>\n\n\n\n<h2 class=\"wp-block-heading has-large-font-size\"><strong>Membres honorifiques<\/strong> (A-Z)<\/h2>\n\n\n\n<p><strong>Ad\u00e8le Etter<\/strong>&nbsp;Assistante dipl\u00f4m\u00e9e, Section d\u2019histoire de l\u2019art, p\u00e9riode contemporaine et ultra-contemporaine<br><strong>Alain Boillat&nbsp;<\/strong>Professeur ordinaire, Section d&rsquo;histoire et esth\u00e9tique du cin\u00e9ma, Section d&rsquo;histoire et esth\u00e9tique du cin\u00e9ma<br><strong>Amandine&nbsp;Oricheta<\/strong>&nbsp;Historienne de l&rsquo;Art <br><strong>Clarissa Fornara<\/strong> Historienne de l&rsquo;Art <br><strong>Claus Gunti&nbsp;<\/strong>Charg\u00e9 de cours, Section d\u2019histoire de l\u2019art, p\u00e9riode contemporaine et ultra-contemporaine<br><strong>Djamila&nbsp;Z\u00fcnd<\/strong>&nbsp;Historienne de l&rsquo;Art<br><strong>Dominque Hauser<\/strong>&nbsp;Responsable BAC et programmation th\u00e9\u00e2trale de la Grange de Dorigny<br><strong>Ella Jaeggi<\/strong>&nbsp;Historienne de l&rsquo;Art<br><strong>Emma&nbsp;Dewarrat<\/strong>&nbsp;Historienne de l&rsquo;Art<br><strong>Flavia&nbsp;Vuagniaux<\/strong> Historienne de l&rsquo;Art<br><strong>Jean-Rodolphe Petter<\/strong>&nbsp;Historien de l&rsquo;Art<br><strong>Julie Lang<\/strong> Historienne de l&rsquo;Art<br><strong>Kornelia&nbsp;Imesch Oechslin<\/strong>&nbsp;Professeure associ\u00e9e, Section d\u2019histoire de l\u2019art, p\u00e9riode contemporaine et ultra-contemporaine <br><strong>Lea Paz Marta<\/strong> Historienne de l&rsquo;Art<br><strong>Michael&nbsp;Groneberg<\/strong> Ma\u00eetre d&rsquo;enseignement et de recherche, Section de philosophie<br><strong>Monica Unser<\/strong> Historienne de l&rsquo;Art<br><strong>Nathalie Dietschy<\/strong>&nbsp;Professeure associ\u00e9e, Section d\u2019histoire de l\u2019art, p\u00e9riode contemporaine et ultra-contemporaine<br><strong>Nicola Pasquarello<\/strong> Historien de l&rsquo;Art<br><strong>Nicole Schweizer<\/strong>&nbsp;Conservatrice au Mus\u00e9e cantonal des beaux-arts de Lausanne (mcb-a)<br><strong>Olivia Fahmy<\/strong>&nbsp;Curatrice et historienne de l\u2019art<br><strong>Orph\u00e9e Duc<\/strong>, Historienne de l&rsquo;Art <br><strong>Rafa\u00ebl Santianez<\/strong>&nbsp;Historien de l&rsquo;Art<br><strong>Sarah Burkhalter<\/strong> Directrice de l\u2019antenne romande, Institut suisse de l\u2019\u00c9tude pour l\u2019art (SIK-ISEA)<br><strong>Tamara&nbsp;Pasternak<\/strong> Historienne de l&rsquo;Art<br><strong>Valentine Cuenot<\/strong> Historienne de l&rsquo;Art<br><strong>Valentina D&rsquo;Avenia<\/strong>&nbsp;Historienne de l&rsquo;Art<br><\/p>\n","protected":false},"excerpt":{"rendered":"<p>Nous accueillons les dossiers de candidatures (CV et lettre de motivation) par mail \u00e0 l&rsquo;adresse lecabanon@asso-unil.ch. Membres actuels Pr\u00e9sidence Mia PittetSecr\u00e9tariat Julia Pinto Responsable Tr\u00e9sorerie Andrea MaireCommunication Arshaluys&hellip;<\/p>\n","protected":false},"author":1001272,"featured_media":0,"parent":0,"menu_order":2,"comment_status":"closed","ping_status":"closed","template":"template-full-width.php","meta":{"_seopress_robots_primary_cat":"","_seopress_titles_title":"","_seopress_titles_desc":"","_seopress_robots_index":"","footnotes":""},"class_list":["post-78","page","type-page","status-publish","has-post-thumbnail"],"_links":{"self":[{"href":"https:\/\/www.asso-unil.ch\/lecabanon\/wp-json\/wp\/v2\/pages\/78","targetHints":{"allow":["GET"]}}],"collection":[{"href":"https:\/\/www.asso-unil.ch\/lecabanon\/wp-json\/wp\/v2\/pages"}],"about":[{"href":"https:\/\/www.asso-unil.ch\/lecabanon\/wp-json\/wp\/v2\/types\/page"}],"author":[{"embeddable":true,"href":"https:\/\/www.asso-unil.ch\/lecabanon\/wp-json\/wp\/v2\/users\/1001272"}],"replies":[{"embeddable":true,"href":"https:\/\/www.asso-unil.ch\/lecabanon\/wp-json\/wp\/v2\/comments?post=78"}],"version-history":[{"count":4,"href":"https:\/\/www.asso-unil.ch\/lecabanon\/wp-json\/wp\/v2\/pages\/78\/revisions"}],"predecessor-version":[{"id":1644,"href":"https:\/\/www.asso-unil.ch\/lecabanon\/wp-json\/wp\/v2\/pages\/78\/revisions\/1644"}],"wp:attachment":[{"href":"https:\/\/www.asso-unil.ch\/lecabanon\/wp-json\/wp\/v2\/media?parent=78"}],"curies":[{"name":"wp","href":"https:\/\/api.w.org\/{rel}","templated":true}]}}