{"id":76,"date":"2023-02-27T17:35:34","date_gmt":"2023-02-27T16:35:34","guid":{"rendered":"https:\/\/www.asso-unil.ch\/lecabanon\/?page_id=76"},"modified":"2023-03-03T10:40:09","modified_gmt":"2023-03-03T09:40:09","slug":"mission","status":"publish","type":"page","link":"https:\/\/www.asso-unil.ch\/lecabanon\/mission\/","title":{"rendered":"Mission"},"content":{"rendered":"\n<p>Le Cabanon est un espace d\u2019exposition d\u00e9di\u00e9 \u00e0 la cr\u00e9ation contemporaine au sein de l\u2019Universit\u00e9 de Lausanne. Situ\u00e9 dans le b\u00e2timent des Lettres (Anthropole), il remplace et succ\u00e8de \u00e0 l\u2019Unit\u00e9 d\u2019Art Contemporain (UAC). Inaugur\u00e9 le 16 d\u00e9cembre 2009 et con\u00e7u par C\u00e9line Eidenbenz, assist\u00e9e d\u2019Alexia Ryf, le Cabanon est d\u00e9sormais affili\u00e9 \u00e0 la section d\u2019histoire de l\u2019art. Association \u00e0 but non-lucratif, son intention premi\u00e8re est d\u2019organiser des expositions et des \u00e9v\u00e9nements d\u2019art contemporain de qualit\u00e9 au c\u0153ur de l\u2019Universit\u00e9.<\/p>\n\n\n\n<p>L\u2019association se positionne comme une plateforme d\u2019\u00e9change entre le monde de l\u2019art actuel et la recherche acad\u00e9mique. Les objectifs du Cabanon visent essentiellement \u00e0 concilier les recherches th\u00e9oriques et l\u2019exp\u00e9rience pratique, ainsi qu\u2019\u00e0 encourager le dialogue entre les artistes et le corps \u00e9tudiant. Proche du p\u00f4le romand de l\u2019Institut suisse de l\u2019\u00c9tude pour l\u2019art (SIK-ISEA), le Cabanon a pour mission principale d\u2019exposer des artistes actifs en Suisse.<\/p>\n\n\n\n<p>C\u2019est pourquoi, bien que son public cible reste universitaire, l\u2019association a \u00e9tendu sa visibilit\u00e9 et sa reconnaissance au-del\u00e0 du campus. Dans cette perspective, le Cabanon fait notamment aujourd\u2019hui partie de Lausanne Contemporain, ouvre une collaboration avec le Laboratoire EAST de l\u2019EPFL et engage des d\u00e9marches aupr\u00e8s de galeries d\u2019art locales pour tisser des liens entre institutions.<\/p>\n\n\n\n<p>Affili\u00e9e \u00e0 la section d\u2019histoire de l\u2019art de la facult\u00e9 des lettres, le Cabanon a comme ambition d\u2019offrir aux \u00e9tudiant\u00b7e\u00b7x\u00b7s en histoire de l\u2019art l\u2019opportunit\u00e9 de concevoir une exposition et de se confronter \u00e0 des t\u00e2ches pratiques. Ces dernier\u00b7\u00e8re\u00b7x\u00b7s sont donc invit\u00e9\u00b7e\u00b7x\u00b7s \u00e0 soumettre leurs projets au comit\u00e9 de l\u2019association. Une fois leur dossier s\u00e9lectionn\u00e9, iels organisent l\u2019exposition en tant qu\u2019\u00e9tudiant\u00b7e\u00b7x\u00b7s-commissaires, sous l\u2019\u00e9gide du pr\u00e9sident et du secr\u00e9taire.<\/p>\n","protected":false},"excerpt":{"rendered":"<p>Le Cabanon est un espace d\u2019exposition d\u00e9di\u00e9 \u00e0 la cr\u00e9ation contemporaine au sein de l\u2019Universit\u00e9 de Lausanne. Situ\u00e9 dans le b\u00e2timent des Lettres (Anthropole), il remplace et succ\u00e8de&hellip;<\/p>\n","protected":false},"author":1001272,"featured_media":0,"parent":0,"menu_order":1,"comment_status":"closed","ping_status":"closed","template":"template-full-width.php","meta":{"_seopress_robots_primary_cat":"","_seopress_titles_title":"","_seopress_titles_desc":"","_seopress_robots_index":"","footnotes":""},"class_list":["post-76","page","type-page","status-publish","has-post-thumbnail"],"_links":{"self":[{"href":"https:\/\/www.asso-unil.ch\/lecabanon\/wp-json\/wp\/v2\/pages\/76","targetHints":{"allow":["GET"]}}],"collection":[{"href":"https:\/\/www.asso-unil.ch\/lecabanon\/wp-json\/wp\/v2\/pages"}],"about":[{"href":"https:\/\/www.asso-unil.ch\/lecabanon\/wp-json\/wp\/v2\/types\/page"}],"author":[{"embeddable":true,"href":"https:\/\/www.asso-unil.ch\/lecabanon\/wp-json\/wp\/v2\/users\/1001272"}],"replies":[{"embeddable":true,"href":"https:\/\/www.asso-unil.ch\/lecabanon\/wp-json\/wp\/v2\/comments?post=76"}],"version-history":[{"count":0,"href":"https:\/\/www.asso-unil.ch\/lecabanon\/wp-json\/wp\/v2\/pages\/76\/revisions"}],"wp:attachment":[{"href":"https:\/\/www.asso-unil.ch\/lecabanon\/wp-json\/wp\/v2\/media?parent=76"}],"curies":[{"name":"wp","href":"https:\/\/api.w.org\/{rel}","templated":true}]}}