{"id":106,"date":"2016-06-10T16:07:47","date_gmt":"2016-06-10T14:07:47","guid":{"rendered":"http:\/\/www.asso-unil.ch\/laroutedutchai\/?page_id=106"},"modified":"2024-01-31T14:32:00","modified_gmt":"2024-01-31T13:32:00","slug":"laureats-du-prix-de-lorient-express","status":"publish","type":"page","link":"https:\/\/www.asso-unil.ch\/laroutedutchai\/prix-de-lorient-express\/laureats-du-prix-de-lorient-express\/","title":{"rendered":"Laur\u00e9at.e.s du Prix de l&rsquo;Orient Express"},"content":{"rendered":"<div id=\"js_81\" class=\"_5pbx userContent\">\n<div id=\"id_575ac93076db46362167784\" class=\"text_exposed_root text_exposed\">\n<div id=\"js_81\" class=\"_5pbx userContent\">\n<div id=\"id_575ac93076db46362167784\" class=\"text_exposed_root text_exposed\">\n<div id=\"id_575ac93076db46362167784\" class=\"text_exposed_root text_exposed\">\n<div id=\"js_81\" class=\"_5pbx userContent\">\n<div id=\"id_575ac93076db46362167784\" class=\"text_exposed_root text_exposed\">\n<div id=\"js_81\" class=\"_5pbx userContent\">\n<div id=\"id_575ac93076db46362167784\" class=\"text_exposed_root text_exposed\">\n<div id=\"id_575ac93076db46362167784\" class=\"text_exposed_root text_exposed\">\n<div id=\"js_81\" class=\"_5pbx userContent\">\n<div id=\"id_575ac93076db46362167784\" class=\"text_exposed_root text_exposed\">\n<h5>Prix de l&rsquo;Orient Express 2023<\/h5>\n<p>Le prix de l&rsquo;Orient Express 2023 pr\u00e9sente fi\u00e8rement son laur\u00e9at:<\/p>\n<\/div>\n<\/div>\n<p>Monsieur Alexander Makhnev pour son travail intitul\u00e9: \u00ab\u00a0<strong>La Suisse face aux r\u00e9fugi\u00e9s politiques russes dans la deuxi\u00e8me moiti\u00e9 du XIX\u00e8me si\u00e8cle<\/strong>\u00a0\u00bb<\/p>\n<\/div>\n<div class=\"text_exposed_root text_exposed\">\n<p>Toutes nos f\u00e9licitations!<\/p>\n<\/div>\n<h5>Prix de l&rsquo;Orient Express 2022<\/h5>\n<p>Le prix de l&rsquo;Orient Express 2022 pr\u00e9sente fi\u00e8rement sa laur\u00e9ate:<\/p>\n<\/div>\n<\/div>\n<p>Madame Alexandra Bogdanova avec un travail intitul\u00e9: \u00ab\u00a0<strong>En quoi les changements de r\u00e9gimes politiques en Russie ont-ils eu un impact sur le d\u00e9veloppement social et \u00e9conomique de la ville de Mychkine?<\/strong>\u00a0\u00bb<\/p>\n<\/div>\n<div><\/div>\n<div class=\"text_exposed_root text_exposed\">\n<p>Toutes nos f\u00e9licitations!<\/p>\n<h5>Prix de l&rsquo;Orient Express 2021<\/h5>\n<p>Le prix de l&rsquo;Orient Express 2021 pr\u00e9sente fi\u00e8rement ses laur\u00e9ats:<\/p>\n<\/div>\n<\/div>\n<p>Madame Jos\u00e9phine Soeur avec un travail intitul\u00e9: \u00ab\u00a0<strong>De New York \u00e0 Moscou. Les relations entre le tissu urbain et social au 20e si\u00e8cle<\/strong>\u00a0\u00bb<\/p>\n<p>et<\/p>\n<p>Monsieur Nikhilesh Acharya, avec un travail intitul\u00e9: \u00ab\u00a0<strong>Quel regard porte la Suisse romande sur la figure du Mahatma Gandhi?<\/strong>\u00a0\u00bb<\/p>\n<\/div>\n<div class=\"page\" title=\"Page 1\">\n<div class=\"layoutArea\">\n<div class=\"column\">\n<p>Toutes nos f\u00e9licitations!<\/p>\n<p>\u00c0 l&rsquo;ann\u00e9e prochaine pour la prochaine \u00e9dition!<\/p>\n<\/div>\n<\/div>\n<\/div>\n<h5>Prix de l&rsquo;Orient Express 2020<\/h5>\n<p>Le prix de l&rsquo;Orient Express 2020 pr\u00e9sente fi\u00e8rement sa laur\u00e9ate:<\/p>\n<\/div>\n<\/div>\n<p>Madame Anna Shvets avec un travail intitul\u00e9: \u201c<strong>\u041e\u0441\u043e\u0431\u0435\u043d\u043d\u043e\u0441\u0442\u0438 \u0438\u0437\u043e\u0431\u0440\u0430\u0436\u0435\u043d\u0438\u044f \u0442\u0435\u043c\u044b \u043b\u044e\u0431\u0432\u0438 \u0438 \u043d\u0435\u043d\u0430\u0432\u0438\u0441\u0442\u0438 \u0432 \u0440\u043e\u043c\u0430\u043d\u0435 \u0410. \u041d. \u0422\u043e\u043b\u0441\u0442\u043e\u0433\u043e \u00ab\u0410\u044d\u043b\u0438\u0442\u0430\u00bb<\/strong> (Les sp\u00e9cificit\u00e9s de la repr\u00e9sentation de l\u2019amour et de la haine dans le roman d\u2019Alekse\u00ef Nicolaevich Tolsto\u00ef <i>A<\/i><i>\u00e9<\/i><i>lita)\u00a0\u00bb<\/i><\/p>\n<\/div>\n<div class=\"page\" title=\"Page 1\">\n<div class=\"layoutArea\">\n<div class=\"column\">\n<p>Toutes nos f\u00e9licitations!<\/p>\n<\/div>\n<\/div>\n<\/div>\n<div id=\"id_575ac93076db46362167784\" class=\"text_exposed_root text_exposed\">\n<h5><\/h5>\n<h5>Prix de l&rsquo;Orient Express 2019<\/h5>\n<p>Le prix de l&rsquo;Orient Express 2019 pr\u00e9sente fi\u00e8rement sa laur\u00e9ate:<\/p>\n<\/div>\n<\/div>\n<p>Madame Gayathiry Mahadevan avec un travail intitul\u00e9: <strong>\u201c\u00catre en dansant\u201d ; la lib\u00e9ration de la femme indienne \u00e0 travers le Bharatanatyam<\/strong><\/p>\n<p>Toutes nos f\u00e9licitations!<\/p>\n<div id=\"js_81\" class=\"_5pbx userContent\">\n<div id=\"id_575ac93076db46362167784\" class=\"text_exposed_root text_exposed\">\n<h5><\/h5>\n<h5>Prix de l&rsquo;Orient Express 2018<\/h5>\n<p>Le prix de l&rsquo;Orient Express 2018 pr\u00e9sente fi\u00e8rement sa laur\u00e9ate:<\/p>\n<p>Madame Julie Escola avec un travail intitul\u00e9 <strong>\u00ab\u00a0Comment Perestro\u00efka et Glasnost ont-elles contribu\u00e9 \u00e0 l&rsquo;effondrement de l&rsquo;URSS?\u00a0\u00bb<\/strong><\/p>\n<\/div>\n<p>Toutes nos f\u00e9licitations!<\/p>\n<div id=\"id_575ac93076db46362167784\" class=\"text_exposed_root text_exposed\">\n<h5>Prix de l&rsquo;Orient Express 2017<\/h5>\n<p>Le prix de l&rsquo;Orient Express 2017 pr\u00e9sente fi\u00e8rement ses laur\u00e9ates:<\/p>\n<p>Emma Sills, avec un travail intitul\u00e9:<strong> \u00ab\u00a0L&rsquo;\u00e9ducation des enfants en Inde au\u00a0XXI<sup>\u00e8me <\/sup>si\u00e8cle\u00a0\u00bb\u00a0<\/strong><\/p>\n<p>et<\/p>\n<p>Milena Vucetic, avec un travail intitul\u00e9:\u00a0<strong>\u00ab\u00a0Cam\u00e9ra rouge et regards sur l&rsquo;histoire. Film historique, stalinisme et propagande\u00a0\u00bb<\/strong><\/p>\n<p>Toutes nos f\u00e9licitations!<\/p>\n<h5>Prix de l&rsquo;Orient Express 2016<\/h5>\n<\/div>\n<p>Le prix de l&rsquo;Orient Express 2016 pr\u00e9sente fi\u00e8rement ses laur\u00e9ates:<\/p>\n<\/div>\n<div class=\"\">Madame M\u00e9lissa Pollien, pour son travail sur <strong>\u00ab\u00a0Petitpierre face \u00e0 Staline: Reprise des relations diplomatiques entre la Suisse et l&rsquo;URSS en 1946\u00a0\u00bb<\/strong><\/div>\n<div><\/div>\n<div>et<\/div>\n<div><\/div>\n<div class=\"\">Madame Manon Abegg, pour son travail sur<strong> \u00ab\u00a0The Image of Today&rsquo;s India in\u00a0<i class=\"\">Swades<\/i>\u00ab\u00a0<\/strong><\/div>\n<div><\/div>\n<div><\/div>\n<div>Toutes nos f\u00e9licitations!<\/div>\n<div><\/div>\n<div><\/div>\n<div><\/div>\n<div class=\"_3x-2\">\n<div>\n<div class=\"mtm\">\n<div class=\"_5cq3\">\n<div id=\"u_5w_5\" class=\"uiScaledImageContainer _4-ep\"><\/div>\n<\/div>\n<\/div>\n<\/div>\n<\/div>\n","protected":false},"excerpt":{"rendered":"<p>Prix de l&rsquo;Orient Express 2023 Le prix de l&rsquo;Orient Express 2023 pr\u00e9sente fi\u00e8rement son laur\u00e9at: Monsieur Alexander Makhnev pour son travail intitul\u00e9: \u00ab\u00a0La Suisse face aux r\u00e9fugi\u00e9s politiques russes dans &hellip; <a href=\"https:\/\/www.asso-unil.ch\/laroutedutchai\/prix-de-lorient-express\/laureats-du-prix-de-lorient-express\/\" class=\"more-link\">Continuer la lecture de <span class=\"screen-reader-text\">Laur\u00e9at.e.s du Prix de l&rsquo;Orient Express<\/span>  <span class=\"meta-nav\">&rarr;<\/span><\/a><\/p>\n","protected":false},"author":1001227,"featured_media":0,"parent":76,"menu_order":0,"comment_status":"closed","ping_status":"closed","template":"","meta":{"_seopress_robots_primary_cat":"","_seopress_titles_title":"","_seopress_titles_desc":"","_seopress_robots_index":"","footnotes":""},"class_list":["post-106","page","type-page","status-publish"],"_links":{"self":[{"href":"https:\/\/www.asso-unil.ch\/laroutedutchai\/wp-json\/wp\/v2\/pages\/106","targetHints":{"allow":["GET"]}}],"collection":[{"href":"https:\/\/www.asso-unil.ch\/laroutedutchai\/wp-json\/wp\/v2\/pages"}],"about":[{"href":"https:\/\/www.asso-unil.ch\/laroutedutchai\/wp-json\/wp\/v2\/types\/page"}],"author":[{"embeddable":true,"href":"https:\/\/www.asso-unil.ch\/laroutedutchai\/wp-json\/wp\/v2\/users\/1001227"}],"replies":[{"embeddable":true,"href":"https:\/\/www.asso-unil.ch\/laroutedutchai\/wp-json\/wp\/v2\/comments?post=106"}],"version-history":[{"count":0,"href":"https:\/\/www.asso-unil.ch\/laroutedutchai\/wp-json\/wp\/v2\/pages\/106\/revisions"}],"up":[{"embeddable":true,"href":"https:\/\/www.asso-unil.ch\/laroutedutchai\/wp-json\/wp\/v2\/pages\/76"}],"wp:attachment":[{"href":"https:\/\/www.asso-unil.ch\/laroutedutchai\/wp-json\/wp\/v2\/media?parent=106"}],"curies":[{"name":"wp","href":"https:\/\/api.w.org\/{rel}","templated":true}]}}

Lauréat.e.s du Prix de l&rsquo;Orient Express

<div id="js_81" class="_5pbx userContent">
<div id="id_575ac93076db46362167784" class="text_exposed_root text_exposed">
<div id="js_81" class="_5pbx userContent">
<div id="id_575ac93076db46362167784" class="text_exposed_root text_exposed">
<div id="id_575ac93076db46362167784" class="text_exposed_root text_exposed">
<div id="js_81" class="_5pbx userContent">
<div id="id_575ac93076db46362167784" class="text_exposed_root text_exposed">
<div id="js_81" class="_5pbx userContent">
<div id="id_575ac93076db46362167784" class="text_exposed_root text_exposed">
<div id="id_575ac93076db46362167784" class="text_exposed_root text_exposed">
<div id="js_81" class="_5pbx userContent">
<div id="id_575ac93076db46362167784" class="text_exposed_root text_exposed">
<h5>Prix de l&rsquo;Orient Express 2023</h5>
<p>Le prix de l&rsquo;Orient Express 2023 présente fièrement son lauréat:</p>
</div>
</div>
<p>Monsieur Alexander Makhnev pour son travail intitulé: « <strong>La Suisse face aux réfugiés politiques russes dans la deuxième moitié du XIXème siècle</strong> »</p>
</div>
<div class="text_exposed_root text_exposed">
<p>Toutes nos félicitations!</p>
</div>
<h5>Prix de l&rsquo;Orient Express 2022</h5>
<p>Le prix de l&rsquo;Orient Express 2022 présente fièrement sa lauréate:</p>
</div>
</div>
<p>Madame Alexandra Bogdanova avec un travail intitulé: « <strong>En quoi les changements de régimes politiques en Russie ont-ils eu un impact sur le développement social et économique de la ville de Mychkine?</strong> »</p>
</div>
<div></div>
<div class="text_exposed_root text_exposed">
<p>Toutes nos félicitations!</p>
<h5>Prix de l&rsquo;Orient Express 2021</h5>
<p>Le prix de l&rsquo;Orient Express 2021 présente fièrement ses lauréats:</p>
</div>
</div>
<p>Madame Joséphine Soeur avec un travail intitulé: « <strong>De New York à Moscou. Les relations entre le tissu urbain et social au 20e siècle</strong> »</p>
<p>et</p>
<p>Monsieur Nikhilesh Acharya, avec un travail intitulé: « <strong>Quel regard porte la Suisse romande sur la figure du Mahatma Gandhi?</strong> »</p>
</div>
<div class="page" title="Page 1">
<div class="layoutArea">
<div class="column">
<p>Toutes nos félicitations!</p>
<p>À l&rsquo;année prochaine pour la prochaine édition!</p>
</div>
</div>
</div>
<h5>Prix de l&rsquo;Orient Express 2020</h5>
<p>Le prix de l&rsquo;Orient Express 2020 présente fièrement sa lauréate:</p>
</div>
</div>
<p>Madame Anna Shvets avec un travail intitulé: “<strong>Особенности изображения темы любви и ненависти в романе А. Н. Толстого «Аэлита»</strong> (Les spécificités de la représentation de l’amour et de la haine dans le roman d’Alekseï Nicolaevich Tolstoï <i>A</i><i>é</i><i>lita) »</i></p>
</div>
<div class="page" title="Page 1">
<div class="layoutArea">
<div class="column">
<p>Toutes nos félicitations!</p>
</div>
</div>
</div>
<div id="id_575ac93076db46362167784" class="text_exposed_root text_exposed">
<h5></h5>
<h5>Prix de l&rsquo;Orient Express 2019</h5>
<p>Le prix de l&rsquo;Orient Express 2019 présente fièrement sa lauréate:</p>
</div>
</div>
<p>Madame Gayathiry Mahadevan avec un travail intitulé: <strong>“Être en dansant” ; la libération de la femme indienne à travers le Bharatanatyam</strong></p>
<p>Toutes nos félicitations!</p>
<div id="js_81" class="_5pbx userContent">
<div id="id_575ac93076db46362167784" class="text_exposed_root text_exposed">
<h5></h5>
<h5>Prix de l&rsquo;Orient Express 2018</h5>
<p>Le prix de l&rsquo;Orient Express 2018 présente fièrement sa lauréate:</p>
<p>Madame Julie Escola avec un travail intitulé <strong>« Comment Perestroïka et Glasnost ont-elles contribué à l&rsquo;effondrement de l&rsquo;URSS? »</strong></p>
</div>
<p>Toutes nos félicitations!</p>
<div id="id_575ac93076db46362167784" class="text_exposed_root text_exposed">
<h5>Prix de l&rsquo;Orient Express 2017</h5>
<p>Le prix de l&rsquo;Orient Express 2017 présente fièrement ses lauréates:</p>
<p>Emma Sills, avec un travail intitulé:<strong> « L&rsquo;éducation des enfants en Inde au XXI<sup>ème </sup>siècle » </strong></p>
<p>et</p>
<p>Milena Vucetic, avec un travail intitulé: <strong>« Caméra rouge et regards sur l&rsquo;histoire. Film historique, stalinisme et propagande »</strong></p>
<p>Toutes nos félicitations!</p>
<h5>Prix de l&rsquo;Orient Express 2016</h5>
</div>
<p>Le prix de l&rsquo;Orient Express 2016 présente fièrement ses lauréates:</p>
</div>
<div class="">Madame Mélissa Pollien, pour son travail sur <strong>« Petitpierre face à Staline: Reprise des relations diplomatiques entre la Suisse et l&rsquo;URSS en 1946 »</strong></div>
<div></div>
<div>et</div>
<div></div>
<div class="">Madame Manon Abegg, pour son travail sur<strong> « The Image of Today&rsquo;s India in <i class="">Swades</i>« </strong></div>
<div></div>
<div></div>
<div>Toutes nos félicitations!</div>
<div></div>
<div></div>
<div></div>
<div class="_3x-2">
<div>
<div class="mtm">
<div class="_5cq3">
<div id="u_5w_5" class="uiScaledImageContainer _4-ep"></div>
</div>
</div>
</div>
</div>

<p>Prix de l&rsquo;Orient Express 2023 Le prix de l&rsquo;Orient Express 2023 présente fièrement son lauréat: Monsieur Alexander Makhnev pour son travail intitulé: « La Suisse face aux réfugiés politiques russes dans &hellip; <a href="https://www.asso-unil.ch/laroutedutchai/prix-de-lorient-express/laureats-du-prix-de-lorient-express/" class="more-link">Continuer la lecture de <span class="screen-reader-text">Lauréat.e.s du Prix de l&rsquo;Orient Express</span>  <span class="meta-nav">&rarr;</span></a></p>
