{"id":451,"date":"2018-04-15T17:33:26","date_gmt":"2018-04-15T15:33:26","guid":{"rendered":"http:\/\/www.asso-unil.ch\/lapel\/?page_id=451"},"modified":"2018-10-02T16:44:04","modified_gmt":"2018-10-02T14:44:04","slug":"documentation-pdf","status":"publish","type":"page","link":"https:\/\/www.asso-unil.ch\/lapel\/actualites\/documentation-pdf\/","title":{"rendered":"Documentation"},"content":{"rendered":"<p>Vous trouverez ici de la documentation divers et vari\u00e9e sous format PDF.<\/p>\n<p><strong>Plantes<br \/>\n<\/strong><a href=\"https:\/\/www.asso-unil.ch\/lapel\/files\/2018\/04\/Liste-esp\u00e8ces-engrais-verts-vivaces-g\u00e9n\u00e9reux.pdf\">Liste esp\u00e8ces (engrais verts, vivaces g\u00e9n\u00e9reux)<\/a><\/p>\n<p><strong>Arbres<\/strong><br \/>\n<a href=\"https:\/\/www.asso-unil.ch\/lapel\/files\/2018\/04\/La-taille-respectueuse.pdf\">La taille respectueuse<\/a><br \/>\n<a href=\"https:\/\/www.asso-unil.ch\/lapel\/files\/2018\/04\/Les-Arbres-Fruitiers.pdf\">Les Arbres Fruitiers<\/a><\/p>\n<p><strong>Semences<br \/>\n<\/strong><a href=\"https:\/\/www.asso-unil.ch\/lapel\/files\/2018\/04\/Glossaire-sur-la-production-de-semences.pdf\">Glossaire sur la production de semences<\/a><strong><br \/>\n<\/strong><\/p>\n<p><strong>Esp\u00e8ces invasives<br \/>\n<\/strong><a href=\"https:\/\/www.asso-unil.ch\/lapel\/files\/2018\/07\/Topinambour_(InfoFlora).pdf\">Topinambour (InfoFlora)<\/a><br \/>\n<a href=\"https:\/\/www.asso-unil.ch\/lapel\/files\/2018\/07\/Informations-de-fond-Pro-Natura-Especes-exotiques-envahissantes.pdf\">Informations de fond Pro Natura Especes exotiques envahissantes<\/a><br \/>\n<a href=\"https:\/\/www.asso-unil.ch\/lapel\/files\/2018\/07\/Bases-l\u00e9gales_n\u00e9ophytes.pdf\">Bases l\u00e9gales<\/a><br \/>\n<a href=\"https:\/\/www.asso-unil.ch\/lapel\/files\/2018\/07\/Broschuere_Invasive_Pflanzen_F-2.pdf\">Plantes exotiques envahissantes<\/a><\/p>\n<p><strong>Pain<br \/>\n<\/strong><a href=\"https:\/\/www.asso-unil.ch\/lapel\/files\/2018\/07\/Miniguide-du-pain.pdf\">Miniguide du pain<\/a><strong><br \/>\n<\/strong><\/p>\n","protected":false},"excerpt":{"rendered":"<p>Vous trouverez ici de la documentation divers et vari\u00e9e sous format PDF. Plantes Liste esp\u00e8ces (engrais verts, vivaces g\u00e9n\u00e9reux) Arbres La taille respectueuse Les Arbres Fruitiers Semences Glossaire sur la &hellip; <a href=\"https:\/\/www.asso-unil.ch\/lapel\/actualites\/documentation-pdf\/\" class=\"more-link\">Continuer la lecture de <span class=\"screen-reader-text\">Documentation<\/span> <span class=\"meta-nav\">&rarr;<\/span><\/a><\/p>\n","protected":false},"author":1001131,"featured_media":0,"parent":29,"menu_order":0,"comment_status":"closed","ping_status":"closed","template":"","meta":{"_seopress_robots_primary_cat":"","_seopress_titles_title":"","_seopress_titles_desc":"","_seopress_robots_index":"","footnotes":""},"class_list":["post-451","page","type-page","status-publish"],"_links":{"self":[{"href":"https:\/\/www.asso-unil.ch\/lapel\/wp-json\/wp\/v2\/pages\/451","targetHints":{"allow":["GET"]}}],"collection":[{"href":"https:\/\/www.asso-unil.ch\/lapel\/wp-json\/wp\/v2\/pages"}],"about":[{"href":"https:\/\/www.asso-unil.ch\/lapel\/wp-json\/wp\/v2\/types\/page"}],"author":[{"embeddable":true,"href":"https:\/\/www.asso-unil.ch\/lapel\/wp-json\/wp\/v2\/users\/1001131"}],"replies":[{"embeddable":true,"href":"https:\/\/www.asso-unil.ch\/lapel\/wp-json\/wp\/v2\/comments?post=451"}],"version-history":[{"count":0,"href":"https:\/\/www.asso-unil.ch\/lapel\/wp-json\/wp\/v2\/pages\/451\/revisions"}],"up":[{"embeddable":true,"href":"https:\/\/www.asso-unil.ch\/lapel\/wp-json\/wp\/v2\/pages\/29"}],"wp:attachment":[{"href":"https:\/\/www.asso-unil.ch\/lapel\/wp-json\/wp\/v2\/media?parent=451"}],"curies":[{"name":"wp","href":"https:\/\/api.w.org\/{rel}","templated":true}]}}