{"id":25,"date":"2015-03-30T14:08:07","date_gmt":"2015-03-30T12:08:07","guid":{"rendered":"http:\/\/www.asso-unil.ch\/lapel\/?page_id=25"},"modified":"2018-10-02T16:44:48","modified_gmt":"2018-10-02T14:44:48","slug":"liens","status":"publish","type":"page","link":"https:\/\/www.asso-unil.ch\/lapel\/actualites\/liens\/","title":{"rendered":"Liens"},"content":{"rendered":"<p><strong>Voici une liste de liens en relation avec la Permaculture:<\/strong><\/p>\n<p><a href=\"https:\/\/www.unil.ch\/durable\/home\/menuinst\/presentation-generale\/videos\/projets-innovants\/permaculture.html\">Vid\u00e9o de pr\u00e9sentation du projet<\/a><\/p>\n<p><a href=\"https:\/\/www.youtube.com\/watch?v=CMGqnSkesSE\" target=\"_blank\" rel=\"noopener\">Pr\u00e9sentation de la cr\u00e9ation du jardin <\/a><\/p>\n<p><a href=\"https:\/\/www.facebook.com\/pages\/GRAMU\/379853648823137?ref=br_rs\">Page Facebook du GRAMU, qui s&rsquo;engage pour la permaculture \u00e0 l&rsquo;Universit\u00e9 de Neuch\u00e2tel<\/a><\/p>\n<p><a href=\"https:\/\/fracp.ch\">La f\u00e9d\u00e9ration romande d&rsquo;agriculture contractuelle de proximit\u00e9<\/a><\/p>\n<p><a href=\"https:\/\/www.souverainete-alimentaire.ch\/in\/fr\/\">Initiative f\u00e9d\u00e9rale pour la souverainet\u00e9 alimentaire<\/a><\/p>\n<p>&nbsp;<\/p>\n<p><strong>Pour revoir nos conf\u00e9rences:<\/strong><\/p>\n<p><a href=\"https:\/\/www.youtube.com\/watch?v=wvngspY1cWc\" target=\"_blank\" rel=\"noopener\">La permaculture c&rsquo;est pas du jardinage <\/a><\/p>\n<p><a href=\"https:\/\/www.youtube.com\/watch?v=FPnndxJLJJw\" target=\"_blank\" rel=\"noopener\">Micro-organismes! Une alternative aux pesticides <\/a><\/p>\n<p><a href=\"https:\/\/www.youtube.com\/watch?v=hGTSXVvxrdY\" target=\"_blank\" rel=\"noopener\">Design en permaculture, Ga\u00e9tan Morard <\/a><\/p>\n","protected":false},"excerpt":{"rendered":"<p>Voici une liste de liens en relation avec la Permaculture: Vid\u00e9o de pr\u00e9sentation du projet Pr\u00e9sentation de la cr\u00e9ation du jardin Page Facebook du GRAMU, qui s&rsquo;engage pour la permaculture &hellip; <a href=\"https:\/\/www.asso-unil.ch\/lapel\/actualites\/liens\/\" class=\"more-link\">Continuer la lecture de <span class=\"screen-reader-text\">Liens<\/span> <span class=\"meta-nav\">&rarr;<\/span><\/a><\/p>\n","protected":false},"author":1001026,"featured_media":0,"parent":29,"menu_order":0,"comment_status":"closed","ping_status":"closed","template":"","meta":{"_seopress_robots_primary_cat":"","_seopress_titles_title":"","_seopress_titles_desc":"","_seopress_robots_index":"","footnotes":""},"class_list":["post-25","page","type-page","status-publish"],"_links":{"self":[{"href":"https:\/\/www.asso-unil.ch\/lapel\/wp-json\/wp\/v2\/pages\/25","targetHints":{"allow":["GET"]}}],"collection":[{"href":"https:\/\/www.asso-unil.ch\/lapel\/wp-json\/wp\/v2\/pages"}],"about":[{"href":"https:\/\/www.asso-unil.ch\/lapel\/wp-json\/wp\/v2\/types\/page"}],"author":[{"embeddable":true,"href":"https:\/\/www.asso-unil.ch\/lapel\/wp-json\/wp\/v2\/users\/1001026"}],"replies":[{"embeddable":true,"href":"https:\/\/www.asso-unil.ch\/lapel\/wp-json\/wp\/v2\/comments?post=25"}],"version-history":[{"count":0,"href":"https:\/\/www.asso-unil.ch\/lapel\/wp-json\/wp\/v2\/pages\/25\/revisions"}],"up":[{"embeddable":true,"href":"https:\/\/www.asso-unil.ch\/lapel\/wp-json\/wp\/v2\/pages\/29"}],"wp:attachment":[{"href":"https:\/\/www.asso-unil.ch\/lapel\/wp-json\/wp\/v2\/media?parent=25"}],"curies":[{"name":"wp","href":"https:\/\/api.w.org\/{rel}","templated":true}]}}