{"id":1081,"date":"2023-10-02T00:05:43","date_gmt":"2023-10-01T22:05:43","guid":{"rendered":"https:\/\/www.asso-unil.ch\/lapel\/?page_id=1081"},"modified":"2023-10-04T15:39:57","modified_gmt":"2023-10-04T13:39:57","slug":"10-ans-de-la-pel","status":"publish","type":"page","link":"https:\/\/www.asso-unil.ch\/lapel\/10-ans-de-la-pel\/","title":{"rendered":"10 ans de LA PEL&rsquo;"},"content":{"rendered":"\n<p>Eh oui, \u00e7a fait 10 ans que notre association existe, que des \u00e9tudiantexs motiv\u00e9exs ont travaill\u00e9 dur pour promouvoir une durabilit\u00e9 forte gr\u00e2ce \u00e0 la permaculture. Et maintenant, c&rsquo;est l&rsquo;heure de c\u00e9l\u00e9brer notre d\u00e9cennie d&rsquo;engagement et d&rsquo;apprentissage. <\/p>\n\n\n\n<p>Pour cette soir\u00e9e sp\u00e9ciale, nous aimerions rassembler toutes les personnes qui ont contribu\u00e9 de pr\u00e8s ou de loin \u00e0 cette initiative, ainsi que toutes les personnes qui ont envie de f\u00eater avec nous. <\/p>\n\n\n\n<p><strong>Date :<\/strong> 25 octobre 2023 <br><strong>Heure :<\/strong> d\u00e8s 16h00 <br><strong>Lieu :<\/strong> <a href=\"https:\/\/www.asso-unil.ch\/lapel\/le-jardin\/\">Jardin de LA PEL&rsquo;<\/a>, puis le bar de Zelig<\/p>\n\n\n\n<p><strong>Ce que vous attendez avec impatience :<\/strong><\/p>\n\n\n\n<ul class=\"wp-block-list\">\n<li><strong>De 16h00 \u00e0 18h00 :<\/strong> Activit\u00e9s &amp; jeux dans le jardin de LA PEL&rsquo; seront pr\u00e9par\u00e9s pour reconnecter avec le jardin, ses vivaces, ses mulots, etc. <\/li>\n\n\n\n<li><strong>D\u00e8s 18h00 : <\/strong>Rendez-vous \u00e0 <strong>Zelig<\/strong> pour une premi\u00e8re partie festive pleine de surprise. <\/li>\n\n\n\n<li><strong>De 19h00 \u00e0 21h00:<\/strong> DJ Chantal nous fera l&rsquo;honneur d&rsquo;ambiancer la salle pour cette grande f\u00eate. <\/li>\n<\/ul>\n\n\n\n<p>Nous nous r\u00e9jouissons d&rsquo;ores et d\u00e9j\u00e0 de vous revoir et de souffler toutes les bougies ensemble ! ??<\/p>\n\n\n\n<p>LA PEL&rsquo;, qui commence \u00e0 se faire vieille<\/p>\n\n\n\n<figure class=\"wp-block-image size-large\"><a href=\"https:\/\/www.asso-unil.ch\/lapel\/files\/2023\/10\/Flyer-fete-LA-PEL.png\"><img alt=\"\" loading=\"lazy\" decoding=\"async\" width=\"724\" height=\"1024\" src=\"https:\/\/www.asso-unil.ch\/lapel\/files\/2023\/10\/Flyer-fete-LA-PEL-724x1024.png\" alt=\"\" class=\"wp-image-1088\" srcset=\"https:\/\/www.asso-unil.ch\/lapel\/files\/2023\/10\/Flyer-fete-LA-PEL-724x1024.png 724w, https:\/\/www.asso-unil.ch\/lapel\/files\/2023\/10\/Flyer-fete-LA-PEL-212x300.png 212w, https:\/\/www.asso-unil.ch\/lapel\/files\/2023\/10\/Flyer-fete-LA-PEL-768x1087.png 768w, https:\/\/www.asso-unil.ch\/lapel\/files\/2023\/10\/Flyer-fete-LA-PEL.png 848w\" sizes=\"auto, (max-width: 724px) 100vw, 724px\" \/><\/a><\/figure>\n","protected":false},"excerpt":{"rendered":"<p>Eh oui, \u00e7a fait 10 ans que notre association existe, que des \u00e9tudiantexs motiv\u00e9exs ont travaill\u00e9 dur pour promouvoir une durabilit\u00e9 forte gr\u00e2ce \u00e0 la permaculture. Et maintenant, c&rsquo;est l&rsquo;heure &hellip; <a href=\"https:\/\/www.asso-unil.ch\/lapel\/10-ans-de-la-pel\/\" class=\"more-link\">Continuer la lecture de <span class=\"screen-reader-text\">10 ans de LA PEL&rsquo;<\/span> <span class=\"meta-nav\">&rarr;<\/span><\/a><\/p>\n","protected":false},"author":1001171,"featured_media":0,"parent":0,"menu_order":0,"comment_status":"closed","ping_status":"closed","template":"","meta":{"_seopress_robots_primary_cat":"","_seopress_titles_title":"","_seopress_titles_desc":"","_seopress_robots_index":"","footnotes":""},"class_list":["post-1081","page","type-page","status-publish"],"_links":{"self":[{"href":"https:\/\/www.asso-unil.ch\/lapel\/wp-json\/wp\/v2\/pages\/1081","targetHints":{"allow":["GET"]}}],"collection":[{"href":"https:\/\/www.asso-unil.ch\/lapel\/wp-json\/wp\/v2\/pages"}],"about":[{"href":"https:\/\/www.asso-unil.ch\/lapel\/wp-json\/wp\/v2\/types\/page"}],"author":[{"embeddable":true,"href":"https:\/\/www.asso-unil.ch\/lapel\/wp-json\/wp\/v2\/users\/1001171"}],"replies":[{"embeddable":true,"href":"https:\/\/www.asso-unil.ch\/lapel\/wp-json\/wp\/v2\/comments?post=1081"}],"version-history":[{"count":0,"href":"https:\/\/www.asso-unil.ch\/lapel\/wp-json\/wp\/v2\/pages\/1081\/revisions"}],"wp:attachment":[{"href":"https:\/\/www.asso-unil.ch\/lapel\/wp-json\/wp\/v2\/media?parent=1081"}],"curies":[{"name":"wp","href":"https:\/\/api.w.org\/{rel}","templated":true}]}}

<p>Eh oui, ça fait 10 ans que notre association existe, que des étudiantexs motivéexs ont travaillé dur pour promouvoir une durabilité forte grâce à la permaculture. Et maintenant, c&rsquo;est l&rsquo;heure de célébrer notre décennie d&rsquo;engagement et d&rsquo;apprentissage. </p>



<p>Pour cette soirée spéciale, nous aimerions rassembler toutes les personnes qui ont contribué de près ou de loin à cette initiative, ainsi que toutes les personnes qui ont envie de fêter avec nous. </p>



<p><strong>Date :</strong> 25 octobre 2023 <br><strong>Heure :</strong> dès 16h00 <br><strong>Lieu :</strong> <a href="https://www.asso-unil.ch/lapel/le-jardin/">Jardin de LA PEL&rsquo;</a>, puis le bar de Zelig</p>



<p><strong>Ce que vous attendez avec impatience :</strong></p>



<ul class="wp-block-list">
<li><strong>De 16h00 à 18h00 :</strong> Activités &amp; jeux dans le jardin de LA PEL&rsquo; seront préparés pour reconnecter avec le jardin, ses vivaces, ses mulots, etc. </li>



<li><strong>Dès 18h00 : </strong>Rendez-vous à <strong>Zelig</strong> pour une première partie festive pleine de surprise. </li>



<li><strong>De 19h00 à 21h00:</strong> DJ Chantal nous fera l&rsquo;honneur d&rsquo;ambiancer la salle pour cette grande fête. </li>
</ul>



<p>Nous nous réjouissons d&rsquo;ores et déjà de vous revoir et de souffler toutes les bougies ensemble ! ??</p>



<p>LA PEL&rsquo;, qui commence à se faire vieille</p>



<figure class="wp-block-image size-large"><a href="https://www.asso-unil.ch/lapel/files/2023/10/Flyer-fete-LA-PEL.png"><img alt="" loading="lazy" decoding="async" width="724" height="1024" src="https://www.asso-unil.ch/lapel/files/2023/10/Flyer-fete-LA-PEL-724x1024.png" alt="" class="wp-image-1088" srcset="https://www.asso-unil.ch/lapel/files/2023/10/Flyer-fete-LA-PEL-724x1024.png 724w, https://www.asso-unil.ch/lapel/files/2023/10/Flyer-fete-LA-PEL-212x300.png 212w, https://www.asso-unil.ch/lapel/files/2023/10/Flyer-fete-LA-PEL-768x1087.png 768w, https://www.asso-unil.ch/lapel/files/2023/10/Flyer-fete-LA-PEL.png 848w" sizes="auto, (max-width: 724px) 100vw, 724px" /></a></figure>

<p>Eh oui, ça fait 10 ans que notre association existe, que des étudiantexs motivéexs ont travaillé dur pour promouvoir une durabilité forte grâce à la permaculture. Et maintenant, c&rsquo;est l&rsquo;heure &hellip; <a href="https://www.asso-unil.ch/lapel/10-ans-de-la-pel/" class="more-link">Continuer la lecture de <span class="screen-reader-text">10 ans de LA PEL&rsquo;</span> <span class="meta-nav">&rarr;</span></a></p>
