{"id":773,"date":"2012-11-12T12:11:26","date_gmt":"2012-11-12T11:11:26","guid":{"rendered":"http:\/\/www.asso-unil.ch\/grc\/?page_id=773"},"modified":"2013-05-21T11:56:51","modified_gmt":"2013-05-21T09:56:51","slug":"2012-2013","status":"publish","type":"page","link":"https:\/\/www.asso-unil.ch\/grc\/archives-2\/seances\/2012-2013\/","title":{"rendered":"2012-2013"},"content":{"rendered":"<h2>SEANCES DES MOIS DE SEPTEMBRE ET OCTOBRE<\/h2>\n<div>\n<p>Nos prochaines s\u00e9ances sont consacr\u00e9es \u00e0 des conf\u00e9rences-d\u00e9bats portant aussi bien sur l&rsquo;actualit\u00e9 de ces derniers mois que sur l&rsquo;importance d&rsquo;anciennes luttes. Nous discuterons donc de la Syrie. Comment peut-on qualifier le conflit sanglant entre le pouvoir et les r\u00e9volt\u00e9s? Mais nous parlerons aussi de l&rsquo;opportunit\u00e9 du salaire minimum et de la gr\u00e8ve de la Boillat. Pour en discuter et ouvrir le d\u00e9bat, nous invitons\u00a0 des intellectuel-lle-s et\/ou des militant-e-s qui sont au coeur des r\u00e9flexions et actions actuelles.<\/p>\n<p><a title=\"SEANCES DES MOIS DE SEPTEMBRE ET OCTOBRE\" href=\"https:\/\/www.asso-unil.ch\/grc\/2012\/11\/seances-des-mois-de-septembre-et-octobre\/\">Continue reading ?<\/a><\/p>\n<h2>SEANCES DES MOIS DE NOVEMBRE ET DECEMBRE<\/h2>\n<div>\n<p>Nos prochaines s\u00e9ances sont consacr\u00e9es \u00e0 des conf\u00e9rences-d\u00e9bats portant aussi bien sur l\u2019actualit\u00e9 de ces derniers mois que sur l\u2019importance d\u2019anciennes luttes. Nous commencerons ce mois par la discussion-d\u00e9bat sur le salaire minimum que nous avions du reporter. L\u2019actualit\u00e9 nous a aussi pouss\u00e9 \u00e0 nous int\u00e9resser aux pr\u00e9sidentielles am\u00e9ricaines. Qu\u2019elles sont les limites du fonctionnement de la d\u00e9mocratie des \u00c9tats-Unis? Nous nous int\u00e9resserons aussi au fonctionnement de l\u2019\u00e9conomie avec un film, Goldman Sachs, la banque qui dirige le monde, et une s\u00e9ance de discussion-d\u00e9bat.<\/p>\n<p><a title=\"S\u00e9ances des mois de novembre et d\u00e9cembre\" href=\"https:\/\/www.asso-unil.ch\/grc\/2013\/02\/seances-des-mois-de-novembre-et-decembre\/\" target=\"_blank\">Continue reading ?<\/a><\/p>\n<h2>SEANCES DES MOIS DE FEVRIER A MAI<\/h2>\n<p>Nos prochaines s\u00e9ances sont consacr\u00e9es \u00e0 des conf\u00e9rences-d\u00e9bats portant aussi bien sur l\u2019actualit\u00e9 de ces derniers mois que sur l\u2019importance d\u2019anciennes luttes. Nous commencerons ce mois par la discussion-d\u00e9bat sur la fermeture de la CAP. Nous nous sommes aussi int\u00e9ress\u00e9 \u00e0 la gr\u00e8ve de l\u2019h\u00f4pital de la Providence. Enfin, nous avons mis en place en collaboration avec l&rsquo;Auditoire une conf\u00e9rence sur la nourriture et la question de la consommation de viande.<\/p>\n<p><a title=\"SEANCES DES MOIS DE FEVRIER ET MARS\" href=\"https:\/\/www.asso-unil.ch\/grc\/2013\/04\/seances-des-mois-de-fevrier-et-mars\/\" target=\"_blank\">Continue reading ?<\/a><\/p>\n<\/div>\n<\/div>\n","protected":false},"excerpt":{"rendered":"<p>SEANCES DES MOIS DE SEPTEMBRE ET OCTOBRE Nos prochaines s\u00e9ances sont consacr\u00e9es \u00e0 des conf\u00e9rences-d\u00e9bats portant aussi bien sur l&rsquo;actualit\u00e9 de ces derniers mois que sur l&rsquo;importance d&rsquo;anciennes luttes. Nous &hellip; <\/p>\n","protected":false},"author":14,"featured_media":0,"parent":89,"menu_order":8,"comment_status":"closed","ping_status":"closed","template":"","meta":{"_seopress_robots_primary_cat":"","_seopress_titles_title":"","_seopress_titles_desc":"","_seopress_robots_index":"","footnotes":""},"class_list":["post-773","page","type-page","status-publish"],"_links":{"self":[{"href":"https:\/\/www.asso-unil.ch\/grc\/wp-json\/wp\/v2\/pages\/773","targetHints":{"allow":["GET"]}}],"collection":[{"href":"https:\/\/www.asso-unil.ch\/grc\/wp-json\/wp\/v2\/pages"}],"about":[{"href":"https:\/\/www.asso-unil.ch\/grc\/wp-json\/wp\/v2\/types\/page"}],"author":[{"embeddable":true,"href":"https:\/\/www.asso-unil.ch\/grc\/wp-json\/wp\/v2\/users\/14"}],"replies":[{"embeddable":true,"href":"https:\/\/www.asso-unil.ch\/grc\/wp-json\/wp\/v2\/comments?post=773"}],"version-history":[{"count":0,"href":"https:\/\/www.asso-unil.ch\/grc\/wp-json\/wp\/v2\/pages\/773\/revisions"}],"up":[{"embeddable":true,"href":"https:\/\/www.asso-unil.ch\/grc\/wp-json\/wp\/v2\/pages\/89"}],"wp:attachment":[{"href":"https:\/\/www.asso-unil.ch\/grc\/wp-json\/wp\/v2\/media?parent=773"}],"curies":[{"name":"wp","href":"https:\/\/api.w.org\/{rel}","templated":true}]}}