{"id":368,"date":"2012-03-04T15:14:20","date_gmt":"2012-03-04T14:14:20","guid":{"rendered":"http:\/\/www.asso-unil.ch\/grc\/?page_id=368"},"modified":"2023-01-11T14:42:18","modified_gmt":"2023-01-11T13:42:18","slug":"archives-2","status":"publish","type":"page","link":"https:\/\/www.asso-unil.ch\/grc\/archives-2\/","title":{"rendered":"Archives"},"content":{"rendered":"<p>Ici vous trouvez les \u00e9v\u00e9nements pass\u00e9es organis\u00e9es par le GRC.<\/p>\n<p><strong>S\u00e9ances:<\/strong><\/p>\n<p><a href=\"https:\/\/www.asso-unil.ch\/grc\/archives-2-seances-2021-2022\/\">2021-2022<\/a><br \/>\n<a title=\"2012 - 2013\" href=\"https:\/\/www.asso-unil.ch\/grc\/archives-2\/seances\/2012-2013\/\">2012-2013<\/a><br \/>\n<a title=\"2011 - 2012\" href=\"https:\/\/www.asso-unil.ch\/grc\/archives-2\/seances\/2011-2012\/\">2011-2012<\/a><br \/>\n<a title=\"2010 - 2011\" href=\"https:\/\/www.asso-unil.ch\/grc\/archives-2\/seances\/2010-2011\/\">2010-2011<\/a><br \/>\n<a title=\"2009 - 2010\" href=\"https:\/\/www.asso-unil.ch\/grc\/archives-2\/seances\/2009-2010\/\">2009-2010<\/a><br \/>\n<a title=\"2008 - 2009\" href=\"https:\/\/www.asso-unil.ch\/grc\/archives-2\/seances\/2008-2009\/\">2008-2009<\/a><br \/>\n<a title=\"2007 - 2008\" href=\"https:\/\/www.asso-unil.ch\/grc\/archives-2\/seances\/2007-2008\/\">2007-2008<\/a><br \/>\n<a title=\"2006 - 2007\" href=\"https:\/\/www.asso-unil.ch\/grc\/archives-2\/seances\/2006-2007\/\">2006-2007<\/a><br \/>\n<a title=\"2005 - 2006\" href=\"https:\/\/www.asso-unil.ch\/grc\/archives-2\/seances\/2005-2006\/\">2005-2006<\/a><br \/>\n<a title=\"2004 - 2005\" href=\"https:\/\/www.asso-unil.ch\/grc\/archives-2\/seances\/2004-2005\/\">2004-2005<\/a><\/p>\n<p><strong>Conf\u00e9rences:<\/strong><\/p>\n<p><a href=\"https:\/\/www.asso-unil.ch\/grc\/archives-2\/conferences\/2011-2012\/\">2011-2012<\/a><br \/>\n<a href=\"https:\/\/www.asso-unil.ch\/grc\/archives-2\/conferences\/2010-2011\/\">2010-2011<\/a><br \/>\n<a href=\"https:\/\/www.asso-unil.ch\/grc\/archives-2\/conferences\/2009-2010\/\">2009-2010<\/a><br \/>\n<a href=\"https:\/\/www.asso-unil.ch\/grc\/archives-2\/conferences\/2008-2009\/\">2008-2009<\/a><br \/>\n<a href=\"https:\/\/www.asso-unil.ch\/grc\/archives-2\/conferences\/2007-2008\/\">2007-2008<\/a><br \/>\n<a href=\"https:\/\/www.asso-unil.ch\/grc\/archives-2\/conferences\/2006-2007\/\">2006-2007<\/a><br \/>\n<a href=\"https:\/\/www.asso-unil.ch\/grc\/archives-2\/conferences\/2005-2006\/\">2005-2006<\/a><br \/>\n<a href=\"https:\/\/www.asso-unil.ch\/grc\/archives-2\/conferences\/2004-2005\/\">2004-2005<\/a><br \/>\n<a href=\"https:\/\/www.asso-unil.ch\/grc\/archives-2\/conferences\/avant-2004\/\">avant 2004<\/a><br \/>\n<a href=\"https:\/\/www.asso-unil.ch\/grc\/archives-2\/conferences\/avant-1998\/\">avant 1998<\/a><\/p>\n<p>Publications du GRC: <a href=\"https:\/\/www.asso-unil.ch\/grc\/archives-2\/archives-grc\">&#8211;&gt;<\/a><\/p>\n<p>Autres Activit\u00e9s: <a href=\"https:\/\/www.asso-unil.ch\/grc\/archives-2\/autres-activites\">&#8211;&gt;<\/a><\/p>\n","protected":false},"excerpt":{"rendered":"<p>Ici vous trouvez les \u00e9v\u00e9nements pass\u00e9es organis\u00e9es par le GRC. S\u00e9ances: 2021-2022 2012-2013 2011-2012 2010-2011 2009-2010 2008-2009 2007-2008 2006-2007 2005-2006 2004-2005 Conf\u00e9rences: 2011-2012 2010-2011 2009-2010 2008-2009 2007-2008 2006-2007 2005-2006 2004-2005 &hellip; <\/p>\n","protected":false},"author":7,"featured_media":0,"parent":0,"menu_order":16,"comment_status":"closed","ping_status":"closed","template":"","meta":{"_seopress_robots_primary_cat":"","_seopress_titles_title":"","_seopress_titles_desc":"","_seopress_robots_index":"","footnotes":""},"class_list":["post-368","page","type-page","status-publish"],"_links":{"self":[{"href":"https:\/\/www.asso-unil.ch\/grc\/wp-json\/wp\/v2\/pages\/368","targetHints":{"allow":["GET"]}}],"collection":[{"href":"https:\/\/www.asso-unil.ch\/grc\/wp-json\/wp\/v2\/pages"}],"about":[{"href":"https:\/\/www.asso-unil.ch\/grc\/wp-json\/wp\/v2\/types\/page"}],"author":[{"embeddable":true,"href":"https:\/\/www.asso-unil.ch\/grc\/wp-json\/wp\/v2\/users\/7"}],"replies":[{"embeddable":true,"href":"https:\/\/www.asso-unil.ch\/grc\/wp-json\/wp\/v2\/comments?post=368"}],"version-history":[{"count":0,"href":"https:\/\/www.asso-unil.ch\/grc\/wp-json\/wp\/v2\/pages\/368\/revisions"}],"wp:attachment":[{"href":"https:\/\/www.asso-unil.ch\/grc\/wp-json\/wp\/v2\/media?parent=368"}],"curies":[{"name":"wp","href":"https:\/\/api.w.org\/{rel}","templated":true}]}}