{"id":334,"date":"2012-03-03T23:37:29","date_gmt":"2012-03-03T22:37:29","guid":{"rendered":"http:\/\/www.asso-unil.ch\/grc\/?page_id=334"},"modified":"2012-11-12T12:15:00","modified_gmt":"2012-11-12T11:15:00","slug":"2005-2006-2","status":"publish","type":"page","link":"https:\/\/www.asso-unil.ch\/grc\/archives-2\/seances\/2005-2006-2\/","title":{"rendered":"2005-2006"},"content":{"rendered":"<p><strong>Jeudi 27 octobre &#8211; <\/strong><strong>L&rsquo;OMC : 10 ans de destructions<br \/>\n<\/strong>L&rsquo;Organisation Mondiale du Commerce (OMC) a dix ans d&rsquo;existance. Cette institution a d\u00e9j\u00e0 une histoire charg\u00e9e et constest\u00e9e, nous ferons un petit \u00e9tat des lieux. Avant la prochaine rencontre ministerielle de Honk-Hong en d\u00e9cembre, quelle est la situation des n\u00e9gociations et des forces en pr\u00e9sence, quels enjeux pour les pays du Sud et leur impact sur les choix de soci\u00e9t\u00e9.<\/p>\n<p><strong>Jeudi 3 novembre &#8211; <\/strong><strong>La r\u00e9forme de Bologne: sauce n\u00e9olib\u00e9rale<br \/>\n<\/strong>La d\u00e9claration de Bologne et les r\u00e9formes en cours dans l&rsquo;enseignement sup\u00e9rieur conduisent \u00e0 des transformations en profondeur de notre universit\u00e9. Ceci s&rsquo;inscrit dans une dynamique bien d\u00e9finie qu&rsquo;il s&rsquo;agit de d\u00e9crypter. Concr\u00e8tement, quel sont les impacts sur la formation et l&rsquo;acc\u00e8s aux \u00e9tudes? Quelle universit\u00e9 d\u00e9mocratique voulons-nous ?<\/p>\n<p><strong>Jeudi 24 novembre &#8211; <\/strong><strong>Discussion sur la situation dans les banlieues fran\u00e7aises<br \/>\n<\/strong>diff\u00e9rents textes int\u00e9ressants sont accessibles par le biais du site alencontre<\/p>\n<p><strong>Jeudi 1er d\u00e9cembre &#8211; Des lois qui cr\u00e9ent des sans-papiers!<br \/>\n<\/strong>Les r\u00e9visions de la Loi sur les Etrangers et de la Loi sur l&rsquo;Asile, actuellement en discussion au Parlement, sont de v\u00e9ritables attaques contre les droits des personnes migrantes. Quels sont les changements introduits par ces r\u00e9visions? Quels int\u00e9r\u00eats servent-elles? Pourquoi et comment les combattre?<br \/>\nPour en discuter, nous invitons Jean-Michel Dolivo, avocat et membre du collectif vaudois de soutien aux sans-papiers<br \/>\ntexte de J.-M. Dolivo<\/p>\n<p><strong>Jeudi 8 d\u00e9cembre &#8211; L&rsquo;aide publique au d\u00e9veloppement \u00e0 la fran\u00e7aise: la fili\u00e8re coloniale<\/strong><\/p>\n<p><strong>Jeudi 15 d\u00e9cembre &#8211; Travailleurs sociaux et contr\u00f4le social, quels enjeux?<br \/>\n<\/strong>avec Bertrand Martinelli, \u00e9ducateur sp\u00e9cialis\u00e9, directeur du Home-Chez-Nous (internat scolaire pour adolescent en rupture sociale), membre d&rsquo;AvenirSocial (association professionnelle de travailleuses et travailleurs sociales).<\/p>\n<p><strong>Jeudi 12 janvier<br \/>\n<\/strong>Discussion des chapitres 1 et 2 de l&rsquo;ouvrage de Serge Halimi \u00ab\u00a0Le grand bond en arri\u00e8re\u00a0\u00bb, Paris, Fayard, 2004<\/p>\n<p><strong>Jeudi 9 f\u00e9vrier &#8211; Discussion du chapitre 5 de l&rsquo;ouvrage de Serge Halimi \u00ab\u00a0Le grand bond en arri\u00e8re\u00a0\u00bb<\/strong><\/p>\n<p><strong>Jeudi 23 mars<br \/>\n<\/strong>Discussion sur la crise \u00e9conomique des ann\u00e9es 70 avec Olivier Longchamp, assistant en histoire \u00e9conomique<\/p>\n<p><strong>Jeudi 6 avril<br \/>\n<\/strong>Discussion sur le CPE et les mobilisations en France<\/p>\n<p><strong>Jeudi 13 avril<br \/>\n<\/strong>Discussion du chapitre 6 de l&rsquo;ouvrage de Serge Halimi \u00ab\u00a0Le grand bond en arri\u00e8re\u00a0\u00bb<\/p>\n<p><strong>Jeudi 1er juin<\/strong><br \/>\nDiscussion du chapitre 7 de l&rsquo;ouvrage de Halimi \u00ab\u00a0Le Grand Bond en Arri\u00e8re\u00a0\u00bb<\/p>\n","protected":false},"excerpt":{"rendered":"<p>Jeudi 27 octobre &#8211; L&rsquo;OMC : 10 ans de destructions L&rsquo;Organisation Mondiale du Commerce (OMC) a dix ans d&rsquo;existance. Cette institution a d\u00e9j\u00e0 une histoire charg\u00e9e et constest\u00e9e, nous ferons &hellip; <\/p>\n","protected":false},"author":7,"featured_media":0,"parent":89,"menu_order":16,"comment_status":"closed","ping_status":"closed","template":"","meta":{"_seopress_robots_primary_cat":"","_seopress_titles_title":"","_seopress_titles_desc":"","_seopress_robots_index":"","footnotes":""},"class_list":["post-334","page","type-page","status-publish"],"_links":{"self":[{"href":"https:\/\/www.asso-unil.ch\/grc\/wp-json\/wp\/v2\/pages\/334","targetHints":{"allow":["GET"]}}],"collection":[{"href":"https:\/\/www.asso-unil.ch\/grc\/wp-json\/wp\/v2\/pages"}],"about":[{"href":"https:\/\/www.asso-unil.ch\/grc\/wp-json\/wp\/v2\/types\/page"}],"author":[{"embeddable":true,"href":"https:\/\/www.asso-unil.ch\/grc\/wp-json\/wp\/v2\/users\/7"}],"replies":[{"embeddable":true,"href":"https:\/\/www.asso-unil.ch\/grc\/wp-json\/wp\/v2\/comments?post=334"}],"version-history":[{"count":0,"href":"https:\/\/www.asso-unil.ch\/grc\/wp-json\/wp\/v2\/pages\/334\/revisions"}],"up":[{"embeddable":true,"href":"https:\/\/www.asso-unil.ch\/grc\/wp-json\/wp\/v2\/pages\/89"}],"wp:attachment":[{"href":"https:\/\/www.asso-unil.ch\/grc\/wp-json\/wp\/v2\/media?parent=334"}],"curies":[{"name":"wp","href":"https:\/\/api.w.org\/{rel}","templated":true}]}}

<p><strong>Jeudi 27 octobre &#8211; </strong><strong>L&rsquo;OMC : 10 ans de destructions<br />
</strong>L&rsquo;Organisation Mondiale du Commerce (OMC) a dix ans d&rsquo;existance. Cette institution a déjà une histoire chargée et constestée, nous ferons un petit état des lieux. Avant la prochaine rencontre ministerielle de Honk-Hong en décembre, quelle est la situation des négociations et des forces en présence, quels enjeux pour les pays du Sud et leur impact sur les choix de société.</p>
<p><strong>Jeudi 3 novembre &#8211; </strong><strong>La réforme de Bologne: sauce néolibérale<br />
</strong>La déclaration de Bologne et les réformes en cours dans l&rsquo;enseignement supérieur conduisent à des transformations en profondeur de notre université. Ceci s&rsquo;inscrit dans une dynamique bien définie qu&rsquo;il s&rsquo;agit de décrypter. Concrètement, quel sont les impacts sur la formation et l&rsquo;accès aux études? Quelle université démocratique voulons-nous ?</p>
<p><strong>Jeudi 24 novembre &#8211; </strong><strong>Discussion sur la situation dans les banlieues françaises<br />
</strong>différents textes intéressants sont accessibles par le biais du site alencontre</p>
<p><strong>Jeudi 1er décembre &#8211; Des lois qui créent des sans-papiers!<br />
</strong>Les révisions de la Loi sur les Etrangers et de la Loi sur l&rsquo;Asile, actuellement en discussion au Parlement, sont de véritables attaques contre les droits des personnes migrantes. Quels sont les changements introduits par ces révisions? Quels intérêts servent-elles? Pourquoi et comment les combattre?<br />
Pour en discuter, nous invitons Jean-Michel Dolivo, avocat et membre du collectif vaudois de soutien aux sans-papiers<br />
texte de J.-M. Dolivo</p>
<p><strong>Jeudi 8 décembre &#8211; L&rsquo;aide publique au développement à la française: la filière coloniale</strong></p>
<p><strong>Jeudi 15 décembre &#8211; Travailleurs sociaux et contrôle social, quels enjeux?<br />
</strong>avec Bertrand Martinelli, éducateur spécialisé, directeur du Home-Chez-Nous (internat scolaire pour adolescent en rupture sociale), membre d&rsquo;AvenirSocial (association professionnelle de travailleuses et travailleurs sociales).</p>
<p><strong>Jeudi 12 janvier<br />
</strong>Discussion des chapitres 1 et 2 de l&rsquo;ouvrage de Serge Halimi « Le grand bond en arrière », Paris, Fayard, 2004</p>
<p><strong>Jeudi 9 février &#8211; Discussion du chapitre 5 de l&rsquo;ouvrage de Serge Halimi « Le grand bond en arrière »</strong></p>
<p><strong>Jeudi 23 mars<br />
</strong>Discussion sur la crise économique des années 70 avec Olivier Longchamp, assistant en histoire économique</p>
<p><strong>Jeudi 6 avril<br />
</strong>Discussion sur le CPE et les mobilisations en France</p>
<p><strong>Jeudi 13 avril<br />
</strong>Discussion du chapitre 6 de l&rsquo;ouvrage de Serge Halimi « Le grand bond en arrière »</p>
<p><strong>Jeudi 1er juin</strong><br />
Discussion du chapitre 7 de l&rsquo;ouvrage de Halimi « Le Grand Bond en Arrière »</p>

<p>Jeudi 27 octobre &#8211; L&rsquo;OMC : 10 ans de destructions L&rsquo;Organisation Mondiale du Commerce (OMC) a dix ans d&rsquo;existance. Cette institution a déjà une histoire chargée et constestée, nous ferons &hellip; </p>
