{"id":2860,"date":"2023-02-13T18:21:12","date_gmt":"2023-02-13T17:21:12","guid":{"rendered":"https:\/\/www.asso-unil.ch\/grc\/?page_id=2860"},"modified":"2023-02-13T18:21:31","modified_gmt":"2023-02-13T17:21:31","slug":"2023-2","status":"publish","type":"page","link":"https:\/\/www.asso-unil.ch\/grc\/archives-2\/conferences\/2023-2\/","title":{"rendered":"2023"},"content":{"rendered":"\n<p>De nouvelles conf\u00e9rences et \u00e9v\u00e9nements seront organis\u00e9s par le comit\u00e9 organisationnel du GRC tout au long de l&rsquo;ann\u00e9e 2023. N&rsquo;h\u00e9sitez pas \u00e0 consulter r\u00e9guli\u00e8rement notre site internet et nos r\u00e9seaux sociaux pour en savoir plus. <\/p>\n","protected":false},"excerpt":{"rendered":"<p>De nouvelles conf\u00e9rences et \u00e9v\u00e9nements seront organis\u00e9s par le comit\u00e9 organisationnel du GRC tout au long de l&rsquo;ann\u00e9e 2023. N&rsquo;h\u00e9sitez pas \u00e0 consulter r\u00e9guli\u00e8rement notre site internet et nos r\u00e9seaux &hellip; <\/p>\n","protected":false},"author":212,"featured_media":0,"parent":131,"menu_order":-1,"comment_status":"closed","ping_status":"closed","template":"","meta":{"_seopress_robots_primary_cat":"","_seopress_titles_title":"","_seopress_titles_desc":"","_seopress_robots_index":"","footnotes":""},"class_list":["post-2860","page","type-page","status-publish"],"_links":{"self":[{"href":"https:\/\/www.asso-unil.ch\/grc\/wp-json\/wp\/v2\/pages\/2860","targetHints":{"allow":["GET"]}}],"collection":[{"href":"https:\/\/www.asso-unil.ch\/grc\/wp-json\/wp\/v2\/pages"}],"about":[{"href":"https:\/\/www.asso-unil.ch\/grc\/wp-json\/wp\/v2\/types\/page"}],"author":[{"embeddable":true,"href":"https:\/\/www.asso-unil.ch\/grc\/wp-json\/wp\/v2\/users\/212"}],"replies":[{"embeddable":true,"href":"https:\/\/www.asso-unil.ch\/grc\/wp-json\/wp\/v2\/comments?post=2860"}],"version-history":[{"count":0,"href":"https:\/\/www.asso-unil.ch\/grc\/wp-json\/wp\/v2\/pages\/2860\/revisions"}],"up":[{"embeddable":true,"href":"https:\/\/www.asso-unil.ch\/grc\/wp-json\/wp\/v2\/pages\/131"}],"wp:attachment":[{"href":"https:\/\/www.asso-unil.ch\/grc\/wp-json\/wp\/v2\/media?parent=2860"}],"curies":[{"name":"wp","href":"https:\/\/api.w.org\/{rel}","templated":true}]}}

<p>De nouvelles conférences et événements seront organisés par le comité organisationnel du GRC tout au long de l&rsquo;année 2023. N&rsquo;hésitez pas à consulter régulièrement notre site internet et nos réseaux sociaux pour en savoir plus. </p>

<p>De nouvelles conférences et événements seront organisés par le comité organisationnel du GRC tout au long de l&rsquo;année 2023. N&rsquo;hésitez pas à consulter régulièrement notre site internet et nos réseaux &hellip; </p>
