{"id":167,"date":"2012-03-03T16:05:01","date_gmt":"2012-03-03T15:05:01","guid":{"rendered":"http:\/\/www.asso-unil.ch\/grc\/?page_id=167"},"modified":"2012-03-04T17:39:53","modified_gmt":"2012-03-04T16:39:53","slug":"2010-2011","status":"publish","type":"page","link":"https:\/\/www.asso-unil.ch\/grc\/archives-2\/conferences\/2010-2011\/","title":{"rendered":"2010-2011"},"content":{"rendered":"<p style=\"text-align: left\"><span style=\"color: #993300\"><strong>Historique des conf\u00e9rences 2010-2011<\/strong><\/span><\/p>\n<h2 style=\"text-align: left\"><\/h2>\n<h2 style=\"text-align: center\"><strong><br \/>\nMarchandisation du savoir et bourses d&rsquo;\u00e9tudes: quelles conditions d&rsquo;acc\u00e8s aux \u00e9tudes sup\u00e9rieures ?<\/strong><\/h2>\n<p style=\"text-align: center\">Conf\u00e9rence pr\u00e9sent\u00e9e par<br \/>\n<span style=\"color: #993300\"><strong>MALIK OZDEN<\/strong><\/span><br \/>\n(Responsable du Programme des droits humains au Centre Europe &#8211; Tiers Monde \u00e0 Gen\u00e8ve)<\/p>\n<p style=\"text-align: center\"><strong><span style=\"color: #993300\">ALBERTO MOCCHI<\/span><\/strong><br \/>\n(FAE, Responsable de campagne pour l\u2019initiative sur les bourses d\u2019\u00e9tudes) qui sera suivie d&rsquo;une discussion.<\/p>\n<p style=\"text-align: center\"><span style=\"text-decoration: underline\">Mercredi 3 novembre, 17h15, salle 3128, b\u00e2timent Anthrop\u00f4le<\/span><\/p>\n<p>&nbsp;<\/p>\n<p>&nbsp;<\/p>\n<h2 style=\"text-align: center\"><strong>Quelles cons\u00e9quences de la crise actuelle sur le travail f\u00e9minin en Suisse ?<\/strong><\/h2>\n<p style=\"text-align: center\"><strong><span style=\"color: #800000\">Conf\u00e9rence avec C\u00e9line Schoeni<\/span><\/strong><br \/>\nHistorienne d&rsquo;\u00e9tude genre<\/p>\n<p style=\"text-align: center\"><span style=\"text-decoration: underline\">Mercredi 20 avril, 17h15, salle 3128, Anthropole<\/span><\/p>\n<p>&nbsp;<\/p>\n<p>&nbsp;<\/p>\n<h2 style=\"text-align: center\"><strong>Renaissance du mouvement social aux Etats-Unis: quelles perpectives ?<\/strong><\/h2>\n<p style=\"text-align: center\"><strong><span style=\"color: #800000\">Conf\u00e9rence avec Dan La Botz<\/span><\/strong><\/p>\n<p>Historien et syndicaliste am\u00e9ricain. Professeur d&rsquo;histoire des Etats-Unis et de l&rsquo;Am\u00e9rique latine dans les Universit\u00e9s de Miami, Cincinnati et de la Northern Kentucky University<\/p>\n<p style=\"text-align: center\"><span style=\"text-decoration: underline\">Mardi, 24 mai, 17h15, salle 2024, Anthropole<\/span><\/p>\n","protected":false},"excerpt":{"rendered":"<p>Historique des conf\u00e9rences 2010-2011 Marchandisation du savoir et bourses d&rsquo;\u00e9tudes: quelles conditions d&rsquo;acc\u00e8s aux \u00e9tudes sup\u00e9rieures ? Conf\u00e9rence pr\u00e9sent\u00e9e par MALIK OZDEN (Responsable du Programme des droits humains au Centre &hellip; <\/p>\n","protected":false},"author":7,"featured_media":0,"parent":131,"menu_order":4,"comment_status":"closed","ping_status":"closed","template":"","meta":{"_seopress_robots_primary_cat":"","_seopress_titles_title":"","_seopress_titles_desc":"","_seopress_robots_index":"","footnotes":""},"class_list":["post-167","page","type-page","status-publish"],"_links":{"self":[{"href":"https:\/\/www.asso-unil.ch\/grc\/wp-json\/wp\/v2\/pages\/167","targetHints":{"allow":["GET"]}}],"collection":[{"href":"https:\/\/www.asso-unil.ch\/grc\/wp-json\/wp\/v2\/pages"}],"about":[{"href":"https:\/\/www.asso-unil.ch\/grc\/wp-json\/wp\/v2\/types\/page"}],"author":[{"embeddable":true,"href":"https:\/\/www.asso-unil.ch\/grc\/wp-json\/wp\/v2\/users\/7"}],"replies":[{"embeddable":true,"href":"https:\/\/www.asso-unil.ch\/grc\/wp-json\/wp\/v2\/comments?post=167"}],"version-history":[{"count":0,"href":"https:\/\/www.asso-unil.ch\/grc\/wp-json\/wp\/v2\/pages\/167\/revisions"}],"up":[{"embeddable":true,"href":"https:\/\/www.asso-unil.ch\/grc\/wp-json\/wp\/v2\/pages\/131"}],"wp:attachment":[{"href":"https:\/\/www.asso-unil.ch\/grc\/wp-json\/wp\/v2\/media?parent=167"}],"curies":[{"name":"wp","href":"https:\/\/api.w.org\/{rel}","templated":true}]}}