{"id":157,"date":"2012-03-03T16:03:39","date_gmt":"2012-03-03T15:03:39","guid":{"rendered":"http:\/\/www.asso-unil.ch\/grc\/?page_id=157"},"modified":"2012-03-04T16:36:50","modified_gmt":"2012-03-04T15:36:50","slug":"2004-2005","status":"publish","type":"page","link":"https:\/\/www.asso-unil.ch\/grc\/archives-2\/conferences\/2004-2005\/","title":{"rendered":"2004-2005"},"content":{"rendered":"<p><strong><span style=\"color: #993300\">Historique des conf\u00e9rences, 2004-2005<\/span><\/strong><\/p>\n<p><strong>Le d\u00e9veloppement a-t-il un avenir?<\/strong><br \/>\nJeudi 2 d\u00e9cembre 2004, 17h15, salle 2064, BFSH2<br \/>\nAvec St\u00e9phanie Treillet, \u00e9conomiste du d\u00e9veloppement, conseil scientifique d&rsquo;Attac<br \/>\nCo-organis\u00e9 avec ATTAC et Ing\u00e9nieurs du Monde<\/p>\n<p>&nbsp;<\/p>\n<p><strong>Syndicalistes palestiniens<\/strong><br \/>\nJeudi 2 d\u00e9cembre 2004, 12h00, salle 2064, BFSH-2<br \/>\nRencontre avec des syndicalistes palestiniens<br \/>\nOrganis\u00e9 par la CAP et soutenu par GRC<\/p>\n<p>&nbsp;<\/p>\n<p><strong>Journ\u00e9e des femmes<\/strong><br \/>\nMardi 8 mars 2005, 12H dans la salle 2024 du BFSH2<br \/>\nen collaboration avec la FAE et le Bureau de l&rsquo;\u00e9galit\u00e9<br \/>\nTable ronde sur les violences envers les femmes<br \/>\nAnne-Marie Henchoz, collaboratrice p\u00e9dagogique DFJ<br \/>\nSt\u00e9phanie Apoth\u00e9loz, Association La Meute<br \/>\nNadia Gaillet, syndicat des services publics, R\u00e9gion Vaud<\/p>\n<p>&nbsp;<\/p>\n<p><strong>Projection de film<\/strong>: <strong>Flores de septiembre<\/strong><br \/>\nLundi 14 mars 2005, 17h00 Salle 2064 BFSH-2 Universit\u00e9 de Lausanne. En parall\u00e8le \u00e0 la pi\u00e8ce \u00ab\u00a0Toiles d&rsquo;araign\u00e9es\u00a0\u00bb de Eduardo Pavlovsky (8-20 mars Grange de Dorigny ), le Groupe Regards Critiques et la Grange de Dorigny vous invitent \u00e0 la projection du film:<br \/>\nFlores de septiembre, de Pablo Osores, Roberto Testa, Nicolas Waiszelbaum, Argentine &#8211; 2003 (Version originale en espagnol sous-titr\u00e9e en anglais)<\/p>\n<p>Ce film retrace les ann\u00e9es tragiques de la dictature en Argentine \u00e0 travers la disparition d&rsquo;\u00e9tudiant-e-s fr\u00e9quentant le lyc\u00e9e Carlos Pellegrini, l&rsquo;une des institutions les plus prestigieuses de Buenos Aires. Au moyen des t\u00e9moignages de camarades, de professeurs et d&rsquo;amis, les r\u00e9alisateurs reconstruisent le climat r\u00e9pressif brutal de cette \u00e9poque ainsi que l&rsquo;id\u00e9alisme et la ferveur militante d&rsquo;une partie de la jeunesse \u00e9tudiante.<\/p>\n<p>La projection sera suivie d&rsquo;une discussion avec Norberto Gimelfarb, argentin, \u00e9crivain et enseignant au Centre de langues de l&rsquo;UNIL, puis d&rsquo;un ap\u00e9ritif.<\/p>\n<p>&nbsp;<\/p>\n<p><strong>Conf\u00e9rence sur la dette: \u00ab\u00a0Les tsumamis de la dette\u00a0\u00bb<\/strong><br \/>\nMercredi 23 mars 2005, 18h15, EPFL auditoire CO2<br \/>\nConf\u00e9rence d&rsquo;Eric Toussaint<br \/>\nPr\u00e9sident du Comit\u00e9 pour l&rsquo;Annulation de la Dette du Tiers Monde (CADTM), organis\u00e9 en collaboration avec Ing\u00e9nieurs du Monde<\/p>\n<p>Le tsunami survenu en d\u00e9cembre dernier en Asie du sud remet la dette au sommet de l&rsquo;actualit\u00e9. En effet, certains pays cr\u00e9anciers ont parl\u00e9 d&rsquo;un moratoire sur les remboursements qui soulagerait les nations affect\u00e9es par la catastrophe de mani\u00e8re provisoire. Historien et politologue, Eric Toussaint est collaborateur scientifique de l&rsquo;universit\u00e9 de Li\u00e8ge et est notamment l&rsquo;auteur de La Finance contre les peuples. La Bourse ou la Vie, 2004. Il pr\u00e9pare actuellement son nouvel ouvrage Tsunami de la dette. Il nous parlera des liens entre le tsunami et les mesures d&rsquo;aide financi\u00e8re issue des pays riches tout en explorant l&rsquo;origine et la p\u00e9rennit\u00e9 de la dette qu&rsquo;ont contract\u00e9e de nombreux \u00e9tats du sud envers des cr\u00e9anciers priv\u00e9s mais aussi vers d&rsquo;autres \u00e9tats du nord.<\/p>\n","protected":false},"excerpt":{"rendered":"<p>Historique des conf\u00e9rences, 2004-2005 Le d\u00e9veloppement a-t-il un avenir? Jeudi 2 d\u00e9cembre 2004, 17h15, salle 2064, BFSH2 Avec St\u00e9phanie Treillet, \u00e9conomiste du d\u00e9veloppement, conseil scientifique d&rsquo;Attac Co-organis\u00e9 avec ATTAC et &hellip; <\/p>\n","protected":false},"author":7,"featured_media":0,"parent":131,"menu_order":11,"comment_status":"closed","ping_status":"closed","template":"","meta":{"_seopress_robots_primary_cat":"","_seopress_titles_title":"","_seopress_titles_desc":"","_seopress_robots_index":"","footnotes":""},"class_list":["post-157","page","type-page","status-publish"],"_links":{"self":[{"href":"https:\/\/www.asso-unil.ch\/grc\/wp-json\/wp\/v2\/pages\/157","targetHints":{"allow":["GET"]}}],"collection":[{"href":"https:\/\/www.asso-unil.ch\/grc\/wp-json\/wp\/v2\/pages"}],"about":[{"href":"https:\/\/www.asso-unil.ch\/grc\/wp-json\/wp\/v2\/types\/page"}],"author":[{"embeddable":true,"href":"https:\/\/www.asso-unil.ch\/grc\/wp-json\/wp\/v2\/users\/7"}],"replies":[{"embeddable":true,"href":"https:\/\/www.asso-unil.ch\/grc\/wp-json\/wp\/v2\/comments?post=157"}],"version-history":[{"count":0,"href":"https:\/\/www.asso-unil.ch\/grc\/wp-json\/wp\/v2\/pages\/157\/revisions"}],"up":[{"embeddable":true,"href":"https:\/\/www.asso-unil.ch\/grc\/wp-json\/wp\/v2\/pages\/131"}],"wp:attachment":[{"href":"https:\/\/www.asso-unil.ch\/grc\/wp-json\/wp\/v2\/media?parent=157"}],"curies":[{"name":"wp","href":"https:\/\/api.w.org\/{rel}","templated":true}]}}