{"id":150,"date":"2012-03-03T15:57:16","date_gmt":"2012-03-03T14:57:16","guid":{"rendered":"http:\/\/www.asso-unil.ch\/grc\/?page_id=150"},"modified":"2012-11-12T12:15:28","modified_gmt":"2012-11-12T11:15:28","slug":"2011-2012","status":"publish","type":"page","link":"https:\/\/www.asso-unil.ch\/grc\/archives-2\/seances\/2011-2012\/","title":{"rendered":"2011-2012"},"content":{"rendered":"<p><strong>S\u00e9ances du mois de mars 2012<\/strong><br \/>\nCe mois nous discutons de l\u2019Affaire Megaupload,\u00a0nous accueillons une \u00e9cof\u00e9ministe espagnole, Yayo Herrero,\u00a0 <strong><\/strong>et continuons, toujours sur notre th\u00e9matique phare du semestre, avec la projection d\u2019un documentaire sur l\u2019accaparement des terres du Sud par les milieux capitalistes occidentaux ainsi que sur une lecture commune sur ce th\u00e8me. <a title=\"S\u00e9ances du mois de mars 2012\" href=\"https:\/\/www.asso-unil.ch\/grc\/2012\/04\/seances-du-mois-de-mars-2012\/\">Continue reading ?<\/a><\/p>\n<p><strong>S\u00e9ances des mois d\u2019avril-mai 2012<\/strong><\/p>\n<div>\n<p>Nos prochaines s\u00e9ances sont consacr\u00e9es \u00e0 des conf\u00e9rences-d\u00e9bats portant sur la crise environnementale et les diff\u00e9rents courants de pens\u00e9e qui tentent d\u2019y apporter des solutions. Quels sont ces diff\u00e9rents courants ? Quels sont leurs diff\u00e9rences et leurs points communs ? Quels sont leurs propositions phares et comment peuvent-elles \u00eatre mises en oeuvre ? Pour en discuter et ouvrir le d\u00e9bat, nous invitons\u00a0 des intellectuel-lle-s et\/ou des militant-e-s qui sont au coeur des r\u00e9flexions et actions actuelles. <a title=\"S\u00e9ances des mois d\u2019avril-mai 2012\" href=\"https:\/\/www.asso-unil.ch\/grc\/2012\/07\/seances-des-mois-davril-et-mai\/\">Continue reading ?<\/a><\/p>\n<\/div>\n","protected":false},"excerpt":{"rendered":"<p>S\u00e9ances du mois de mars 2012 Ce mois nous discutons de l\u2019Affaire Megaupload,\u00a0nous accueillons une \u00e9cof\u00e9ministe espagnole, Yayo Herrero,\u00a0 et continuons, toujours sur notre th\u00e9matique phare du semestre, avec la &hellip; <\/p>\n","protected":false},"author":7,"featured_media":0,"parent":89,"menu_order":9,"comment_status":"closed","ping_status":"closed","template":"","meta":{"_seopress_robots_primary_cat":"","_seopress_titles_title":"","_seopress_titles_desc":"","_seopress_robots_index":"","footnotes":""},"class_list":["post-150","page","type-page","status-publish"],"_links":{"self":[{"href":"https:\/\/www.asso-unil.ch\/grc\/wp-json\/wp\/v2\/pages\/150","targetHints":{"allow":["GET"]}}],"collection":[{"href":"https:\/\/www.asso-unil.ch\/grc\/wp-json\/wp\/v2\/pages"}],"about":[{"href":"https:\/\/www.asso-unil.ch\/grc\/wp-json\/wp\/v2\/types\/page"}],"author":[{"embeddable":true,"href":"https:\/\/www.asso-unil.ch\/grc\/wp-json\/wp\/v2\/users\/7"}],"replies":[{"embeddable":true,"href":"https:\/\/www.asso-unil.ch\/grc\/wp-json\/wp\/v2\/comments?post=150"}],"version-history":[{"count":0,"href":"https:\/\/www.asso-unil.ch\/grc\/wp-json\/wp\/v2\/pages\/150\/revisions"}],"up":[{"embeddable":true,"href":"https:\/\/www.asso-unil.ch\/grc\/wp-json\/wp\/v2\/pages\/89"}],"wp:attachment":[{"href":"https:\/\/www.asso-unil.ch\/grc\/wp-json\/wp\/v2\/media?parent=150"}],"curies":[{"name":"wp","href":"https:\/\/api.w.org\/{rel}","templated":true}]}}