{"id":148,"date":"2012-03-03T15:56:56","date_gmt":"2012-03-03T14:56:56","guid":{"rendered":"http:\/\/www.asso-unil.ch\/grc\/?page_id=148"},"modified":"2012-11-12T12:15:22","modified_gmt":"2012-11-12T11:15:22","slug":"2010-2011","status":"publish","type":"page","link":"https:\/\/www.asso-unil.ch\/grc\/archives-2\/seances\/2010-2011\/","title":{"rendered":"2010-2011"},"content":{"rendered":"<p>Mercredi 29 septembre 2010,17h15, salle 3128, b\u00e2timent Anthrop\u00f4le<br \/>\nDiscussion-d\u00e9bat \u00e0 partir du texte \u00e9crit par Emmanuel Terray,<br \/>\n<strong>\u00abL&rsquo;\u00c9tat-nation vu par les sans-papiers\u00bb,<\/strong><br \/>\ndans Actuel Marx, 2008\/2, n\u00b0 44, pp. 41-52.<\/p>\n<p>&nbsp;<\/p>\n<p>Mercredi 6 octobre 2010, 17h15, salle 3128, b\u00e2timent Anthrop\u00f4le<br \/>\n<strong>Projection du film documentaire \u00ab\u00a0Vivre l&rsquo;utopie\u00a0\u00bb<\/strong><br \/>\n1936, en Espagne. La guerre \u00e9clate. Les tra vailleurs prennent les armes pour s&rsquo;opposer \u00e0 la tentative de coup d&rsquo;\u00c9tat de Franco. C&rsquo;est dans ce contexte que prend place<br \/>\nune exp\u00e9rience d&rsquo;organisation diff\u00e9 rente de la soci\u00e9t\u00e9, bas\u00e9e sur des collec ti visations et<br \/>\nl&rsquo;autogestion g\u00e9n\u00e9 ralis\u00e9e, processus dans lequel les mouvements anarchistes et anarcho-syndicalistes jouent un r\u00f4le important.<\/p>\n<p>&nbsp;<\/p>\n<p>Mercredi, 13 octobre 2010, 17h15, salle 3128, b\u00e2timent Anthrop\u00f4le<br \/>\n<strong>Discussion autour de deux textes en lien avec les questions de migration<\/strong><br \/>\n1)Celui de Alain Morice et Claire Rodier, \u00ab\u00a0Comment l&rsquo;Union europ\u00e9enne enferme ses voisins\u00a0\u00bb qui peut \u00eatre t\u00e9l\u00e9charg\u00e9 \u00e0 partir de ces deux adresses internet:<br \/>\n<a href=\"https:\/\/www.migreurop.org\/article1746.html\">https:\/\/www.migreurop.org\/article1746.html<\/a><br \/>\n<a href=\"https:\/\/dl.dropbox.com\/u\/1389551\/Rodier.pdf\">https:\/\/dl.dropbox.com\/u\/1389551\/Rodier.pdf<\/a><br \/>\n2) le texte de Gustave Massiah, \u00ab\u00a0Le cod\u00e9veloppement, otage de la &lsquo;ma\u00eetrise des flux'\u00a0\u00bb, in Claire Rodier et Emmanuel Terray (dir.), Immigration : fantasmes et r\u00e9alit\u00e9s. Pour une alternative \u00e0 la fermeture des fronti\u00e8res, Paris : La D\u00e9couverte, 2008, pp. 89-95.; qui peut \u00eatre t\u00e9l\u00e9charg\u00e9 \u00e0 partir de cette adresse<br \/>\nhttps:\/\/dl.dropbox.com\/u\/1389551\/Massiah.pdf<\/p>\n<p>&nbsp;<\/p>\n<p>Mercredi 20 octobre 2010, 17h15, salle 3128, b\u00e2timent Anthrop\u00f4le<br \/>\n<strong>Non \u00e0 l&rsquo;inscription de la double peine dans la Constitution<\/strong><br \/>\nD\u00e9bat introduit par Emilie Bovet et Justine D\u00e9traz, coordinatrices du Mouvement de lutte contre le racisme (MLCR) \u00e0 Lausanne.<\/p>\n<p>Le peuple suisse est amen\u00e9 \u00e0 se prononcer le 28 novembre prochain sur l&rsquo;initiative de l&rsquo;UDC \u00ab\u00a0Pour le renvoi des criminels \u00e9trangers\u00a0\u00bb et sur le contre projet des<br \/>\nChambres f\u00e9d\u00e9rales. Ces deux projets visent \u00e0 introduire une disposition ouvertement<br \/>\ndiscrimiatoire \u00e0 l&rsquo;\u00e9gard des \u00e9trangers-\u00e8res : la double peine. Il est n\u00e9cessaire de refuser une initiative et un contre-projet qui remettent en question des droits fondamentaux et assimilent sans complexe \u00e9trangers-\u00e8res et criminalit\u00e9.<\/p>\n<p>&nbsp;<\/p>\n<p>Mercredi 27 octobre, 17h15, salle 3128, b\u00e2timent Anthrop\u00f4le<br \/>\n<strong>Discussion-d\u00e9bat autour de la mobilisation contre la r\u00e9forme des retraite en France:\u00e9tat des lieux et enjeux<\/strong><br \/>\nVenez discuter des mobilisations contre la r\u00e9forme des retraites en France: Quels enjeux de la r\u00e9forme? O\u00f9 en est-elle? O\u00f9 en est le large mouvement social, et o\u00f9 va-t-il?<\/p>\n<p>&nbsp;<\/p>\n<p>Mercredi 10 novembre, 17h15, salle 3128, b\u00e2timent Anthrop\u00f4le<br \/>\n<strong>Nous poursuivons notre cycle de lecture, cette semaine, avec deux textes sur l&rsquo;immigration<\/strong>:<br \/>\n1) Un texte de Christophe Tafelmacher: \u00ab\u00a0La chasse aux abus\u00a0\u00bb: une arme pour d\u00e9manteler les droits, paru dans La politique suisse d&rsquo;asile \u00e0 la d\u00e9rive, Lausanne, Editions d&rsquo;En bas, 2006, pp. 33-46. Le texte est disponible sur le lien suivant:<br \/>\nhttps:\/\/dl.dropbox.com\/u\/1389551\/Asile_Tafelmacher.pdf<\/p>\n<p>2) La conclusion de l&rsquo;ouvrage de G\u00e9rald et Sylvia Arlettaz, La Suisse et les \u00e9trangers. Immigration et formation nationale (1848-1933), Lausanne, Antipodes, 2004, pp. 121-135.<br \/>\nLe texte est disponible sur le lien suivant:<br \/>\nhttps:\/\/dl.dropbox.com\/u\/1389551\/Etrangers_Arletaz.pdf<\/p>\n<p>&nbsp;<\/p>\n<p>Mercredi 17 novembre, 17h15, b\u00e2timent Anthropole, salle 3128<br \/>\n<strong>Roms, boucs \u00e9missaires europ\u00e9ens. Et en Suisse?<\/strong><br \/>\nDiscussion introduite par Sofie Lauer et Thibaut Lorin de l&rsquo;association Mesemrom (Association pour les Roms \u00e0 Gen\u00e8ve) dont la pr\u00e9sentation portera sur la situation des Roms en Suisse et plus particuli\u00e8rement \u00e0 Gen\u00e8ve.<\/p>\n<p>&nbsp;<\/p>\n<p>Mercredi 8 d\u00e9cembre, 17h15, b\u00e2timent Anthrop\u00f4le, salle 3128<br \/>\n<strong>La mont\u00e9e des extr\u00eames-droites en Suisse et en Europe<\/strong>,<br \/>\nD\u00e9bat sur les possibilit\u00e9s d&rsquo;actions concr\u00e8tes pour s&rsquo;opposer aux v\u00e9ll\u00e9it\u00e9s de l&rsquo;UDC de limiter l&rsquo;acc\u00e8s des \u00e9trangers aux Hautes \u00e9coles. Pour amorcer la discussion, nous proposons la lecture de deux textes. Il vous suffit de suivre les liens suivants pour les t\u00e9l\u00e9charger:<br \/>\n1) <a href=\"https:\/\/crypto.unil.ch\/u\/1389551\/2010-12-08\/,DanaInfo=dl.dropbox.com+Extreme-droite-europe.pdf\">https:\/\/dl.dropbox.com\/u\/1389551\/2010-12-08\/Extreme-droite-europe.pdf<\/a><br \/>\n2) <a href=\"https:\/\/crypto.unil.ch\/u\/1389551\/2010-12-08\/,DanaInfo=dl.dropbox.com+UDC-Representation.pdf\">https:\/\/dl.dropbox.com\/u\/1389551\/2010-12-08\/UDC-Representation.pdf<\/a><\/p>\n<p>Le premier est un texte d&rsquo;actualit\u00e9 publi\u00e9 sur le site du NPA. Il concerne la mont\u00e9e de l&rsquo;extr\u00eame droite en Europe depuis le d\u00e9clenchement de la crise financi\u00e8re. Le second est un article issu de la facult\u00e9 de science politique et porte sur la figure de la menace dans les images graphiques de l&rsquo;UDC.<\/p>\n<p>&nbsp;<\/p>\n<p>Mercredi 15 d\u00e9cembre, 17h15, b\u00e2timent Anthropole, salle 3128<br \/>\n<strong>** Comment r\u00e9aliser une utopie sans prendre en otage le pouvoir? **<br \/>\n<\/strong>Atelier de r\u00e9flexion collective autour de Marinaleda, unique village d&rsquo;Espagne \u00e0 ignorer le ch\u00f4mage depuis 30 ans.Vous pouvez cliquer sur le lien suivant pour en savoir un peu plus ce village qui a adopt\u00e9 un mod\u00e8le d&rsquo;auto-gestion:<br \/>\n<a href=\"https:\/\/crypto.unil.ch\/,DanaInfo=www.legrandsoir.info+Marinaleda-un-modele-d-auto-gestion-unique-en-Europe.html\">https:\/\/www.legrandsoir.info\/Marinaleda-un-modele-d-auto-gestion-unique-en-Europe.html<\/a><\/p>\n<p>&nbsp;<\/p>\n","protected":false},"excerpt":{"rendered":"<p>Mercredi 29 septembre 2010,17h15, salle 3128, b\u00e2timent Anthrop\u00f4le Discussion-d\u00e9bat \u00e0 partir du texte \u00e9crit par Emmanuel Terray, \u00abL&rsquo;\u00c9tat-nation vu par les sans-papiers\u00bb, dans Actuel Marx, 2008\/2, n\u00b0 44, pp. 41-52. &hellip; <\/p>\n","protected":false},"author":7,"featured_media":0,"parent":89,"menu_order":11,"comment_status":"closed","ping_status":"closed","template":"","meta":{"_seopress_robots_primary_cat":"","_seopress_titles_title":"","_seopress_titles_desc":"","_seopress_robots_index":"","footnotes":""},"class_list":["post-148","page","type-page","status-publish"],"_links":{"self":[{"href":"https:\/\/www.asso-unil.ch\/grc\/wp-json\/wp\/v2\/pages\/148","targetHints":{"allow":["GET"]}}],"collection":[{"href":"https:\/\/www.asso-unil.ch\/grc\/wp-json\/wp\/v2\/pages"}],"about":[{"href":"https:\/\/www.asso-unil.ch\/grc\/wp-json\/wp\/v2\/types\/page"}],"author":[{"embeddable":true,"href":"https:\/\/www.asso-unil.ch\/grc\/wp-json\/wp\/v2\/users\/7"}],"replies":[{"embeddable":true,"href":"https:\/\/www.asso-unil.ch\/grc\/wp-json\/wp\/v2\/comments?post=148"}],"version-history":[{"count":0,"href":"https:\/\/www.asso-unil.ch\/grc\/wp-json\/wp\/v2\/pages\/148\/revisions"}],"up":[{"embeddable":true,"href":"https:\/\/www.asso-unil.ch\/grc\/wp-json\/wp\/v2\/pages\/89"}],"wp:attachment":[{"href":"https:\/\/www.asso-unil.ch\/grc\/wp-json\/wp\/v2\/media?parent=148"}],"curies":[{"name":"wp","href":"https:\/\/api.w.org\/{rel}","templated":true}]}}