{"id":140,"date":"2012-03-03T15:55:51","date_gmt":"2012-03-03T14:55:51","guid":{"rendered":"http:\/\/www.asso-unil.ch\/grc\/?page_id=140"},"modified":"2012-11-12T12:15:04","modified_gmt":"2012-11-12T11:15:04","slug":"2006-2007","status":"publish","type":"page","link":"https:\/\/www.asso-unil.ch\/grc\/archives-2\/seances\/2006-2007\/","title":{"rendered":"2006-2007"},"content":{"rendered":"<p><strong>Jeudi 2 novembre<br \/>\n<\/strong>Le r\u00f4le de la Suisse dans l&rsquo;exportation du mat\u00e9riel de guerre<br \/>\navec Tobia Schnebli membre du GSSA (Groupe pour une Suisse Sans Arm\u00e9e).<\/p>\n<p><strong>Jeudi 9 novembre<br \/>\n<\/strong>Quel bilan de la guerre du Liban ?<br \/>\navec Ounsi El Daif, libanais, membre d&rsquo;Attac Suisse et d&rsquo;Attac Liban<\/p>\n<p>Les destructions inflig\u00e9es par l&rsquo;arm\u00e9e isra\u00e9lienne au Liban impressionnent par leur \u00e9tendue et leur caract\u00e9re syst\u00e9matique, mais aussi par leur pr\u00e9cision. Les visions divergent, y compris au Liban, sur les raisons qui poussent Isra\u00ebl \u00e0 tant de violence. Les libanais, s&rsquo;ils sont rest\u00e9s unis face \u00e0 l&rsquo;agression, ne le sont plus du tout depuis la fin de la guerre, car si le Hezbollah est unanimement reconnu et respect\u00e9, ses armes ne le sont pas. Pour les mouvements sociaux, une question de taille vient se superposer \u00e0 cette situation d\u00e9j\u00e0 complexe : les diff\u00e9rents parties en pr\u00e9sence n&rsquo;ont qu&rsquo;une solution \u00e0 proposer \u00e0 la crise \u00e9conomique, la privatisation \u00e0 bas prix de toutes les ressources du pays, quasiment pas d\u00e9battue au vu des risques permanents de destabilisation et de guerre. Comment faire entendre une voix contestataire?<\/p>\n<p><strong>Jeudi 23 novembre<\/strong><br \/>\nFemmes en col\u00e8re : mais que veulent-elles encore ?<br \/>\nPr\u00e9sentation de la campagne pour l&rsquo;\u00e9galit\u00e9 salariale avec Carola Togni membre de Femmes en col\u00e8re.<\/p>\n<p><strong>Jeudi 30 novembre<br \/>\n<\/strong>La 5\u00e8me r\u00e9vision de l&rsquo;AI (Assurance Invalidit\u00e9) : quels enjeux ?<br \/>\navec Nathalie Narbel, secr\u00e9taire g\u00e9n\u00e9rale de Pro mente sana.<\/p>\n<p><strong>Jeudi 7 d\u00e9cembre<\/strong><br \/>\ndiscussion sur le f\u00e9tichisme de la marchandise chez Marx<\/p>\n<p><strong>Jeudi 14 d\u00e9cembre<\/strong><br \/>\ndiscussion sur les liens entre le travail et la sant\u00e9<\/p>\n<p><strong>Jeudi 21 d\u00e9cembre<\/strong><br \/>\nProjection du film \u00ab\u00a0The Take\u00a0\u00bb<br \/>\nUn documentaire de Avi Lewis et Naomi Klein (2004)<br \/>\n\u00ab\u00a0Des ouvriers argentins occupent leur usine abandonn\u00e9e par les patrons et luttent contre le syst\u00e8me tout entier pour obtenir le droit de reprendre le travail&#8230;\u00a0\u00bb<\/p>\n<p><strong>Jeudi 11 janvier<\/strong><br \/>\nDiscussion sur les ann\u00e9es de plomb en Italie<\/p>\n<p><strong>Jeudi 18 janvier<\/strong><br \/>\nDiscussion sur les banlieues, \u00e0 partir de l&rsquo;ouvrage de Lo\u00efc Wacquant \u00ab\u00a0Parias urbains\u00a0\u00bb<\/p>\n<p><strong>Jeudi 29 mars<\/strong><br \/>\nDiscussion critique sur les m\u00e9dias et le capitalisme, l&rsquo;exemple romand.<\/p>\n<p>Jeudi 19 avril<br \/>\nLe secteur de la vente: pr\u00e9carit\u00e9s et luttes exemplaires<br \/>\navec un secr\u00e9taire syndical d&rsquo;UNIA-Gen\u00e8ve, secteur vente<br \/>\nLe secteur de la vente est embl\u00e9matique de la pr\u00e9carisation du travail. Salaires planchers, travail sur appel et pr\u00e9carit\u00e9 des statuts sont le lot de ces postes, en grande majorit\u00e9 occup\u00e9s par des femmes. Cependant, ce secteur conna\u00eet, notamment \u00e0 Gen\u00e8ve, des luttes victorieuses avec des moyens d&rsquo;action exemplaires.<\/p>\n<p><strong>Jeudi 3 mai<\/strong><br \/>\nMobilisation contre le G8 2007 &#8211; Marches contre la pr\u00e9carit\u00e9<br \/>\nAvec Florence Proton, secr\u00e9taire g\u00e9n\u00e9rale d&rsquo;Attac-Suisse<br \/>\nLe G8 se r\u00e9unira du 6 au 8 juin \u00e0 Heiligendamm (All) et fera de belles d\u00e9clarations sur la pauvret\u00e9, le SIDA et le r\u00e9chauffement climatique qui resteront lettre mortes. Pendant ce temps, la pr\u00e9carit\u00e9 est en constante augmentation, alors que les multinationales n&rsquo;ont jamais \u00e9t\u00e9 aussi riches. Les travailleures-euses supportent les cons\u00e9quences de ces in\u00e9galit\u00e9s et sont soumis \u00e0 une pr\u00e9carisation croissante de leurs contrats de travail. Les Marches europ\u00e9ennes contre la pr\u00e9carit\u00e9 et le G8 passeront le 22 mai \u00e0 Renens et 23 mai \u00e0 Lausanne.<\/p>\n<p><strong>Jeudi 10 mai<\/strong><br \/>\nLes bio-carburants: \u00e9nergies alternatives ou arnaque \u00e0 l&rsquo;\u00e9cologie? L&rsquo;exemple de l&rsquo;\u00e9thanol au Br\u00e9sil<br \/>\nLes bio-carburants sont donn\u00e9s comme alternative possible au p\u00e9trole. Le secteur conna\u00eet un boom sans pr\u00e9c\u00e9dent et cette option est pr\u00e9sent\u00e9e comme une solution d&rsquo;avenir. Cependant, au Nord comme au Sud, ce d\u00e9veloppement a des cons\u00e9quences profondes sur les populations, l&rsquo;agriculture et l&rsquo;environnement. Illustration et discussion \u00e0 travers l&rsquo;exp\u00e9rience du Br\u00e9sil, le premier producteur mondial de bio-ethanol.<\/p>\n<p><strong>Jeudi 24 mai<\/strong><br \/>\n17h15, anthropole, salle 3088<br \/>\nProjection de film: \u00ab\u00a0Moulinex, la m\u00e9canique du pire\u00a0\u00bb, suivie d&rsquo;une discussion.<br \/>\nCe documentaire retrace le sacrifice de l&rsquo;entreprise Moulinex, leader de l&rsquo;\u00e9lectrom\u00e9nager, et de ses salari\u00e9-e-s sur l&rsquo;autel des int\u00e9r\u00eats de la Finance<\/p>\n","protected":false},"excerpt":{"rendered":"<p>Jeudi 2 novembre Le r\u00f4le de la Suisse dans l&rsquo;exportation du mat\u00e9riel de guerre avec Tobia Schnebli membre du GSSA (Groupe pour une Suisse Sans Arm\u00e9e). Jeudi 9 novembre Quel &hellip; <\/p>\n","protected":false},"author":7,"featured_media":0,"parent":89,"menu_order":15,"comment_status":"closed","ping_status":"closed","template":"","meta":{"_seopress_robots_primary_cat":"","_seopress_titles_title":"","_seopress_titles_desc":"","_seopress_robots_index":"","footnotes":""},"class_list":["post-140","page","type-page","status-publish"],"_links":{"self":[{"href":"https:\/\/www.asso-unil.ch\/grc\/wp-json\/wp\/v2\/pages\/140","targetHints":{"allow":["GET"]}}],"collection":[{"href":"https:\/\/www.asso-unil.ch\/grc\/wp-json\/wp\/v2\/pages"}],"about":[{"href":"https:\/\/www.asso-unil.ch\/grc\/wp-json\/wp\/v2\/types\/page"}],"author":[{"embeddable":true,"href":"https:\/\/www.asso-unil.ch\/grc\/wp-json\/wp\/v2\/users\/7"}],"replies":[{"embeddable":true,"href":"https:\/\/www.asso-unil.ch\/grc\/wp-json\/wp\/v2\/comments?post=140"}],"version-history":[{"count":0,"href":"https:\/\/www.asso-unil.ch\/grc\/wp-json\/wp\/v2\/pages\/140\/revisions"}],"up":[{"embeddable":true,"href":"https:\/\/www.asso-unil.ch\/grc\/wp-json\/wp\/v2\/pages\/89"}],"wp:attachment":[{"href":"https:\/\/www.asso-unil.ch\/grc\/wp-json\/wp\/v2\/media?parent=140"}],"curies":[{"name":"wp","href":"https:\/\/api.w.org\/{rel}","templated":true}]}}