{"id":610,"date":"2013-04-04T10:48:47","date_gmt":"2013-04-04T08:48:47","guid":{"rendered":"http:\/\/www.asso-unil.ch\/choeur\/?page_id=610"},"modified":"2015-09-14T15:52:53","modified_gmt":"2015-09-14T13:52:53","slug":"2012-2013","status":"publish","type":"page","link":"https:\/\/www.asso-unil.ch\/choeur\/historique\/2012-2013\/","title":{"rendered":"2012 &#8211; 2013"},"content":{"rendered":"<h3>J. Haydn, <em>Missa Cellensis<\/em><\/h3>\n<p style=\"text-align: justify\">D\u00e8s la rentr\u00e9e acad\u00e9mique de septembre 2012, le Ch\u0153ur Universitaire de Lausanne a entam\u00e9 sous la conduite de sa nouvelle directrice Fruzsina Szuromi l&rsquo;apprentissage de la brillante Missa Cellensis (Hob. XXII:5, dite \u00ab\u00a0Messe Saint C\u00e9cile\u00a0\u00bb) de Joseph Haydn, dans la perspective de trois grands concerts donn\u00e9s en f\u00e9vrier et mai 2013.<\/p>\n<p><strong>Programme:<br \/>\n<a href=\"https:\/\/www.asso-unil.ch\/choeur\/files\/2013\/04\/Programme-Choeur-unil-epfl-2013.pdf\">Programme 2013 Haydn (PDF)<\/a><br \/>\n<\/strong><\/p>\n<p><a href=\"https:\/\/www.asso-unil.ch\/choeur\/files\/2012\/12\/CHOEUR-UNI-A5-DEF-2013.jpg\"><img loading=\"lazy\" decoding=\"async\" class=\"aligncenter size-large wp-image-588\" src=\"https:\/\/www.asso-unil.ch\/choeur\/files\/2012\/12\/CHOEUR-UNI-A5-DEF-2013-722x1024.jpg\" alt=\"CHOEUR-UNI-A5-DEF-2013\" width=\"625\" height=\"886\" srcset=\"https:\/\/www.asso-unil.ch\/choeur\/files\/2012\/12\/CHOEUR-UNI-A5-DEF-2013-722x1024.jpg 722w, https:\/\/www.asso-unil.ch\/choeur\/files\/2012\/12\/CHOEUR-UNI-A5-DEF-2013-212x300.jpg 212w, https:\/\/www.asso-unil.ch\/choeur\/files\/2012\/12\/CHOEUR-UNI-A5-DEF-2013.jpg 762w\" sizes=\"auto, (max-width: 625px) 100vw, 625px\" \/><\/a><\/p>\n<p>&nbsp;<\/p>\n<h2><strong>Concert campus<\/strong><\/h2>\n<p><a title=\"Concert Campus\" href=\"https:\/\/www.asso-unil.ch\/choeur\/historique\/2012-2013\/concert-campus\/\">Images de l&rsquo;exploit<\/a><\/p>\n<p style=\"text-align: center\"><img loading=\"lazy\" decoding=\"async\" class=\"aligncenter wp-image-578\" src=\"https:\/\/www.asso-unil.ch\/choeur\/files\/2012\/12\/CHOEUR-UNI-F4-EPFL-2013-715x1024.jpg\" alt=\"CHOEUR-UNI-F4-EPFL-2013\" width=\"500\" height=\"716\" \/><\/p>\n","protected":false},"excerpt":{"rendered":"<p>J. Haydn, Missa Cellensis D\u00e8s la rentr\u00e9e acad\u00e9mique de septembre 2012, le Ch\u0153ur Universitaire de Lausanne a entam\u00e9 sous la conduite de sa nouvelle directrice Fruzsina Szuromi l&rsquo;apprentissage de la [&hellip;]<\/p>\n","protected":false},"author":34,"featured_media":0,"parent":23,"menu_order":4,"comment_status":"closed","ping_status":"closed","template":"","meta":{"_seopress_robots_primary_cat":"","_seopress_titles_title":"","_seopress_titles_desc":"","_seopress_robots_index":"","footnotes":""},"class_list":["post-610","page","type-page","status-publish"],"_links":{"self":[{"href":"https:\/\/www.asso-unil.ch\/choeur\/wp-json\/wp\/v2\/pages\/610","targetHints":{"allow":["GET"]}}],"collection":[{"href":"https:\/\/www.asso-unil.ch\/choeur\/wp-json\/wp\/v2\/pages"}],"about":[{"href":"https:\/\/www.asso-unil.ch\/choeur\/wp-json\/wp\/v2\/types\/page"}],"author":[{"embeddable":true,"href":"https:\/\/www.asso-unil.ch\/choeur\/wp-json\/wp\/v2\/users\/34"}],"replies":[{"embeddable":true,"href":"https:\/\/www.asso-unil.ch\/choeur\/wp-json\/wp\/v2\/comments?post=610"}],"version-history":[{"count":0,"href":"https:\/\/www.asso-unil.ch\/choeur\/wp-json\/wp\/v2\/pages\/610\/revisions"}],"up":[{"embeddable":true,"href":"https:\/\/www.asso-unil.ch\/choeur\/wp-json\/wp\/v2\/pages\/23"}],"wp:attachment":[{"href":"https:\/\/www.asso-unil.ch\/choeur\/wp-json\/wp\/v2\/media?parent=610"}],"curies":[{"name":"wp","href":"https:\/\/api.w.org\/{rel}","templated":true}]}}

<h3>J. Haydn, <em>Missa Cellensis</em></h3>
<p style="text-align: justify">Dès la rentrée académique de septembre 2012, le Chœur Universitaire de Lausanne a entamé sous la conduite de sa nouvelle directrice Fruzsina Szuromi l&rsquo;apprentissage de la brillante Missa Cellensis (Hob. XXII:5, dite « Messe Saint Cécile ») de Joseph Haydn, dans la perspective de trois grands concerts donnés en février et mai 2013.</p>
<p><strong>Programme:<br />
<a href="https://www.asso-unil.ch/choeur/files/2013/04/Programme-Choeur-unil-epfl-2013.pdf">Programme 2013 Haydn (PDF)</a><br />
</strong></p>
<p><a href="https://www.asso-unil.ch/choeur/files/2012/12/CHOEUR-UNI-A5-DEF-2013.jpg"><img loading="lazy" decoding="async" class="aligncenter size-large wp-image-588" src="https://www.asso-unil.ch/choeur/files/2012/12/CHOEUR-UNI-A5-DEF-2013-722x1024.jpg" alt="CHOEUR-UNI-A5-DEF-2013" width="625" height="886" srcset="https://www.asso-unil.ch/choeur/files/2012/12/CHOEUR-UNI-A5-DEF-2013-722x1024.jpg 722w, https://www.asso-unil.ch/choeur/files/2012/12/CHOEUR-UNI-A5-DEF-2013-212x300.jpg 212w, https://www.asso-unil.ch/choeur/files/2012/12/CHOEUR-UNI-A5-DEF-2013.jpg 762w" sizes="auto, (max-width: 625px) 100vw, 625px" /></a></p>
<p>&nbsp;</p>
<h2><strong>Concert campus</strong></h2>
<p><a title="Concert Campus" href="https://www.asso-unil.ch/choeur/historique/2012-2013/concert-campus/">Images de l&rsquo;exploit</a></p>
<p style="text-align: center"><img loading="lazy" decoding="async" class="aligncenter wp-image-578" src="https://www.asso-unil.ch/choeur/files/2012/12/CHOEUR-UNI-F4-EPFL-2013-715x1024.jpg" alt="CHOEUR-UNI-F4-EPFL-2013" width="500" height="716" /></p>

<p>J. Haydn, Missa Cellensis Dès la rentrée académique de septembre 2012, le Chœur Universitaire de Lausanne a entamé sous la conduite de sa nouvelle directrice Fruzsina Szuromi l&rsquo;apprentissage de la [&hellip;]</p>
