{"id":41,"date":"2012-12-14T13:14:57","date_gmt":"2012-12-14T12:14:57","guid":{"rendered":"http:\/\/www.asso-unil.ch\/choeur\/?page_id=41"},"modified":"2025-09-03T10:52:35","modified_gmt":"2025-09-03T08:52:35","slug":"presentation","status":"publish","type":"page","link":"https:\/\/www.asso-unil.ch\/choeur\/presentation\/","title":{"rendered":"Le Ch\u0153ur"},"content":{"rendered":"<h3>Le Ch\u0153ur Universitaire de Lausanne<\/h3>\n<p>Cr\u00e9\u00e9 en 1947 par le compositeur et chef de ch\u0153ur Carlo Hemmerling, le Ch\u0153ur\u00a0 Universitaire de Lausanne r\u00e9unit depuis lors des membres de la communaut\u00e9 de\u00a0 l\u2019Universit\u00e9 et de l\u2019\u00c9cole Polytechnique F\u00e9d\u00e9rale de Lausanne, dont il contribue \u00e0\u00a0 l\u2019animation comme au rayonnement culturel.<\/p>\n<p>Sous les directions successives de Carlo Hemmerling, Charles Dutoit, Michel Corboz, Christiane Chappuis-Monod, Andr\u00e9 Krauer, Jean-Christophe Aubert,\u00a0 puis, depuis 2012, Fruzsina Szuromi, l\u2019ensemble aborde chaque saison avec\u00a0 passion l\u2019\u00e9tude d\u2019une \u0153uvre majeure du r\u00e9pertoire classique ou d\u2019une s\u00e9rie\u00a0 d\u2019opus moins connus.<\/p>\n<p>Ces derni\u00e8res ann\u00e9es, le Ch\u0153ur Universitaire s\u2019est tourn\u00e9 \u00e0 la fois vers le\u00a0 classicisme (Missa Solemnis et Ode \u00e0 la joie de Beethoven, Messe en Ut Mineur\u00a0 et Requiem de Mozart), le romantisme (Requiem de Brahms), le baroque\u00a0 (Magnificat de Bach, Dixit Dominus de H\u00e4ndel) et la modernit\u00e9 (Missa brevis de\u00a0 Kod\u00e1ly, Le Roi David de Honegger). En 2016 et 2019, des collaborations avec\u00a0 l\u2019Orchestre \u00ab Bande-Son \u00bb ont permis aux choristes d\u2019explorer le r\u00e9pertoire de la\u00a0 musique de film. En 2017, les membres de l\u2019association ont \u00e9galement pu\u00a0 plonger dans l\u2019univers de l\u2019op\u00e9ra en interpr\u00e9tant Carmen de Georges Bizet.<\/p>\n<p>Le Ch\u0153ur Universitaire collabore avec diverses formations musicales de Suisse\u00a0 romande, parmi lesquelles l\u2019Orchestre Symphonique et Universitaire de\u00a0 Lausanne, l\u2019Ensemble Baroque du L\u00e9man, l\u2019Ensemble Baroque de Joux,\u00a0 l\u2019Orchestre Symphonique Genevois, la Sinfonietta de Lausanne et l\u2019Orchestre de\u00a0 Chambre de Lausanne.<\/p>\n<p>Le CHUL se produit principalement \u00e0 Lausanne, mais aussi, au gr\u00e9 des\u00a0 collaborations, ailleurs en Suisse Romande (Victoria Hall de Gen\u00e8ve, Auditorium\u00a0 Stravinsky de Montreux). Gr\u00e2ce \u00e0 diff\u00e9rents \u00e9changes, le ch\u0153ur a \u00e9galement pu\u00a0 se produire \u00e0 l\u2019international (\u00c9tats-Unis, Canada, Hongrie, Lituanie, Canaries).<\/p>\n<p>Chaque ann\u00e9e, les quelque 150 membres du Ch\u0153ur Universitaire inscrits &#8211;\u00a0 \u00e9tudiants, doctorants et collaborateurs de l\u2019UNIL et de l\u2019EPFL pour la plupart &#8211;\u00a0 s\u2019engagent d\u00e8s la rentr\u00e9e universitaire dans leur nouveau programme.<\/p>\n<p>Le CHUL b\u00e9n\u00e9ficie d\u2019un encadrement assur\u00e9 par une \u00e9quipe de musiciens\u00a0 professionnels : la cantatrice et formatrice vocale Marie-H\u00e9l\u00e8ne Essade et la\u00a0 pianiste Atena Carte, qui accompagnent et guident les choristes lors de chaque\u00a0 r\u00e9p\u00e9tition. La direction artistique est quant-\u00e0-elle assur\u00e9e par Fruzsina Szuromi,\u00a0 directrice attitr\u00e9e du CHUL.<\/p>\n<p style=\"text-align: justify\">.<\/p>\n","protected":false},"excerpt":{"rendered":"<p>Le Ch\u0153ur Universitaire de Lausanne Cr\u00e9\u00e9 en 1947 par le compositeur et chef de ch\u0153ur Carlo Hemmerling, le Ch\u0153ur\u00a0 Universitaire de Lausanne r\u00e9unit depuis lors des membres de la communaut\u00e9 [&hellip;]<\/p>\n","protected":false},"author":34,"featured_media":0,"parent":0,"menu_order":2,"comment_status":"closed","ping_status":"closed","template":"","meta":{"_seopress_robots_primary_cat":"","_seopress_titles_title":"","_seopress_titles_desc":"","_seopress_robots_index":"","footnotes":""},"class_list":["post-41","page","type-page","status-publish"],"_links":{"self":[{"href":"https:\/\/www.asso-unil.ch\/choeur\/wp-json\/wp\/v2\/pages\/41","targetHints":{"allow":["GET"]}}],"collection":[{"href":"https:\/\/www.asso-unil.ch\/choeur\/wp-json\/wp\/v2\/pages"}],"about":[{"href":"https:\/\/www.asso-unil.ch\/choeur\/wp-json\/wp\/v2\/types\/page"}],"author":[{"embeddable":true,"href":"https:\/\/www.asso-unil.ch\/choeur\/wp-json\/wp\/v2\/users\/34"}],"replies":[{"embeddable":true,"href":"https:\/\/www.asso-unil.ch\/choeur\/wp-json\/wp\/v2\/comments?post=41"}],"version-history":[{"count":1,"href":"https:\/\/www.asso-unil.ch\/choeur\/wp-json\/wp\/v2\/pages\/41\/revisions"}],"predecessor-version":[{"id":3140,"href":"https:\/\/www.asso-unil.ch\/choeur\/wp-json\/wp\/v2\/pages\/41\/revisions\/3140"}],"wp:attachment":[{"href":"https:\/\/www.asso-unil.ch\/choeur\/wp-json\/wp\/v2\/media?parent=41"}],"curies":[{"name":"wp","href":"https:\/\/api.w.org\/{rel}","templated":true}]}}