{"id":165,"date":"2013-01-03T13:45:07","date_gmt":"2013-01-03T12:45:07","guid":{"rendered":"http:\/\/www.asso-unil.ch\/choeur\/?page_id=165"},"modified":"2025-10-31T08:53:11","modified_gmt":"2025-10-31T07:53:11","slug":"precedemment","status":"publish","type":"page","link":"https:\/\/www.asso-unil.ch\/choeur\/historique\/precedemment\/","title":{"rendered":"Anciens programmes"},"content":{"rendered":"\n<h3 class=\"wp-block-heading\">Saison 2024-2025<\/h3>\n\n\n\n<p><strong>Bach, <em>Magnificat<br><\/em>H\u00e4ndel,&nbsp;<em>Dixit Dominus<br><\/em><\/strong><\/p>\n\n\n\n<p>Programme initialement interrompu en 2019-2020, a pu \u00eatre repris cette ann\u00e9e avec 160 membres initialement. <\/p>\n\n\n\n<h3 class=\"wp-block-heading\">Saison 2023-2024<\/h3>\n\n\n\n<p> <img alt=\"\" loading=\"lazy\" decoding=\"async\" width=\"857\" height=\"1200\" class=\"wp-image-3281\" style=\"width: 200px\" src=\"https:\/\/www.asso-unil.ch\/choeur\/files\/2025\/10\/apercu_oeuvresinachevees2024_page-0001.jpg\" alt=\"\" srcset=\"https:\/\/www.asso-unil.ch\/choeur\/files\/2025\/10\/apercu_oeuvresinachevees2024_page-0001.jpg 857w, https:\/\/www.asso-unil.ch\/choeur\/files\/2025\/10\/apercu_oeuvresinachevees2024_page-0001-214x300.jpg 214w, https:\/\/www.asso-unil.ch\/choeur\/files\/2025\/10\/apercu_oeuvresinachevees2024_page-0001-731x1024.jpg 731w, https:\/\/www.asso-unil.ch\/choeur\/files\/2025\/10\/apercu_oeuvresinachevees2024_page-0001-768x1075.jpg 768w\" sizes=\"auto, (max-width: 857px) 100vw, 857px\" \/><\/p>\n\n\n\n<p><strong>\u0152uvres inachev\u00e9es<\/strong>:<br><strong><em>Requiem de Mozart<\/em><\/strong><br><strong><em>Kyrie de G\u00f2recki<\/em><\/strong><br><br>Le CHUL a eu la chance de faire un \u00e9change aux \u00eeles canaries pour chanter le Requiem de Mozart.<\/p>\n\n\n\n<p><\/p>\n\n\n\n<h3 class=\"wp-block-heading\">Saison 2022-2023<\/h3>\n\n\n\n<p> <img alt=\"apercu posterconcert2023 m1 page 0001\" loading=\"lazy\" decoding=\"async\" width=\"857\" height=\"1200\" class=\"wp-image-3279\" style=\"width: 200px\" src=\"https:\/\/www.asso-unil.ch\/choeur\/files\/2025\/10\/apercu_posterconcert2023_m1_page-0001.jpg\" alt=\"\" srcset=\"https:\/\/www.asso-unil.ch\/choeur\/files\/2025\/10\/apercu_posterconcert2023_m1_page-0001.jpg 857w, https:\/\/www.asso-unil.ch\/choeur\/files\/2025\/10\/apercu_posterconcert2023_m1_page-0001-214x300.jpg 214w, https:\/\/www.asso-unil.ch\/choeur\/files\/2025\/10\/apercu_posterconcert2023_m1_page-0001-731x1024.jpg 731w, https:\/\/www.asso-unil.ch\/choeur\/files\/2025\/10\/apercu_posterconcert2023_m1_page-0001-768x1075.jpg 768w\" sizes=\"auto, (max-width: 857px) 100vw, 857px\" \/><\/p>\n\n\n\n<p><strong>Mystique et Fantastique:<\/strong><br><strong><em>Quanta qualia, Uriel, Gabriel <\/em>&#8211; P. Hawes<br><em>Salve Regina <\/em>&#8211; L. Rogg<br><em>Rejoice in the lamb<\/em> &#8211; B. Britten<br><em>Chichester Psalms<\/em> &#8211; L. Bernstein<\/strong><\/p>\n\n\n\n<h3 class=\"wp-block-heading\">Saison 2021-2022<\/h3>\n\n\n\n<p> <img alt=\"20220313 affichebrahms a3 apercu compressed page 0001\" loading=\"lazy\" decoding=\"async\" width=\"849\" height=\"1200\" class=\"wp-image-3278\" style=\"width: 200px\" src=\"https:\/\/www.asso-unil.ch\/choeur\/files\/2025\/10\/20220313_affichebrahms_a3_apercu_compressed_page-0001.jpg\" alt=\"\n\" srcset=\"https:\/\/www.asso-unil.ch\/choeur\/files\/2025\/10\/20220313_affichebrahms_a3_apercu_compressed_page-0001.jpg 849w, https:\/\/www.asso-unil.ch\/choeur\/files\/2025\/10\/20220313_affichebrahms_a3_apercu_compressed_page-0001-212x300.jpg 212w, https:\/\/www.asso-unil.ch\/choeur\/files\/2025\/10\/20220313_affichebrahms_a3_apercu_compressed_page-0001-724x1024.jpg 724w, https:\/\/www.asso-unil.ch\/choeur\/files\/2025\/10\/20220313_affichebrahms_a3_apercu_compressed_page-0001-768x1086.jpg 768w\" sizes=\"auto, (max-width: 849px) 100vw, 849px\" \/><\/p>\n\n\n\n<p><strong>Brahms, <em>Ein deutsches Requiem<\/em><\/strong><\/p>\n\n\n\n<p>avec l&rsquo;Ensemble de Joux, \u00e0 l&rsquo;occasion des 75 ans du CHUL<\/p>\n\n\n\n<h3 class=\"wp-block-heading\">Saison 2020-2021<\/h3>\n\n\n\n<p><strong>Brahms, <em>Ein deutsches Requiem<\/em><\/strong><\/p>\n\n\n\n<p>Pas de concert \u00e0 cause de la pand\u00e9mie<\/p>\n\n\n\n<h3 class=\"wp-block-heading\">Saison 2019-2020<figure><img alt=\"\" loading=\"lazy\" decoding=\"async\" class=\"size-medium wp-image-3272 alignright\" src=\"https:\/\/www.asso-unil.ch\/choeur\/files\/2025\/10\/20200302_affichebaroquea3-212x300.jpg\" alt=\"\" width=\"212\" height=\"300\" srcset=\"https:\/\/www.asso-unil.ch\/choeur\/files\/2025\/10\/20200302_affichebaroquea3-212x300.jpg 212w, https:\/\/www.asso-unil.ch\/choeur\/files\/2025\/10\/20200302_affichebaroquea3-724x1024.jpg 724w, https:\/\/www.asso-unil.ch\/choeur\/files\/2025\/10\/20200302_affichebaroquea3-768x1086.jpg 768w, https:\/\/www.asso-unil.ch\/choeur\/files\/2025\/10\/20200302_affichebaroquea3.jpg 849w\" sizes=\"auto, (max-width: 212px) 100vw, 212px\" \/><\/figure><\/h3>\n\n\n\n<p><strong>Bach, <em>Magnificat<br><\/em>H\u00e4ndel,&nbsp;<em>Dixit Dominus<br><\/em><\/strong><\/p>\n\n\n\n<p>Programme interrompu d\u00fb \u00e0 la pand\u00e9mie<\/p>\n\n\n\n<p>&nbsp;<\/p>\n\n\n\n<p>&nbsp;<\/p>\n\n\n\n<h3 class=\"wp-block-heading\">Saison 2018-2019<figure><img alt=\"\" loading=\"lazy\" decoding=\"async\" class=\"size-medium wp-image-1865 alignright\" src=\"https:\/\/www.asso-unil.ch\/choeur\/files\/2019\/04\/afficheSlaveFINALE-210x300.jpg\" alt=\"\" width=\"210\" height=\"300\" srcset=\"https:\/\/www.asso-unil.ch\/choeur\/files\/2019\/04\/afficheSlaveFINALE-210x300.jpg 210w, https:\/\/www.asso-unil.ch\/choeur\/files\/2019\/04\/afficheSlaveFINALE-716x1024.jpg 716w, https:\/\/www.asso-unil.ch\/choeur\/files\/2019\/04\/afficheSlaveFINALE-768x1098.jpg 768w, https:\/\/www.asso-unil.ch\/choeur\/files\/2019\/04\/afficheSlaveFINALE.jpg 839w\" sizes=\"auto, (max-width: 210px) 100vw, 210px\" \/><\/figure><\/h3>\n\n\n\n<p>&nbsp;<\/p>\n\n\n\n<p class=\"wp-block-heading\"><strong>Musiques slaves<\/strong><\/p>\n\n\n\n<p>Collaboration avec l\u2019Orchestre Symphonique et Universitaire de Lausanne<\/p>\n\n\n\n<h3 class=\"wp-block-heading\">&nbsp;<\/h3>\n\n\n\n<h3 class=\"wp-block-heading\">Saison 2017-2018<figure><img alt=\"\" loading=\"lazy\" decoding=\"async\" class=\"size-medium wp-image-1147 alignright\" src=\"https:\/\/www.asso-unil.ch\/choeur\/files\/2012\/12\/Carmen-choeur-universitaire-210x300.jpg\" alt=\"\" width=\"210\" height=\"300\" srcset=\"https:\/\/www.asso-unil.ch\/choeur\/files\/2012\/12\/Carmen-choeur-universitaire-210x300.jpg 210w, https:\/\/www.asso-unil.ch\/choeur\/files\/2012\/12\/Carmen-choeur-universitaire.jpg 529w\" sizes=\"auto, (max-width: 210px) 100vw, 210px\" \/><\/figure><\/h3>\n\n\n\n<p><strong>Bizet,&nbsp;<em>Carmen<\/em><\/strong><\/p>\n\n\n\n<p>Concert avec la Sinfonietta de Gen\u00e8ve<\/p>\n\n\n\n<p>&nbsp;<\/p>\n\n\n\n<p>&nbsp;<\/p>\n\n\n\n<p>&nbsp;<\/p>\n\n\n\n<h3 class=\"wp-block-heading\">Saison 2016-2017<figure><img alt=\"\" loading=\"lazy\" decoding=\"async\" class=\"size-medium wp-image-1118 alignright\" src=\"https:\/\/www.asso-unil.ch\/choeur\/files\/2013\/01\/M\u00e9tropole_10mai-213x300.jpg\" alt=\"\" width=\"213\" height=\"300\" srcset=\"https:\/\/www.asso-unil.ch\/choeur\/files\/2013\/01\/M\u00e9tropole_10mai-213x300.jpg 213w, https:\/\/www.asso-unil.ch\/choeur\/files\/2013\/01\/M\u00e9tropole_10mai-726x1024.jpg 726w, https:\/\/www.asso-unil.ch\/choeur\/files\/2013\/01\/M\u00e9tropole_10mai.jpg 766w\" sizes=\"auto, (max-width: 213px) 100vw, 213px\" \/><\/figure><\/h3>\n\n\n\n<p><strong>Mozart, <em>Messe en Ut Mineur<\/em><\/strong><\/p>\n\n\n\n<p>Concert pour le 70\u00e8me anniversaire du ch\u0153ur avec l\u2019Orchestre de Chambre de Lausanne et le Barnard-Columbia Chorus and Chamber Choir de New-York.<\/p>\n\n\n\n<h3 class=\"wp-block-heading\">&nbsp;<\/h3>\n\n\n\n<h3 class=\"wp-block-heading\">Saison 2015-2016<figure><img alt=\"\" loading=\"lazy\" decoding=\"async\" class=\"size-medium wp-image-1186 alignright\" src=\"https:\/\/www.asso-unil.ch\/choeur\/files\/2017\/07\/C.S._VICTORIA_Films_14-210x300.jpg\" alt=\"\" width=\"210\" height=\"300\" srcset=\"https:\/\/www.asso-unil.ch\/choeur\/files\/2017\/07\/C.S._VICTORIA_Films_14-210x300.jpg 210w, https:\/\/www.asso-unil.ch\/choeur\/files\/2017\/07\/C.S._VICTORIA_Films_14.jpg 529w\" sizes=\"auto, (max-width: 210px) 100vw, 210px\" \/><\/figure><\/h3>\n\n\n\n<p><strong>Musiques de Films<\/strong><\/p>\n\n\n\n<p>Collaboration avec l\u2019orchestre symphonique Bande-Son<\/p>\n\n\n\n<p>&nbsp;<\/p>\n\n\n\n<p>&nbsp;<\/p>\n\n\n\n<h3 class=\"wp-block-heading\">Saison 2014-2015<\/h3>\n\n\n\n<figure class=\"wp-block-image is-resized\"><img alt=\"\" loading=\"lazy\" decoding=\"async\" width=\"211\" height=\"300\" src=\"https:\/\/www.asso-unil.ch\/choeur\/files\/2012\/12\/Campus_2015-211x300.jpg\" alt=\"\" class=\"wp-image-848\" style=\"width:189px;height:auto\" srcset=\"https:\/\/www.asso-unil.ch\/choeur\/files\/2012\/12\/Campus_2015-211x300.jpg 211w, https:\/\/www.asso-unil.ch\/choeur\/files\/2012\/12\/Campus_2015-720x1024.jpg 720w, https:\/\/www.asso-unil.ch\/choeur\/files\/2012\/12\/Campus_2015.jpg 759w\" sizes=\"auto, (max-width: 211px) 100vw, 211px\" \/><\/figure>\n\n\n\n<p>&nbsp;&nbsp;&nbsp;&nbsp; <\/p>\n\n\n\n<p><strong>A. Dvorak, <em>Requiem<\/em><\/strong><\/p>\n\n\n\n<p>Programme commun avec l\u2019Orchestre Symphonique Universitaire de Lausanne (OSUL) \u00e0 la Cath\u00e9drale<\/p>\n\n\n\n<h3 class=\"wp-block-heading\">Saison 2013-2014<figure><img alt=\"\" loading=\"lazy\" decoding=\"async\" class=\"size-medium wp-image-736 alignright\" src=\"https:\/\/www.asso-unil.ch\/choeur\/files\/2013\/01\/CHUL014-AFFICHE-WEB-210x300.jpg\" alt=\"\" width=\"210\" height=\"300\" srcset=\"https:\/\/www.asso-unil.ch\/choeur\/files\/2013\/01\/CHUL014-AFFICHE-WEB-210x300.jpg 210w, https:\/\/www.asso-unil.ch\/choeur\/files\/2013\/01\/CHUL014-AFFICHE-WEB-718x1024.jpg 718w, https:\/\/www.asso-unil.ch\/choeur\/files\/2013\/01\/CHUL014-AFFICHE-WEB.jpg 757w\" sizes=\"auto, (max-width: 210px) 100vw, 210px\" \/><\/figure><\/h3>\n\n\n\n<p><strong>Z. Kod\u00e1ly, <em>Missa Brevis<br><\/em>M. Durufl\u00e9, <em>Requiem<\/em><\/strong><\/p>\n\n\n\n<p>Echange avec le Choeur et Orchestre de l\u2019Universit\u00e9 E\u00f6tv\u00f6s Lor\u00e1nd de Budapest!<\/p>\n\n\n\n<p>&nbsp;<\/p>\n\n\n\n<p>&nbsp;<\/p>\n\n\n\n<h3 class=\"wp-block-heading\">Saison 2012-2013<\/h3>\n\n\n<div class=\"wp-block-image\">\n<figure class=\"alignright\"><img alt=\"\" loading=\"lazy\" decoding=\"async\" width=\"210\" height=\"300\" src=\"https:\/\/www.asso-unil.ch\/choeur\/files\/2012\/12\/CHOEUR-UNI-F4-DEF-2013-210x300.jpg\" alt=\"\" class=\"wp-image-572\" srcset=\"https:\/\/www.asso-unil.ch\/choeur\/files\/2012\/12\/CHOEUR-UNI-F4-DEF-2013-210x300.jpg 210w, https:\/\/www.asso-unil.ch\/choeur\/files\/2012\/12\/CHOEUR-UNI-F4-DEF-2013-716x1024.jpg 716w, https:\/\/www.asso-unil.ch\/choeur\/files\/2012\/12\/CHOEUR-UNI-F4-DEF-2013.jpg 755w\" sizes=\"auto, (max-width: 210px) 100vw, 210px\" \/><\/figure>\n<\/div>\n\n\n<p><strong>J. Haydn, <em>Missa Cellensis<\/em><\/strong><\/p>\n\n\n\n<p>D\u00e8s la rentr\u00e9e acad\u00e9mique de septembre 2012, le Ch\u0153ur Universitaire de Lausanne a entam\u00e9 sous la conduite de sa nouvelle directrice Fruzsina Szuromi l\u2019apprentissage de la brillante Missa Cellensis (Hob. XXII:5, dite \u00ab Messe Saint C\u00e9cile \u00bb) de Joseph Haydn, dans la perspective de trois grands concerts donn\u00e9s en f\u00e9vrier et mai 2013.<\/p>\n\n\n\n<h3 class=\"wp-block-heading\">Saison 2011-2012<\/h3>\n\n\n\n<figure class=\"wp-block-image\"><img alt=\"\" loading=\"lazy\" decoding=\"async\" width=\"211\" height=\"300\" src=\"https:\/\/www.asso-unil.ch\/choeur\/files\/2012\/12\/Affiche_Missa_Solemnis-211x300.jpg\" alt=\"\" class=\"wp-image-198\" srcset=\"https:\/\/www.asso-unil.ch\/choeur\/files\/2012\/12\/Affiche_Missa_Solemnis-211x300.jpg 211w, https:\/\/www.asso-unil.ch\/choeur\/files\/2012\/12\/Affiche_Missa_Solemnis.jpg 419w\" sizes=\"auto, (max-width: 211px) 100vw, 211px\" \/><\/figure>\n\n\n\n<p><\/p>\n\n\n\n<p><strong>L. van Beethoven, <em>Missa Solemnis<\/em><\/strong><\/p>\n\n\n\n<h3 class=\"wp-block-heading\">Saison 2010-2011<\/h3>\n\n\n\n<figure class=\"wp-block-image\"><img alt=\"\" loading=\"lazy\" decoding=\"async\" width=\"220\" height=\"300\" src=\"https:\/\/www.asso-unil.ch\/choeur\/files\/2012\/12\/Affiche_2010-2011-220x300.jpg\" alt=\"\" class=\"wp-image-225\" srcset=\"https:\/\/www.asso-unil.ch\/choeur\/files\/2012\/12\/Affiche_2010-2011-220x300.jpg 220w, https:\/\/www.asso-unil.ch\/choeur\/files\/2012\/12\/Affiche_2010-2011.jpg 390w\" sizes=\"auto, (max-width: 220px) 100vw, 220px\" \/><\/figure>\n\n\n\n<p><\/p>\n\n\n\n<p><strong>G. Verdi,&nbsp;<em>Messa da requiem<\/em><\/strong><\/p>\n\n\n\n<h3 class=\"wp-block-heading\">Saison 2009-2010<\/h3>\n\n\n\n<figure class=\"wp-block-image\"><img alt=\"\" loading=\"lazy\" decoding=\"async\" width=\"212\" height=\"300\" src=\"https:\/\/www.asso-unil.ch\/choeur\/files\/2013\/01\/Affiche_2009-2010-212x300.jpg\" alt=\"\" class=\"wp-image-230\" srcset=\"https:\/\/www.asso-unil.ch\/choeur\/files\/2013\/01\/Affiche_2009-2010-212x300.jpg 212w, https:\/\/www.asso-unil.ch\/choeur\/files\/2013\/01\/Affiche_2009-2010.jpg 559w\" sizes=\"auto, (max-width: 212px) 100vw, 212px\" \/><\/figure>\n\n\n\n<div class=\"wp-block-group is-nowrap is-layout-flex wp-container-core-group-is-layout-ad2f72ca wp-block-group-is-layout-flex\">\n<p><strong>J.-S. Bach,&nbsp;<em>Magnificat<\/em> &amp;&nbsp;<em>Missa Brevis <br>(BWV 25)<br><\/em>G. F. Haendel,&nbsp;<em>Dixit Dominus<\/em><\/strong><\/p>\n\n\n\n<p><\/p>\n<\/div>\n\n\n\n<h3 class=\"wp-block-heading\">Saison 2008-2009<\/h3>\n\n\n\n<figure class=\"wp-block-image\"><img alt=\"\" loading=\"lazy\" decoding=\"async\" width=\"213\" height=\"300\" src=\"https:\/\/www.asso-unil.ch\/choeur\/files\/2013\/01\/Affiche_2008-2009_2-213x300.jpg\" alt=\"\" class=\"wp-image-238\" srcset=\"https:\/\/www.asso-unil.ch\/choeur\/files\/2013\/01\/Affiche_2008-2009_2-213x300.jpg 213w, https:\/\/www.asso-unil.ch\/choeur\/files\/2013\/01\/Affiche_2008-2009_2.jpg 429w\" sizes=\"auto, (max-width: 213px) 100vw, 213px\" \/><\/figure>\n\n\n\n<p><\/p>\n\n\n\n<p><strong>Carl Orff, <em>Carmina Burana<br><\/em><\/strong><strong>G. Mahler,<em> Symphonie n\u00b02 \u00abR\u00e9surrection\u00bb<\/em><\/strong><\/p>\n\n\n\n<h3 class=\"wp-block-heading\">Saison 2007-2008<figure><img alt=\"\" loading=\"lazy\" decoding=\"async\" class=\"size-medium wp-image-242 alignright\" src=\"https:\/\/www.asso-unil.ch\/choeur\/files\/2013\/01\/Affiche__2007-2008-212x300.jpg\" alt=\"\" width=\"212\" height=\"300\" srcset=\"https:\/\/www.asso-unil.ch\/choeur\/files\/2013\/01\/Affiche__2007-2008-212x300.jpg 212w, https:\/\/www.asso-unil.ch\/choeur\/files\/2013\/01\/Affiche__2007-2008.jpg 428w\" sizes=\"auto, (max-width: 212px) 100vw, 212px\" \/><\/figure><\/h3>\n\n\n\n<p><strong>F. Schubert, <em>Messe en mi b\u00e9mol majeur<br><\/em>F. Mendelssohn, <em>Die erste Walpurgisnacht<\/em><\/strong><\/p>\n\n\n\n<p>60e anniversaire du Choeur<\/p>\n\n\n\n<h3 class=\"wp-block-heading\">Saison 2006 &#8211; 2007<\/h3>\n\n\n\n<p><strong>R. dos Reis,&nbsp;<em>Meditatio XXI<\/em>&nbsp;&amp;&nbsp;<em>Le Sermon de Ga\u00efa&nbsp;(cr\u00e9ation)<br><\/em><\/strong><br>Pour soprano, choeur, orgue et ensemble de percussions<br><strong>25 avril 2007<\/strong>,&nbsp;Cath\u00e9drale de Lausanne<br>Concert-enregistrement CD\/DVD.<\/p>\n\n\n\n<p><strong>J. Brahms,&nbsp;<em>Weltliche Ges\u00e4nge<\/em><br>F. Mendelssohn,&nbsp;<em>Aus tiefer Not<\/em><br>E. Grieg,&nbsp;<em>Psaumes<br><\/em><\/strong><br>Avec le Quatuor Florestan<br><strong>12 juin 2007<\/strong>,&nbsp;Eglise Saint-Fran\u00e7ois de Lausanne<\/p>\n\n\n\n<h3 class=\"wp-block-heading\">Saison 2005 &#8211; 2006<figure><img alt=\"\" loading=\"lazy\" decoding=\"async\" class=\"size-full wp-image-248  alignright\" src=\"https:\/\/www.asso-unil.ch\/choeur\/files\/2013\/01\/affiche_2005-2006.jpg\" alt=\"\" width=\"188\" height=\"270\"><\/figure><\/h3>\n\n\n\n<p><strong><br>J. Brahms,&nbsp;<em>Ein deutsches Requiem<\/em><\/strong><\/p>\n\n\n\n<p>Avec la Sinfonietta de Lausanne<br>le MIT Concert Choir (Boston)<br>Anne Ramoni (soprano)&nbsp;et Peter Sch\u00fcler (baryton)<br><strong>31 mai et 1er juin 2006,&nbsp;<\/strong>Cath\u00e9drale de Lausanne<\/p>\n\n\n\n<h3 class=\"wp-block-heading\"><strong>Saison 2004 &#8211; 2005&nbsp;<figure><img alt=\"\" loading=\"lazy\" decoding=\"async\" class=\"alignright size-full wp-image-256\" src=\"https:\/\/www.asso-unil.ch\/choeur\/files\/2013\/01\/Affiche_2004-2005.jpg\" alt=\"\" width=\"190\" height=\"276\"><\/figure><\/strong><\/h3>\n\n\n\n<p><strong><br>G. Verdi,&nbsp;<em>Ave Maria&nbsp;<\/em>et&nbsp;<em>Stabat Mater<br><\/em><\/strong><strong>J. Brahms,&nbsp;<em>Weltliche Ges\u00e4nge<br><\/em><\/strong><strong>K. Penderecki,&nbsp;<em>Miserere<br><\/em><\/strong><strong>F. Mendelssohn,&nbsp;<em>Sechs Spr\u00fcche<\/em><\/strong><\/p>\n\n\n\n<p>Avec l&rsquo;Orchestre Symphonique et Universitaire de Lausanne<br><strong>19 et 20 mai 2005,&nbsp;<\/strong>Cath\u00e9drale de Lausanne<\/p>\n\n\n\n<h3 class=\"wp-block-heading\">Saison 2003 &#8211; 2004<figure><img alt=\"\" loading=\"lazy\" decoding=\"async\" class=\"alignright  wp-image-273\" src=\"https:\/\/www.asso-unil.ch\/choeur\/files\/2013\/01\/Affiche_2003-2004.jpg\" alt=\"\" width=\"192\" height=\"265\" srcset=\"https:\/\/www.asso-unil.ch\/choeur\/files\/2013\/01\/Affiche_2003-2004.jpg 240w, https:\/\/www.asso-unil.ch\/choeur\/files\/2013\/01\/Affiche_2003-2004-218x300.jpg 218w\" sizes=\"auto, (max-width: 192px) 100vw, 192px\" \/><\/figure><\/h3>\n\n\n\n<p><strong><br>E. Gaudibert,&nbsp;<em>Vers quel ciel \u00e9blouissant&nbsp;(cr\u00e9ation)<\/em><br><\/strong><strong>I. Stravinski,&nbsp;<em>Symphonie de Psaumes<br><\/em><\/strong><strong>J. Brahms et F. Mendelssohn,&nbsp;<em>Psaumes<br><\/em><\/strong><strong>J.-S. Bach,&nbsp;<em>Motet<\/em><\/strong><\/p>\n\n\n\n<p>Avec l&rsquo;Orchestre de Chambre de Gen\u00e8ve<br><strong>26 et 27 mai 2004,&nbsp;<\/strong>Cath\u00e9drale de Lausanne<br><strong>12 juin 2004,&nbsp;<\/strong>Tarragone (Espagne)<\/p>\n\n\n\n<h3 class=\"wp-block-heading\">Saison 2002 &#8211; 2003<figure><img alt=\"\" loading=\"lazy\" decoding=\"async\" class=\"alignright  wp-image-289\" src=\"https:\/\/www.asso-unil.ch\/choeur\/files\/2013\/01\/Affiche_2002-2003.jpg\" alt=\"\" width=\"176\" height=\"248\" srcset=\"https:\/\/www.asso-unil.ch\/choeur\/files\/2013\/01\/Affiche_2002-2003.jpg 253w, https:\/\/www.asso-unil.ch\/choeur\/files\/2013\/01\/Affiche_2002-2003-213x300.jpg 213w\" sizes=\"auto, (max-width: 176px) 100vw, 176px\" \/><\/figure><\/h3>\n\n\n\n<p><strong><br>H. Berlioz,&nbsp;<em>Requiem<\/em><\/strong><\/p>\n\n\n\n<p>Avec l&rsquo;Orchestre Sinfonietta de Lausanne<br>Felix Rienth (t\u00e9nor)<br><strong>5<strong>&nbsp;et 6 juin 2003,<\/strong><\/strong>&nbsp;M\u00e9tropole de Lausanne<\/p>\n\n\n\n<h3 class=\"wp-block-heading\">Saison 2001 &#8211; 2002<figure><img alt=\"\" loading=\"lazy\" decoding=\"async\" class=\"alignright size-full wp-image-303\" src=\"https:\/\/www.asso-unil.ch\/choeur\/files\/2013\/01\/Affiche_2001-2002.jpeg\" alt=\"\" width=\"170\" height=\"237\"><\/figure><\/h3>\n\n\n\n<p><strong><br><em>La voix et l&rsquo;archet<\/em><br><\/strong>Oeuvres de:<br><strong>Tallis, Brahms, Mendelssohn, Stravinsky et P\u00e4rt (choeur),<br><\/strong><strong>Beethoven et Haydn (quatuor).<\/strong><\/p>\n\n\n\n<p>Avec le Coro polifonico della Universit\u00e0 degli studi Roma Tre<br>Concert de cl\u00f4ture du VII\u00e8me Festival de Th\u00e9\u00e2tre Universitaire<br><strong>25 mai 2002,&nbsp;<\/strong>Grange de Dorigny<\/p>\n\n\n\n<p>Avec le quatuor \u00e0 cordes Ath\u00e9na<br><strong>30 et 31 mai 2002,&nbsp;<\/strong>Eglise St-Fran\u00e7ois de Lausanne<\/p>\n\n\n\n<h3 class=\"wp-block-heading\">Saison 2000 &#8211; 2001<figure><img alt=\"\" loading=\"lazy\" decoding=\"async\" class=\"alignright size-full wp-image-320\" src=\"https:\/\/www.asso-unil.ch\/choeur\/files\/2013\/01\/Affiche_2000-2001.jpg\" alt=\"\" width=\"149\" height=\"212\"><\/figure><\/h3>\n\n\n\n<p><strong><strong><br>F. Poulenc,&nbsp;<\/strong><em>Gloria<\/em>&nbsp;&amp;<em>&nbsp;Stabat Mater<\/em><\/strong><\/p>\n\n\n\n<p>Avec l&rsquo;Orchestre Sinfonietta de Lausanne<br>Hiroko Kawamichi, soprano<br><strong>19 et 20 mai 2001,&nbsp;<\/strong>Cath\u00e9drale de Lausanne<\/p>\n\n\n\n<h3 class=\"wp-block-heading\">Saison 1999 &#8211; 2000<figure><img alt=\"\" loading=\"lazy\" decoding=\"async\" class=\"alignright size-full wp-image-325\" src=\"https:\/\/www.asso-unil.ch\/choeur\/files\/2013\/01\/Affiche_1999-2000.jpg\" alt=\"\" width=\"186\" height=\"265\"><\/figure><\/h3>\n\n\n\n<p><em><strong>De Bach \u00e0 Stravinski et gr\u00e9gorien continu<\/strong><\/em><\/p>\n\n\n\n<p><strong>J. Brahms,&nbsp;<\/strong><strong><em>Warum ist das Licht gegeben dem M\u00fchseligen&nbsp;<\/em><br>T.L. Victoria, <em>Officium defunctorum : Introit&nbsp;<\/em><br>F. Poulenc, <em>Litanies \u00e0 la Vierge Noire<\/em><br>R. White, <em>Lamentations<\/em><br>M. Ohana, <em>Cantiga del Azahar&nbsp;<\/em><br>J. Brahms,<em> O Heiland reiss die Himmel auf&nbsp;<\/em><br>J.C. Bach, <em>Ich lasse dich nict du segnest mich denn<\/em><\/strong><\/p>\n\n\n\n<p>Avec l&rsquo; Ensemble gr\u00e9gorien Alternatim<br>Orchestre Sinfonietta de Lausanne<br><strong>14 et 15 juin 2000,<\/strong>&nbsp;Cath\u00e9drale de Lausanne<\/p>\n\n\n\n<h3 class=\"wp-block-heading\">Saison 1998 &#8211; 1999<figure><img alt=\"\" loading=\"lazy\" decoding=\"async\" class=\"alignright  wp-image-329\" src=\"https:\/\/www.asso-unil.ch\/choeur\/files\/2013\/01\/Affiche_1998-1999.gif\" alt=\"\" width=\"191\" height=\"274\"><\/figure><\/h3>\n\n\n\n<p><strong><br>J.S. Bach,&nbsp;<em>Missae BWV 234 &amp; 235<\/em>&nbsp;<\/strong><br><strong>A. P\u00e4rt, <\/strong><strong><em>Magnificat<br><\/em><\/strong><strong><em>&nbsp; &nbsp; &nbsp; &nbsp; &nbsp; &nbsp; &nbsp; Pari Intervallo<br><\/em><\/strong><strong><em>&nbsp; &nbsp; &nbsp; &nbsp; &nbsp; &nbsp; &nbsp; De Profundis<\/em><\/strong><\/p>\n\n\n\n<p>Avec l&rsquo;Ensemble d&rsquo;instruments anciens A Corte Musical<br><strong>19 et 20 mai 1999,&nbsp;<\/strong>Cath\u00e9drale de Lausanne<\/p>\n\n\n\n<h3 class=\"wp-block-heading\">Saison 1997 &#8211; 1998<figure><img alt=\"\" loading=\"lazy\" decoding=\"async\" class=\"alignright  wp-image-336\" src=\"https:\/\/www.asso-unil.ch\/choeur\/files\/2013\/01\/Affiche_1997-1998.gif\" alt=\"\" width=\"191\" height=\"271\"><\/figure><\/h3>\n\n\n\n<p><strong><br>J.-S. Bach,&nbsp;<em>Magnificat&nbsp;<\/em><\/strong><br><strong>F. Martin,&nbsp;<em>Et la vie l&#8217;emporta<\/em><\/strong><\/p>\n\n\n\n<p>Avec l&rsquo;Orchestre de Chambre de Gen\u00e8ve<br><strong>27 et 28 mai 1998,&nbsp;<\/strong>Cath\u00e9drale de Lausanne<\/p>\n\n\n\n<h3 class=\"wp-block-heading\">Saison 1996 &#8211; 1997<figure><img alt=\"\" loading=\"lazy\" decoding=\"async\" class=\"alignright size-full wp-image-339\" src=\"https:\/\/www.asso-unil.ch\/choeur\/files\/2013\/01\/Affiche_1996-1997.gif\" alt=\"\" width=\"204\" height=\"292\"><\/figure><\/h3>\n\n\n\n<p><strong><br>Cantigas anciens (XII\u00e8me s.)<\/strong><br><strong>M. Ohana,&nbsp;<em>Cantigas<\/em><\/strong><br><strong>F. Poulenc,&nbsp;<em>Litanies \u00e0 la Vierge Noire<\/em><\/strong><\/p>\n\n\n\n<p>Avec l&rsquo;Orchestre de Chambre de Gen\u00e8ve<br>Ensemble Pacificus<br><strong>4 juin 1997,&nbsp;<\/strong>Cath\u00e9drale de Lausanne<br><strong>5 juin 1997,&nbsp;<\/strong>Cath\u00e9drale de Gen\u00e8ve<\/p>\n\n\n\n<h3 class=\"wp-block-heading\">Saison 1995 &#8211; 1996<\/h3>\n\n\n\n<p><strong>W. A. Mozart,&nbsp;<em>Requiem<br><\/em>T. L. de Vitoria,&nbsp;<em>Requiem<\/em><\/strong><\/p>\n\n\n\n<p>Grange de Dorigny et Cath\u00e9drale de Lausanne<\/p>\n\n\n\n<h3 class=\"wp-block-heading\">Saison 1994 &#8211; 1995<\/h3>\n\n\n\n<p><strong>I. Stravinsky,&nbsp;<em>Symphonie des Psaumes<br><\/em>L. Berio,&nbsp;<em>Magnificat<br><\/em>C. Orff,&nbsp;<em>Carmina Burana<br><\/em>R. dos Reis,&nbsp;<em>Meditatio XXI&nbsp;(cr\u00e9ation)<\/em><br><\/strong><br>Grange de Dorigny, Cath\u00e9drale de Lausanne et Cath\u00e9drale de Gen\u00e8ve<\/p>\n\n\n\n<h3 class=\"wp-block-heading\">Saison 1993 &#8211; 1994<\/h3>\n\n\n\n<p><strong>J. Haydn,&nbsp;<em>La Cr\u00e9ation<br><\/em>C. Orff,&nbsp;<em>Carmina Burana<\/em><\/strong><\/p>\n\n\n\n<p>Cath\u00e9drale de Lausanne, Cath\u00e9drale de Gen\u00e8ve et Conservatoire royal de Bruxelles<\/p>\n\n\n\n<h3 class=\"wp-block-heading\">Saison 1992 &#8211; 1993<\/h3>\n\n\n\n<p><strong>A. Honnegger,&nbsp;<em>La Danse des Morts<\/em><\/strong><br><strong>F. Martin,&nbsp;<em>Et la Vie l&rsquo;Emporta<\/em><\/strong><\/p>\n\n\n\n<p>Cath\u00e9drale de Lausanne<\/p>\n\n\n\n<h3 class=\"wp-block-heading\">Saison 1991 &#8211; 1992<\/h3>\n\n\n\n<p><strong>F. Poulenc,&nbsp;<em>Gloria, Salve Regina,&nbsp;<\/em>&amp;<em>&nbsp;Stabat Mater<\/em><\/strong><\/p>\n\n\n\n<p>Cath\u00e9drale de Lausanne<\/p>\n\n\n\n<h3 class=\"wp-block-heading\">Saison 1990 &#8211; 1991<\/h3>\n\n\n\n<p><strong>J. Brahms,&nbsp;<em>Ein deutsches Requiem<\/em><br>A. Ramirez, <em>Missa Criola<\/em><\/strong><\/p>\n\n\n\n<p>Grange de Dorigny et Cath\u00e9drale de Lausanne<\/p>\n\n\n\n<h3 class=\"wp-block-heading\">Saison 1989 &#8211; 1990<\/h3>\n\n\n\n<p><strong>C. Orff,&nbsp;<em>Carmina Burana<\/em><\/strong><\/p>\n\n\n\n<p>Coll\u00e8ge Saussure (GE) et Palais de Beaulieu<\/p>\n\n\n\n<p><\/p>\n","protected":false},"excerpt":{"rendered":"<p>Saison 2024-2025 Bach, MagnificatH\u00e4ndel,&nbsp;Dixit Dominus Programme initialement interrompu en 2019-2020, a pu \u00eatre repris cette ann\u00e9e avec 160 membres initialement. Saison 2023-2024 \u0152uvres inachev\u00e9es:Requiem de MozartKyrie de G\u00f2recki Le CHUL [&hellip;]<\/p>\n","protected":false},"author":34,"featured_media":0,"parent":23,"menu_order":10,"comment_status":"closed","ping_status":"closed","template":"","meta":{"_seopress_robots_primary_cat":"","_seopress_titles_title":"","_seopress_titles_desc":"","_seopress_robots_index":"","footnotes":""},"class_list":["post-165","page","type-page","status-publish"],"_links":{"self":[{"href":"https:\/\/www.asso-unil.ch\/choeur\/wp-json\/wp\/v2\/pages\/165","targetHints":{"allow":["GET"]}}],"collection":[{"href":"https:\/\/www.asso-unil.ch\/choeur\/wp-json\/wp\/v2\/pages"}],"about":[{"href":"https:\/\/www.asso-unil.ch\/choeur\/wp-json\/wp\/v2\/types\/page"}],"author":[{"embeddable":true,"href":"https:\/\/www.asso-unil.ch\/choeur\/wp-json\/wp\/v2\/users\/34"}],"replies":[{"embeddable":true,"href":"https:\/\/www.asso-unil.ch\/choeur\/wp-json\/wp\/v2\/comments?post=165"}],"version-history":[{"count":5,"href":"https:\/\/www.asso-unil.ch\/choeur\/wp-json\/wp\/v2\/pages\/165\/revisions"}],"predecessor-version":[{"id":3331,"href":"https:\/\/www.asso-unil.ch\/choeur\/wp-json\/wp\/v2\/pages\/165\/revisions\/3331"}],"up":[{"embeddable":true,"href":"https:\/\/www.asso-unil.ch\/choeur\/wp-json\/wp\/v2\/pages\/23"}],"wp:attachment":[{"href":"https:\/\/www.asso-unil.ch\/choeur\/wp-json\/wp\/v2\/media?parent=165"}],"curies":[{"name":"wp","href":"https:\/\/api.w.org\/{rel}","templated":true}]}}