{"id":6196,"date":"2026-01-19T15:00:18","date_gmt":"2026-01-19T14:00:18","guid":{"rendered":"https:\/\/www.asso-unil.ch\/caverne\/?post_type=tribe_events&#038;p=6196"},"modified":"2026-01-19T15:00:18","modified_gmt":"2026-01-19T14:00:18","slug":"banquet-de-fevrier","status":"publish","type":"tribe_events","link":"https:\/\/www.asso-unil.ch\/caverne\/event\/banquet-de-fevrier\/","title":{"rendered":"Banquet de F\u00e9vrier"},"content":{"rendered":"<p>Les Ma\u00eetres de la Caverne vous convient au premier banquet de 2026, le 25 F\u00e9vrier \u00e0 18h! Ce semestre de printemps s&rsquo;annonce riche en cr\u00e9ations, de nombreux \u00e9tudiants nous pr\u00e9senteront l&rsquo;avanc\u00e9e de leurs travaux et nous parlerons de la suite des op\u00e9rations pour notre association!<\/p>\n","protected":false},"excerpt":{"rendered":"<p>Les Ma\u00eetres de la Caverne vous convient au premier banquet de 2026, le 25 F\u00e9vrier \u00e0 18h! Ce semestre de printemps s&rsquo;annonce riche en cr\u00e9ations, de nombreux \u00e9tudiants nous pr\u00e9senteront [&hellip;]<\/p>\n","protected":false},"author":1001316,"featured_media":0,"template":"","meta":{"_seopress_robots_primary_cat":"","_seopress_titles_title":"","_seopress_titles_desc":"","_seopress_robots_index":"","_tribe_events_status":"","_tribe_events_status_reason":"","footnotes":""},"tags":[36],"tribe_events_cat":[32],"class_list":["post-6196","tribe_events","type-tribe_events","status-publish","tag-banquet","tribe_events_cat-banquets","cat_banquets"],"_links":{"self":[{"href":"https:\/\/www.asso-unil.ch\/caverne\/wp-json\/wp\/v2\/tribe_events\/6196","targetHints":{"allow":["GET"]}}],"collection":[{"href":"https:\/\/www.asso-unil.ch\/caverne\/wp-json\/wp\/v2\/tribe_events"}],"about":[{"href":"https:\/\/www.asso-unil.ch\/caverne\/wp-json\/wp\/v2\/types\/tribe_events"}],"author":[{"embeddable":true,"href":"https:\/\/www.asso-unil.ch\/caverne\/wp-json\/wp\/v2\/users\/1001316"}],"version-history":[{"count":1,"href":"https:\/\/www.asso-unil.ch\/caverne\/wp-json\/wp\/v2\/tribe_events\/6196\/revisions"}],"predecessor-version":[{"id":6199,"href":"https:\/\/www.asso-unil.ch\/caverne\/wp-json\/wp\/v2\/tribe_events\/6196\/revisions\/6199"}],"wp:attachment":[{"href":"https:\/\/www.asso-unil.ch\/caverne\/wp-json\/wp\/v2\/media?parent=6196"}],"wp:term":[{"taxonomy":"post_tag","embeddable":true,"href":"https:\/\/www.asso-unil.ch\/caverne\/wp-json\/wp\/v2\/tags?post=6196"},{"taxonomy":"tribe_events_cat","embeddable":true,"href":"https:\/\/www.asso-unil.ch\/caverne\/wp-json\/wp\/v2\/tribe_events_cat?post=6196"}],"curies":[{"name":"wp","href":"https:\/\/api.w.org\/{rel}","templated":true}]}}

Banquet de Février

<p>Les Maîtres de la Caverne vous convient au premier banquet de 2026, le 25 Février à 18h! Ce semestre de printemps s&rsquo;annonce riche en créations, de nombreux étudiants nous présenteront l&rsquo;avancée de leurs travaux et nous parlerons de la suite des opérations pour notre association!</p>

<p>Les Maîtres de la Caverne vous convient au premier banquet de 2026, le 25 Février à 18h! Ce semestre de printemps s&rsquo;annonce riche en créations, de nombreux étudiants nous présenteront [&hellip;]</p>
