{"id":6125,"date":"2025-10-06T11:32:26","date_gmt":"2025-10-06T09:32:26","guid":{"rendered":"https:\/\/www.asso-unil.ch\/caverne\/?post_type=tribe_events&#038;p=6125"},"modified":"2025-10-06T11:33:43","modified_gmt":"2025-10-06T09:33:43","slug":"vernissage-du-coeur-de-section","status":"publish","type":"tribe_events","link":"https:\/\/www.asso-unil.ch\/caverne\/event\/vernissage-du-coeur-de-section\/","title":{"rendered":"Vernissage du C\u0153ur de Section"},"content":{"rendered":"<p style=\"text-align: center\">Les c\u0153urs des sections d&rsquo;anglais et de philosophie s&rsquo;habillent de projets artistiques men\u00e9s par des \u00e9tudiants. Venez f\u00eater l&rsquo;ach\u00e8vement de mois de travail avec nous autour d&rsquo;un ap\u00e9ro, le mercredi 15 octobre de 12 \u00e0 14h, qui fera office de mise en bouche pour le colloque \u00ab\u00a0L&rsquo;humour en Philosophie\u00a0\u00bb!<\/p>\n<p><img loading=\"lazy\" decoding=\"async\" class=\"size-medium wp-image-6129 aligncenter\" src=\"https:\/\/www.asso-unil.ch\/caverne\/files\/2025\/10\/vernissage-15-octobre-affiche-240x300.jpg\" alt=\"vernissage 15 octobre affiche\" width=\"240\" height=\"300\" srcset=\"https:\/\/www.asso-unil.ch\/caverne\/files\/2025\/10\/vernissage-15-octobre-affiche-240x300.jpg 240w, https:\/\/www.asso-unil.ch\/caverne\/files\/2025\/10\/vernissage-15-octobre-affiche.jpg 960w\" sizes=\"auto, (max-width: 240px) 100vw, 240px\" \/><\/p>\n","protected":false},"excerpt":{"rendered":"<p>Les c\u0153urs des sections d&rsquo;anglais et de philosophie s&rsquo;habillent de projets artistiques men\u00e9s par des \u00e9tudiants. Venez f\u00eater l&rsquo;ach\u00e8vement de mois de travail avec nous autour d&rsquo;un ap\u00e9ro, le mercredi [&hellip;]<\/p>\n","protected":false},"author":1001316,"featured_media":6130,"template":"","meta":{"_seopress_robots_primary_cat":"","_seopress_titles_title":"","_seopress_titles_desc":"","_seopress_robots_index":"","_tribe_events_status":"","_tribe_events_status_reason":"","footnotes":""},"tags":[39],"tribe_events_cat":[40],"class_list":["post-6125","tribe_events","type-tribe_events","status-publish","has-post-thumbnail","tag-vernissage","tribe_events_cat-vernissage","cat_vernissage"],"_links":{"self":[{"href":"https:\/\/www.asso-unil.ch\/caverne\/wp-json\/wp\/v2\/tribe_events\/6125","targetHints":{"allow":["GET"]}}],"collection":[{"href":"https:\/\/www.asso-unil.ch\/caverne\/wp-json\/wp\/v2\/tribe_events"}],"about":[{"href":"https:\/\/www.asso-unil.ch\/caverne\/wp-json\/wp\/v2\/types\/tribe_events"}],"author":[{"embeddable":true,"href":"https:\/\/www.asso-unil.ch\/caverne\/wp-json\/wp\/v2\/users\/1001316"}],"version-history":[{"count":5,"href":"https:\/\/www.asso-unil.ch\/caverne\/wp-json\/wp\/v2\/tribe_events\/6125\/revisions"}],"predecessor-version":[{"id":6135,"href":"https:\/\/www.asso-unil.ch\/caverne\/wp-json\/wp\/v2\/tribe_events\/6125\/revisions\/6135"}],"wp:featuredmedia":[{"embeddable":true,"href":"https:\/\/www.asso-unil.ch\/caverne\/wp-json\/wp\/v2\/media\/6130"}],"wp:attachment":[{"href":"https:\/\/www.asso-unil.ch\/caverne\/wp-json\/wp\/v2\/media?parent=6125"}],"wp:term":[{"taxonomy":"post_tag","embeddable":true,"href":"https:\/\/www.asso-unil.ch\/caverne\/wp-json\/wp\/v2\/tags?post=6125"},{"taxonomy":"tribe_events_cat","embeddable":true,"href":"https:\/\/www.asso-unil.ch\/caverne\/wp-json\/wp\/v2\/tribe_events_cat?post=6125"}],"curies":[{"name":"wp","href":"https:\/\/api.w.org\/{rel}","templated":true}]}}

Vernissage du Cœur de Section

<p style="text-align: center">Les cœurs des sections d&rsquo;anglais et de philosophie s&rsquo;habillent de projets artistiques menés par des étudiants. Venez fêter l&rsquo;achèvement de mois de travail avec nous autour d&rsquo;un apéro, le mercredi 15 octobre de 12 à 14h, qui fera office de mise en bouche pour le colloque « L&rsquo;humour en Philosophie »!</p>
<p><img loading="lazy" decoding="async" class="size-medium wp-image-6129 aligncenter" src="https://www.asso-unil.ch/caverne/files/2025/10/vernissage-15-octobre-affiche-240x300.jpg" alt="vernissage 15 octobre affiche" width="240" height="300" srcset="https://www.asso-unil.ch/caverne/files/2025/10/vernissage-15-octobre-affiche-240x300.jpg 240w, https://www.asso-unil.ch/caverne/files/2025/10/vernissage-15-octobre-affiche.jpg 960w" sizes="auto, (max-width: 240px) 100vw, 240px" /></p>

<p>Les cœurs des sections d&rsquo;anglais et de philosophie s&rsquo;habillent de projets artistiques menés par des étudiants. Venez fêter l&rsquo;achèvement de mois de travail avec nous autour d&rsquo;un apéro, le mercredi [&hellip;]</p>
