{"id":6095,"date":"2025-09-11T11:04:56","date_gmt":"2025-09-11T09:04:56","guid":{"rendered":"https:\/\/www.asso-unil.ch\/caverne\/?post_type=tribe_events&#038;p=6095"},"modified":"2025-09-11T11:17:32","modified_gmt":"2025-09-11T09:17:32","slug":"banquet-de-septembre","status":"publish","type":"tribe_events","link":"https:\/\/www.asso-unil.ch\/caverne\/event\/banquet-de-septembre\/","title":{"rendered":"Banquet de Septembre"},"content":{"rendered":"<figure id=\"attachment_6099\" aria-describedby=\"caption-attachment-6099\" style=\"width: 300px\" class=\"wp-caption alignleft\"><img loading=\"lazy\" decoding=\"async\" class=\"size-medium wp-image-6099\" src=\"https:\/\/www.asso-unil.ch\/caverne\/files\/2025\/09\/banquet-septembre-2025-300x300.png\" alt=\"banquet septembre 2025\" width=\"300\" height=\"300\" srcset=\"https:\/\/www.asso-unil.ch\/caverne\/files\/2025\/09\/banquet-septembre-2025-300x300.png 300w, https:\/\/www.asso-unil.ch\/caverne\/files\/2025\/09\/banquet-septembre-2025-150x150.png 150w, https:\/\/www.asso-unil.ch\/caverne\/files\/2025\/09\/banquet-septembre-2025.png 1200w\" sizes=\"auto, (max-width: 300px) 100vw, 300px\" \/><figcaption id=\"caption-attachment-6099\" class=\"wp-caption-text\">banquet septembre 2025<\/figcaption><\/figure>\n<p>Les Ma\u00eetres de la Caverne vous invitent chaleureusement au banquet du 24 septembre 2025 qui ouvre cette saison d&rsquo;automne, au foyer de la Grange! C&rsquo;est une rentr\u00e9e importante pour les Ma\u00eetres de la Caverne qui s&rsquo;attendent \u00e0 voir \u00e9merger de nombreux projets. Nous discuterons des projets en cours depuis juin 2025, ceux qui verront le jour cet automne, et ceux qui \u00e9cloront au printemps 2026. Nous continuons avec joie nos activit\u00e9s cavernicoles, qui donnent lieu \u00e0 une v\u00e9ritable effervescence artistique!<\/p>\n","protected":false},"excerpt":{"rendered":"<p>Les Ma\u00eetres de la Caverne vous invitent chaleureusement au banquet du 24 septembre 2025 qui ouvre cette saison d&rsquo;automne, au foyer de la Grange! C&rsquo;est une rentr\u00e9e importante pour les [&hellip;]<\/p>\n","protected":false},"author":1001316,"featured_media":0,"template":"","meta":{"_seopress_robots_primary_cat":"","_seopress_titles_title":"","_seopress_titles_desc":"","_seopress_robots_index":"","_tribe_events_status":"","_tribe_events_status_reason":"","footnotes":""},"tags":[36],"tribe_events_cat":[32],"class_list":["post-6095","tribe_events","type-tribe_events","status-publish","tag-banquet","tribe_events_cat-banquets","cat_banquets"],"_links":{"self":[{"href":"https:\/\/www.asso-unil.ch\/caverne\/wp-json\/wp\/v2\/tribe_events\/6095","targetHints":{"allow":["GET"]}}],"collection":[{"href":"https:\/\/www.asso-unil.ch\/caverne\/wp-json\/wp\/v2\/tribe_events"}],"about":[{"href":"https:\/\/www.asso-unil.ch\/caverne\/wp-json\/wp\/v2\/types\/tribe_events"}],"author":[{"embeddable":true,"href":"https:\/\/www.asso-unil.ch\/caverne\/wp-json\/wp\/v2\/users\/1001316"}],"version-history":[{"count":1,"href":"https:\/\/www.asso-unil.ch\/caverne\/wp-json\/wp\/v2\/tribe_events\/6095\/revisions"}],"predecessor-version":[{"id":6100,"href":"https:\/\/www.asso-unil.ch\/caverne\/wp-json\/wp\/v2\/tribe_events\/6095\/revisions\/6100"}],"wp:attachment":[{"href":"https:\/\/www.asso-unil.ch\/caverne\/wp-json\/wp\/v2\/media?parent=6095"}],"wp:term":[{"taxonomy":"post_tag","embeddable":true,"href":"https:\/\/www.asso-unil.ch\/caverne\/wp-json\/wp\/v2\/tags?post=6095"},{"taxonomy":"tribe_events_cat","embeddable":true,"href":"https:\/\/www.asso-unil.ch\/caverne\/wp-json\/wp\/v2\/tribe_events_cat?post=6095"}],"curies":[{"name":"wp","href":"https:\/\/api.w.org\/{rel}","templated":true}]}}

<figure id="attachment_6099" aria-describedby="caption-attachment-6099" style="width: 300px" class="wp-caption alignleft"><img loading="lazy" decoding="async" class="size-medium wp-image-6099" src="https://www.asso-unil.ch/caverne/files/2025/09/banquet-septembre-2025-300x300.png" alt="banquet septembre 2025" width="300" height="300" srcset="https://www.asso-unil.ch/caverne/files/2025/09/banquet-septembre-2025-300x300.png 300w, https://www.asso-unil.ch/caverne/files/2025/09/banquet-septembre-2025-150x150.png 150w, https://www.asso-unil.ch/caverne/files/2025/09/banquet-septembre-2025.png 1200w" sizes="auto, (max-width: 300px) 100vw, 300px" /><figcaption id="caption-attachment-6099" class="wp-caption-text">banquet septembre 2025</figcaption></figure>
<p>Les Maîtres de la Caverne vous invitent chaleureusement au banquet du 24 septembre 2025 qui ouvre cette saison d&rsquo;automne, au foyer de la Grange! C&rsquo;est une rentrée importante pour les Maîtres de la Caverne qui s&rsquo;attendent à voir émerger de nombreux projets. Nous discuterons des projets en cours depuis juin 2025, ceux qui verront le jour cet automne, et ceux qui écloront au printemps 2026. Nous continuons avec joie nos activités cavernicoles, qui donnent lieu à une véritable effervescence artistique!</p>

<p>Les Maîtres de la Caverne vous invitent chaleureusement au banquet du 24 septembre 2025 qui ouvre cette saison d&rsquo;automne, au foyer de la Grange! C&rsquo;est une rentrée importante pour les [&hellip;]</p>
