{"id":5832,"date":"2025-03-09T23:33:34","date_gmt":"2025-03-09T22:33:34","guid":{"rendered":"https:\/\/www.asso-unil.ch\/caverne\/?post_type=tribe_events&#038;p=5832"},"modified":"2025-03-09T23:33:34","modified_gmt":"2025-03-09T22:33:34","slug":"vernissage-lancement-de-projets","status":"publish","type":"tribe_events","link":"https:\/\/www.asso-unil.ch\/caverne\/event\/vernissage-lancement-de-projets\/","title":{"rendered":"Vernissage \u00ab\u00a0Lancement de Projets\u00a0\u00bb"},"content":{"rendered":"<p>Retrouvons-nous \u00e0 midi dans le couloir de la section Philosophie \u00e0 l&rsquo;Anthropole pour f\u00eater le lancement des nombreux projets de ce printemps 2025!<\/p>\n<figure id=\"attachment_5837\" aria-describedby=\"caption-attachment-5837\" style=\"width: 300px\" class=\"wp-caption alignnone\"><img loading=\"lazy\" decoding=\"async\" class=\"size-medium wp-image-5837\" src=\"https:\/\/www.asso-unil.ch\/caverne\/files\/2025\/03\/photo-vernissage-300x225.jpg\" alt=\"photo vernissage\" width=\"300\" height=\"225\" srcset=\"https:\/\/www.asso-unil.ch\/caverne\/files\/2025\/03\/photo-vernissage-300x225.jpg 300w, https:\/\/www.asso-unil.ch\/caverne\/files\/2025\/03\/photo-vernissage.jpg 640w\" sizes=\"auto, (max-width: 300px) 100vw, 300px\" \/><figcaption id=\"caption-attachment-5837\" class=\"wp-caption-text\">Vernissage en automne 2024<\/figcaption><\/figure>\n","protected":false},"excerpt":{"rendered":"<p>Retrouvons-nous \u00e0 midi dans le couloir de la section Philosophie \u00e0 l&rsquo;Anthropole pour f\u00eater le lancement des nombreux projets de ce printemps 2025!<\/p>\n","protected":false},"author":1001316,"featured_media":0,"template":"","meta":{"_seopress_robots_primary_cat":"","_seopress_titles_title":"","_seopress_titles_desc":"","_seopress_robots_index":"","_tribe_events_status":"","_tribe_events_status_reason":"","footnotes":""},"tags":[],"tribe_events_cat":[],"class_list":["post-5832","tribe_events","type-tribe_events","status-publish"],"_links":{"self":[{"href":"https:\/\/www.asso-unil.ch\/caverne\/wp-json\/wp\/v2\/tribe_events\/5832","targetHints":{"allow":["GET"]}}],"collection":[{"href":"https:\/\/www.asso-unil.ch\/caverne\/wp-json\/wp\/v2\/tribe_events"}],"about":[{"href":"https:\/\/www.asso-unil.ch\/caverne\/wp-json\/wp\/v2\/types\/tribe_events"}],"author":[{"embeddable":true,"href":"https:\/\/www.asso-unil.ch\/caverne\/wp-json\/wp\/v2\/users\/1001316"}],"version-history":[{"count":2,"href":"https:\/\/www.asso-unil.ch\/caverne\/wp-json\/wp\/v2\/tribe_events\/5832\/revisions"}],"predecessor-version":[{"id":5838,"href":"https:\/\/www.asso-unil.ch\/caverne\/wp-json\/wp\/v2\/tribe_events\/5832\/revisions\/5838"}],"wp:attachment":[{"href":"https:\/\/www.asso-unil.ch\/caverne\/wp-json\/wp\/v2\/media?parent=5832"}],"wp:term":[{"taxonomy":"post_tag","embeddable":true,"href":"https:\/\/www.asso-unil.ch\/caverne\/wp-json\/wp\/v2\/tags?post=5832"},{"taxonomy":"tribe_events_cat","embeddable":true,"href":"https:\/\/www.asso-unil.ch\/caverne\/wp-json\/wp\/v2\/tribe_events_cat?post=5832"}],"curies":[{"name":"wp","href":"https:\/\/api.w.org\/{rel}","templated":true}]}}

<p>Retrouvons-nous à midi dans le couloir de la section Philosophie à l&rsquo;Anthropole pour fêter le lancement des nombreux projets de ce printemps 2025!</p>
<figure id="attachment_5837" aria-describedby="caption-attachment-5837" style="width: 300px" class="wp-caption alignnone"><img loading="lazy" decoding="async" class="size-medium wp-image-5837" src="https://www.asso-unil.ch/caverne/files/2025/03/photo-vernissage-300x225.jpg" alt="photo vernissage" width="300" height="225" srcset="https://www.asso-unil.ch/caverne/files/2025/03/photo-vernissage-300x225.jpg 300w, https://www.asso-unil.ch/caverne/files/2025/03/photo-vernissage.jpg 640w" sizes="auto, (max-width: 300px) 100vw, 300px" /><figcaption id="caption-attachment-5837" class="wp-caption-text">Vernissage en automne 2024</figcaption></figure>

<p>Retrouvons-nous à midi dans le couloir de la section Philosophie à l&rsquo;Anthropole pour fêter le lancement des nombreux projets de ce printemps 2025!</p>
