{"id":997,"date":"2012-01-22T15:08:45","date_gmt":"2012-01-22T14:08:45","guid":{"rendered":"http:\/\/www3.unil.ch\/wpmu\/caverne\/?page_id=997"},"modified":"2018-01-23T10:56:45","modified_gmt":"2018-01-23T09:56:45","slug":"banquet-du-12-octobre","status":"publish","type":"page","link":"https:\/\/www.asso-unil.ch\/caverne\/banquets\/banquets-sp-12\/banquet-du-12-octobre\/","title":{"rendered":"Banquet du 12 octobre 2011"},"content":{"rendered":"<p>Ch\u00e8res et Chers (prochain-e-s, actuel-le-s &amp; ancien-ne-s) Ma\u00eetre-sse-s de la Caverne,<\/p>\n<p>Nous aurons le plaisir de prendre part \u00e0 un nouveau\u00a0Banquet\u00a0mercredi soir. Ce sera l&rsquo;occasion pour nous tous de nous revoir, d&rsquo;accueillir nos nouveaux-lles membres, de leur pr\u00e9senter les projets en cours, et de lancer v\u00e9ritablement le semestre.<\/p>\n<p>Le rendez-vous est fix\u00e9\u00a0\u00e0\u00a018h devant le Foyer de la Grange de Dorigny\u00a0(pour les retardataires, rentrer simplement dans la Grange). La soir\u00e9e devrait durer jusqu&rsquo;\u00e0 22h. Nous demandons \u00e0 chacun d&rsquo;apporter \u00e0 manger et \u00e0 boire (mais surtout \u00e0 manger), puisque nous organisons\u00a0un buffet canadien.<\/p>\n<p>En fin de soir\u00e9e, nous proc\u00e9derons \u00e0 un\u00a0Kleidertausch. Ce \u00ab\u00a0troc d&rsquo;habits\u00a0\u00bb (excusez notre traduction maladroite), vraie institution que Michael a import\u00e9e de Berlin, se d\u00e9roule comme suit : si vous avez chez vous des habits et accessoires que vous ne d\u00e9sirez plus mettre mais qui sont tout de m\u00eame en bon \u00e9tat, amenez-les (et si vous n&rsquo;avez que des habits que vous portez, pr\u00e9sentez-vous les mains vides). Nous rassemblerons tout cela sur une table, et les personnes pr\u00e9sentes pourront se servir. Le reste sera donn\u00e9 \u00e0 la Croix-Rouge, \u00e0 l&rsquo;aide suisse pour les montagnards ou analogue.<\/p>\n<p>N&rsquo;oubliez pas de faire un tour sur notre site (www.unil.ch\/caverne) !<\/p>\n<p>En esp\u00e9rant vous voir nombreux mercredi, veuillez recevoir nos bons messages,<br \/>\nL&rsquo;Equipe de la Caverne.<\/p>\n<p>PS : Si vous ne d\u00e9sirez plus recevoir nos courriels, n&rsquo;h\u00e9sitez pas \u00e0 le faire savoir.<\/p>\n","protected":false},"excerpt":{"rendered":"<p>Ch\u00e8res et Chers (prochain-e-s, actuel-le-s &amp; ancien-ne-s) Ma\u00eetre-sse-s de la Caverne, Nous aurons le plaisir de prendre part \u00e0 un nouveau\u00a0Banquet\u00a0mercredi soir. Ce sera l&rsquo;occasion pour nous tous de nous [&hellip;]<\/p>\n","protected":false},"author":27,"featured_media":0,"parent":1050,"menu_order":5,"comment_status":"closed","ping_status":"closed","template":"","meta":{"_seopress_robots_primary_cat":"","_seopress_titles_title":"","_seopress_titles_desc":"","_seopress_robots_index":"","footnotes":""},"class_list":["post-997","page","type-page","status-publish"],"_links":{"self":[{"href":"https:\/\/www.asso-unil.ch\/caverne\/wp-json\/wp\/v2\/pages\/997","targetHints":{"allow":["GET"]}}],"collection":[{"href":"https:\/\/www.asso-unil.ch\/caverne\/wp-json\/wp\/v2\/pages"}],"about":[{"href":"https:\/\/www.asso-unil.ch\/caverne\/wp-json\/wp\/v2\/types\/page"}],"author":[{"embeddable":true,"href":"https:\/\/www.asso-unil.ch\/caverne\/wp-json\/wp\/v2\/users\/27"}],"replies":[{"embeddable":true,"href":"https:\/\/www.asso-unil.ch\/caverne\/wp-json\/wp\/v2\/comments?post=997"}],"version-history":[{"count":0,"href":"https:\/\/www.asso-unil.ch\/caverne\/wp-json\/wp\/v2\/pages\/997\/revisions"}],"up":[{"embeddable":true,"href":"https:\/\/www.asso-unil.ch\/caverne\/wp-json\/wp\/v2\/pages\/1050"}],"wp:attachment":[{"href":"https:\/\/www.asso-unil.ch\/caverne\/wp-json\/wp\/v2\/media?parent=997"}],"curies":[{"name":"wp","href":"https:\/\/api.w.org\/{rel}","templated":true}]}}

<p>Chères et Chers (prochain-e-s, actuel-le-s &amp; ancien-ne-s) Maître-sse-s de la Caverne,</p>
<p>Nous aurons le plaisir de prendre part à un nouveau Banquet mercredi soir. Ce sera l&rsquo;occasion pour nous tous de nous revoir, d&rsquo;accueillir nos nouveaux-lles membres, de leur présenter les projets en cours, et de lancer véritablement le semestre.</p>
<p>Le rendez-vous est fixé à 18h devant le Foyer de la Grange de Dorigny (pour les retardataires, rentrer simplement dans la Grange). La soirée devrait durer jusqu&rsquo;à 22h. Nous demandons à chacun d&rsquo;apporter à manger et à boire (mais surtout à manger), puisque nous organisons un buffet canadien.</p>
<p>En fin de soirée, nous procéderons à un Kleidertausch. Ce « troc d&rsquo;habits » (excusez notre traduction maladroite), vraie institution que Michael a importée de Berlin, se déroule comme suit : si vous avez chez vous des habits et accessoires que vous ne désirez plus mettre mais qui sont tout de même en bon état, amenez-les (et si vous n&rsquo;avez que des habits que vous portez, présentez-vous les mains vides). Nous rassemblerons tout cela sur une table, et les personnes présentes pourront se servir. Le reste sera donné à la Croix-Rouge, à l&rsquo;aide suisse pour les montagnards ou analogue.</p>
<p>N&rsquo;oubliez pas de faire un tour sur notre site (www.unil.ch/caverne) !</p>
<p>En espérant vous voir nombreux mercredi, veuillez recevoir nos bons messages,<br />
L&rsquo;Equipe de la Caverne.</p>
<p>PS : Si vous ne désirez plus recevoir nos courriels, n&rsquo;hésitez pas à le faire savoir.</p>

<p>Chères et Chers (prochain-e-s, actuel-le-s &amp; ancien-ne-s) Maître-sse-s de la Caverne, Nous aurons le plaisir de prendre part à un nouveau Banquet mercredi soir. Ce sera l&rsquo;occasion pour nous tous de nous [&hellip;]</p>
