{"id":988,"date":"2012-01-22T15:04:58","date_gmt":"2012-01-22T14:04:58","guid":{"rendered":"http:\/\/www3.unil.ch\/wpmu\/caverne\/?page_id=988"},"modified":"2018-01-23T10:55:36","modified_gmt":"2018-01-23T09:55:36","slug":"banquet-du-1er-juin-avec-mathieu-bertholet","status":"publish","type":"page","link":"https:\/\/www.asso-unil.ch\/caverne\/banquets\/banquets-sp-12\/banquet-du-1er-juin-avec-mathieu-bertholet\/","title":{"rendered":"Banquet du 1er juin 2011 avec Mathieu Bertholet"},"content":{"rendered":"<p>Rendez-vous le\u00a01er juin au Foyer de la Grange \u00e0 18h, avec Mathieu Bertholet.<\/p>\n<p>Au programme : fondation de l&rsquo;Association et pr\u00e9sentation de certains projets avanc\u00e9s sous l&rsquo;oeil aiguis\u00e9 de Mathieu Bertholet. Venez avec un peu \u00e0 boire : la paella est offerte !<\/p>\n","protected":false},"excerpt":{"rendered":"<p>Rendez-vous le\u00a01er juin au Foyer de la Grange \u00e0 18h, avec Mathieu Bertholet. Au programme : fondation de l&rsquo;Association et pr\u00e9sentation de certains projets avanc\u00e9s sous l&rsquo;oeil aiguis\u00e9 de Mathieu [&hellip;]<\/p>\n","protected":false},"author":27,"featured_media":0,"parent":1050,"menu_order":0,"comment_status":"closed","ping_status":"closed","template":"","meta":{"_seopress_robots_primary_cat":"","_seopress_titles_title":"","_seopress_titles_desc":"","_seopress_robots_index":"","footnotes":""},"class_list":["post-988","page","type-page","status-publish"],"_links":{"self":[{"href":"https:\/\/www.asso-unil.ch\/caverne\/wp-json\/wp\/v2\/pages\/988","targetHints":{"allow":["GET"]}}],"collection":[{"href":"https:\/\/www.asso-unil.ch\/caverne\/wp-json\/wp\/v2\/pages"}],"about":[{"href":"https:\/\/www.asso-unil.ch\/caverne\/wp-json\/wp\/v2\/types\/page"}],"author":[{"embeddable":true,"href":"https:\/\/www.asso-unil.ch\/caverne\/wp-json\/wp\/v2\/users\/27"}],"replies":[{"embeddable":true,"href":"https:\/\/www.asso-unil.ch\/caverne\/wp-json\/wp\/v2\/comments?post=988"}],"version-history":[{"count":0,"href":"https:\/\/www.asso-unil.ch\/caverne\/wp-json\/wp\/v2\/pages\/988\/revisions"}],"up":[{"embeddable":true,"href":"https:\/\/www.asso-unil.ch\/caverne\/wp-json\/wp\/v2\/pages\/1050"}],"wp:attachment":[{"href":"https:\/\/www.asso-unil.ch\/caverne\/wp-json\/wp\/v2\/media?parent=988"}],"curies":[{"name":"wp","href":"https:\/\/api.w.org\/{rel}","templated":true}]}}