{"id":986,"date":"2012-01-22T15:04:35","date_gmt":"2012-01-22T14:04:35","guid":{"rendered":"http:\/\/www3.unil.ch\/wpmu\/caverne\/?page_id=986"},"modified":"2014-05-05T15:43:53","modified_gmt":"2014-05-05T13:43:53","slug":"pasolini-lultime-entretien","status":"publish","type":"page","link":"https:\/\/www.asso-unil.ch\/caverne\/projets\/projets-2011-2012\/pasolini-lultime-entretien\/","title":{"rendered":"Pasolini : l&rsquo;ultime entretien"},"content":{"rendered":"<p>Jeudi 5 mai, 12-13h, salle 3139, Anthropole:<\/p>\n<p><strong><em>L&rsquo;ultime entretien<\/em><\/strong>\u00a0de Pier Paolo Pasolini sera pr\u00e9sent\u00e9 par l&rsquo;artiste Jacques Roman (auteur et com\u00e9dien, entre autres) et le journaliste et homme de th\u00e9\u00e2tre David Collin, \u00e0 l&rsquo;heure de communication habituelle du projet des Ma\u00eetres de la Caverne (12h-13h) dans la salle 3139 \u00e0 l&rsquo;Anthropole.<\/p>\n<p>Son dernier entretien, pour lequel le cin\u00e9aste et po\u00e8te a lui-m\u00eame propos\u00e9 le titre\u00a0<strong><em>\u00abNous sommes tous en danger\u00bb<\/em><\/strong>, \u00e9tait donn\u00e9 par Pier Paolo Pasolini quelques heures avant son assassinat le 1<sup>er<\/sup>\u00a0novembre 1975<br \/>\n(traduction fran\u00e7aise: Colombo \/Ferretti (dir.):\u00a0<em>L&rsquo;ultima intervista di Pasolini<\/em>, Editions Allia, Paris, 2010, 3\u20ac).<\/p>\n","protected":false},"excerpt":{"rendered":"<p>Jeudi 5 mai, 12-13h, salle 3139, Anthropole: L&rsquo;ultime entretien\u00a0de Pier Paolo Pasolini sera pr\u00e9sent\u00e9 par l&rsquo;artiste Jacques Roman (auteur et com\u00e9dien, entre autres) et le journaliste et homme de th\u00e9\u00e2tre [&hellip;]<\/p>\n","protected":false},"author":27,"featured_media":0,"parent":1008,"menu_order":3,"comment_status":"closed","ping_status":"closed","template":"","meta":{"_seopress_robots_primary_cat":"","_seopress_titles_title":"","_seopress_titles_desc":"","_seopress_robots_index":"","footnotes":""},"class_list":["post-986","page","type-page","status-publish"],"_links":{"self":[{"href":"https:\/\/www.asso-unil.ch\/caverne\/wp-json\/wp\/v2\/pages\/986","targetHints":{"allow":["GET"]}}],"collection":[{"href":"https:\/\/www.asso-unil.ch\/caverne\/wp-json\/wp\/v2\/pages"}],"about":[{"href":"https:\/\/www.asso-unil.ch\/caverne\/wp-json\/wp\/v2\/types\/page"}],"author":[{"embeddable":true,"href":"https:\/\/www.asso-unil.ch\/caverne\/wp-json\/wp\/v2\/users\/27"}],"replies":[{"embeddable":true,"href":"https:\/\/www.asso-unil.ch\/caverne\/wp-json\/wp\/v2\/comments?post=986"}],"version-history":[{"count":0,"href":"https:\/\/www.asso-unil.ch\/caverne\/wp-json\/wp\/v2\/pages\/986\/revisions"}],"up":[{"embeddable":true,"href":"https:\/\/www.asso-unil.ch\/caverne\/wp-json\/wp\/v2\/pages\/1008"}],"wp:attachment":[{"href":"https:\/\/www.asso-unil.ch\/caverne\/wp-json\/wp\/v2\/media?parent=986"}],"curies":[{"name":"wp","href":"https:\/\/api.w.org\/{rel}","templated":true}]}}

<p>Jeudi 5 mai, 12-13h, salle 3139, Anthropole:</p>
<p><strong><em>L&rsquo;ultime entretien</em></strong> de Pier Paolo Pasolini sera présenté par l&rsquo;artiste Jacques Roman (auteur et comédien, entre autres) et le journaliste et homme de théâtre David Collin, à l&rsquo;heure de communication habituelle du projet des Maîtres de la Caverne (12h-13h) dans la salle 3139 à l&rsquo;Anthropole.</p>
<p>Son dernier entretien, pour lequel le cinéaste et poète a lui-même proposé le titre <strong><em>«Nous sommes tous en danger»</em></strong>, était donné par Pier Paolo Pasolini quelques heures avant son assassinat le 1<sup>er</sup> novembre 1975<br />
(traduction française: Colombo /Ferretti (dir.): <em>L&rsquo;ultima intervista di Pasolini</em>, Editions Allia, Paris, 2010, 3€).</p>

<p>Jeudi 5 mai, 12-13h, salle 3139, Anthropole: L&rsquo;ultime entretien de Pier Paolo Pasolini sera présenté par l&rsquo;artiste Jacques Roman (auteur et comédien, entre autres) et le journaliste et homme de théâtre [&hellip;]</p>
