{"id":524,"date":"2011-09-28T16:47:26","date_gmt":"2011-09-28T14:47:26","guid":{"rendered":"http:\/\/www3.unil.ch\/wpmu\/caverne\/?page_id=524"},"modified":"2014-04-12T11:52:46","modified_gmt":"2014-04-12T09:52:46","slug":"offre-academique-sa-11","status":"publish","type":"page","link":"https:\/\/www.asso-unil.ch\/caverne\/banquets\/programme-et-evenements\/programme-2011-2012\/accueil-automne-2011\/offre-academique-sa-11\/","title":{"rendered":"Offre acad\u00e9mique (SA 11)"},"content":{"rendered":"<p>Le s\u00e9minaire intitul\u00e9 <span style=\"color: #339966\">\u00ab\u00a0Ibn Tufayl, le philosophe autodidacte\u00a0\u00bb<\/span> aura lieu les <span style=\"color: #339966\">jeudis, de 10h15 \u00e0 12h, en salle 4068<\/span> de l&rsquo;Anthropole. Michael Groneberg invitera les participant-e-s \u00e0 participer au <em>Savant et la Soci\u00e9t\u00e9<\/em>.<\/p>\n","protected":false},"excerpt":{"rendered":"<p>Le s\u00e9minaire intitul\u00e9 \u00ab\u00a0Ibn Tufayl, le philosophe autodidacte\u00a0\u00bb aura lieu les jeudis, de 10h15 \u00e0 12h, en salle 4068 de l&rsquo;Anthropole. Michael Groneberg invitera les participant-e-s \u00e0 participer au Savant [&hellip;]<\/p>\n","protected":false},"author":27,"featured_media":0,"parent":225,"menu_order":4,"comment_status":"closed","ping_status":"closed","template":"","meta":{"_seopress_robots_primary_cat":"","_seopress_titles_title":"","_seopress_titles_desc":"","_seopress_robots_index":"","footnotes":""},"class_list":["post-524","page","type-page","status-publish"],"_links":{"self":[{"href":"https:\/\/www.asso-unil.ch\/caverne\/wp-json\/wp\/v2\/pages\/524","targetHints":{"allow":["GET"]}}],"collection":[{"href":"https:\/\/www.asso-unil.ch\/caverne\/wp-json\/wp\/v2\/pages"}],"about":[{"href":"https:\/\/www.asso-unil.ch\/caverne\/wp-json\/wp\/v2\/types\/page"}],"author":[{"embeddable":true,"href":"https:\/\/www.asso-unil.ch\/caverne\/wp-json\/wp\/v2\/users\/27"}],"replies":[{"embeddable":true,"href":"https:\/\/www.asso-unil.ch\/caverne\/wp-json\/wp\/v2\/comments?post=524"}],"version-history":[{"count":0,"href":"https:\/\/www.asso-unil.ch\/caverne\/wp-json\/wp\/v2\/pages\/524\/revisions"}],"up":[{"embeddable":true,"href":"https:\/\/www.asso-unil.ch\/caverne\/wp-json\/wp\/v2\/pages\/225"}],"wp:attachment":[{"href":"https:\/\/www.asso-unil.ch\/caverne\/wp-json\/wp\/v2\/media?parent=524"}],"curies":[{"name":"wp","href":"https:\/\/api.w.org\/{rel}","templated":true}]}}

Offre académique (SA 11)

<p>Le séminaire intitulé <span style="color: #339966">« Ibn Tufayl, le philosophe autodidacte »</span> aura lieu les <span style="color: #339966">jeudis, de 10h15 à 12h, en salle 4068</span> de l&rsquo;Anthropole. Michael Groneberg invitera les participant-e-s à participer au <em>Savant et la Société</em>.</p>

<p>Le séminaire intitulé « Ibn Tufayl, le philosophe autodidacte » aura lieu les jeudis, de 10h15 à 12h, en salle 4068 de l&rsquo;Anthropole. Michael Groneberg invitera les participant-e-s à participer au Savant [&hellip;]</p>
