{"id":4306,"date":"2017-10-13T12:07:16","date_gmt":"2017-10-13T10:07:16","guid":{"rendered":"http:\/\/www.asso-unil.ch\/caverne\/?page_id=4306"},"modified":"2018-01-23T14:09:53","modified_gmt":"2018-01-23T13:09:53","slug":"programme-2016-2017","status":"publish","type":"page","link":"https:\/\/www.asso-unil.ch\/caverne\/banquets\/programme-et-evenements\/programme-2016-2017\/","title":{"rendered":"Programme 2016-2017 : Jouer le savoir"},"content":{"rendered":"<h6>Les Ma\u00eetres de la Caverne pr\u00e9sentent au F\u00e9cule 2017 :<\/h6>\n<p>Mardi 25 avril<br \/>\n18h30&nbsp;<a href=\"https:\/\/www.asso-unil.ch\/caverne\/soft-cigue-aurelien-berset\/\">Soft Cigu\u00eb&nbsp;(Aur\u00e9lien Berset)<\/a><\/p>\n<p>Mercredi&nbsp;26 avril<br \/>\n18h30&nbsp;Mouvements&nbsp;(Virgile Delmas)<\/p>\n<p>Lundi 1 mai<br \/>\n18h30 <a href=\"https:\/\/www.asso-unil.ch\/caverne\/programme-et-evenements\/programme-2016-2017\/lecharde-amina-gudzevic\/\">L\u2019\u00e9charde&nbsp;(Amina Gudzevic)<\/a><\/p>\n<p>Mercredi 3 mai<br \/>\n12h-13h Ap\u00e9ro au Foyer de la Grange<br \/>\nLa Gr\u00e8ce antique d\u00e9cha\u00een\u00e9e&nbsp;: Brunch anim\u00e9<\/p>\n<p>Vendredi&nbsp;5&nbsp;mai<br \/>\n18h00 La pi\u00e8ce&nbsp;(Gr\u00e9gory Thonney)<br \/>\n19h00 <a href=\"https:\/\/www.asso-unil.ch\/caverne\/programme-et-evenements\/programme-2016-2017\/lecharde-amina-gudzevic\/\">L\u2019\u00e9charde&nbsp;(Amina Gudzevic)<\/a><\/p>\n<p>Samedi 13 mai<br \/>\n11h, 14h et 17h O\u00f9 est le th\u00e9\u00e2tre?&nbsp;(Camille Poudret)<br \/>\nJou\u00e9 \u00e0 l\u2019espace St-Martin<\/p>\n","protected":false},"excerpt":{"rendered":"<p>Les Ma\u00eetres de la Caverne pr\u00e9sentent au F\u00e9cule 2017 : Mardi 25 avril 18h30&nbsp;Soft Cigu\u00eb&nbsp;(Aur\u00e9lien Berset) Mercredi&nbsp;26 avril 18h30&nbsp;Mouvements&nbsp;(Virgile Delmas) Lundi 1 mai 18h30 L\u2019\u00e9charde&nbsp;(Amina Gudzevic) Mercredi 3 mai 12h-13h [&hellip;]<\/p>\n","protected":false},"author":1001080,"featured_media":0,"parent":3632,"menu_order":0,"comment_status":"closed","ping_status":"closed","template":"","meta":{"_seopress_robots_primary_cat":"","_seopress_titles_title":"","_seopress_titles_desc":"","_seopress_robots_index":"","footnotes":""},"class_list":["post-4306","page","type-page","status-publish"],"_links":{"self":[{"href":"https:\/\/www.asso-unil.ch\/caverne\/wp-json\/wp\/v2\/pages\/4306","targetHints":{"allow":["GET"]}}],"collection":[{"href":"https:\/\/www.asso-unil.ch\/caverne\/wp-json\/wp\/v2\/pages"}],"about":[{"href":"https:\/\/www.asso-unil.ch\/caverne\/wp-json\/wp\/v2\/types\/page"}],"author":[{"embeddable":true,"href":"https:\/\/www.asso-unil.ch\/caverne\/wp-json\/wp\/v2\/users\/1001080"}],"replies":[{"embeddable":true,"href":"https:\/\/www.asso-unil.ch\/caverne\/wp-json\/wp\/v2\/comments?post=4306"}],"version-history":[{"count":0,"href":"https:\/\/www.asso-unil.ch\/caverne\/wp-json\/wp\/v2\/pages\/4306\/revisions"}],"up":[{"embeddable":true,"href":"https:\/\/www.asso-unil.ch\/caverne\/wp-json\/wp\/v2\/pages\/3632"}],"wp:attachment":[{"href":"https:\/\/www.asso-unil.ch\/caverne\/wp-json\/wp\/v2\/media?parent=4306"}],"curies":[{"name":"wp","href":"https:\/\/api.w.org\/{rel}","templated":true}]}}

<h6>Les Maîtres de la Caverne présentent au Fécule 2017 :</h6>
<p>Mardi 25 avril<br />
18h30&nbsp;<a href="https://www.asso-unil.ch/caverne/soft-cigue-aurelien-berset/">Soft Ciguë&nbsp;(Aurélien Berset)</a></p>
<p>Mercredi&nbsp;26 avril<br />
18h30&nbsp;Mouvements&nbsp;(Virgile Delmas)</p>
<p>Lundi 1 mai<br />
18h30 <a href="https://www.asso-unil.ch/caverne/programme-et-evenements/programme-2016-2017/lecharde-amina-gudzevic/">L’écharde&nbsp;(Amina Gudzevic)</a></p>
<p>Mercredi 3 mai<br />
12h-13h Apéro au Foyer de la Grange<br />
La Grèce antique déchaînée&nbsp;: Brunch animé</p>
<p>Vendredi&nbsp;5&nbsp;mai<br />
18h00 La pièce&nbsp;(Grégory Thonney)<br />
19h00 <a href="https://www.asso-unil.ch/caverne/programme-et-evenements/programme-2016-2017/lecharde-amina-gudzevic/">L’écharde&nbsp;(Amina Gudzevic)</a></p>
<p>Samedi 13 mai<br />
11h, 14h et 17h Où est le théâtre?&nbsp;(Camille Poudret)<br />
Joué à l’espace St-Martin</p>

<p>Les Maîtres de la Caverne présentent au Fécule 2017 : Mardi 25 avril 18h30&nbsp;Soft Ciguë&nbsp;(Aurélien Berset) Mercredi&nbsp;26 avril 18h30&nbsp;Mouvements&nbsp;(Virgile Delmas) Lundi 1 mai 18h30 L’écharde&nbsp;(Amina Gudzevic) Mercredi 3 mai 12h-13h [&hellip;]</p>
