{"id":3878,"date":"2015-05-23T16:18:55","date_gmt":"2015-05-23T14:18:55","guid":{"rendered":"http:\/\/www.asso-unil.ch\/caverne\/?page_id=3878"},"modified":"2015-05-26T12:29:33","modified_gmt":"2015-05-26T10:29:33","slug":"voix-dans-lobscurite-alessio-v-f","status":"publish","type":"page","link":"https:\/\/www.asso-unil.ch\/caverne\/projets\/projets-2014-2015\/voix-dans-lobscurite-alessio-v-f\/","title":{"rendered":"Voix dans l&rsquo;obscurit\u00e9 &#8211; Alessio V.,F."},"content":{"rendered":"<p style=\"text-align: justify\">Nouvelle \u00e9crite en italien et traduite en fran\u00e7ais par Alessio lui-m\u00eame.<br \/>\nLes personnages se succ\u00e8dent, les voix se m\u00e9langent, elles cr\u00e9ent et elle sont cr\u00e9\u00e9s. Tout cela pour arriver \u00e0 une \u0153uvre qui existe depuis le d\u00e9but de la narration et qui pourtant n&rsquo;existe pas jusqu&rsquo;\u00e0 la fin. Une nouvelle qui finit quand elle commence et qui ne pourra pas commencer sans finir, elle raconte tout ce qu&rsquo;il y a avant elle-m\u00eame.<\/p>\n<p style=\"text-align: justify\">Ecriture &#8211; Nouvelle<\/p>\n","protected":false},"excerpt":{"rendered":"<p>Nouvelle \u00e9crite en italien et traduite en fran\u00e7ais par Alessio lui-m\u00eame. Les personnages se succ\u00e8dent, les voix se m\u00e9langent, elles cr\u00e9ent et elle sont cr\u00e9\u00e9s. Tout cela pour arriver \u00e0 [&hellip;]<\/p>\n","protected":false},"author":1001005,"featured_media":0,"parent":3721,"menu_order":0,"comment_status":"closed","ping_status":"closed","template":"","meta":{"_seopress_robots_primary_cat":"","_seopress_titles_title":"","_seopress_titles_desc":"","_seopress_robots_index":"","footnotes":""},"class_list":["post-3878","page","type-page","status-publish"],"_links":{"self":[{"href":"https:\/\/www.asso-unil.ch\/caverne\/wp-json\/wp\/v2\/pages\/3878","targetHints":{"allow":["GET"]}}],"collection":[{"href":"https:\/\/www.asso-unil.ch\/caverne\/wp-json\/wp\/v2\/pages"}],"about":[{"href":"https:\/\/www.asso-unil.ch\/caverne\/wp-json\/wp\/v2\/types\/page"}],"author":[{"embeddable":true,"href":"https:\/\/www.asso-unil.ch\/caverne\/wp-json\/wp\/v2\/users\/1001005"}],"replies":[{"embeddable":true,"href":"https:\/\/www.asso-unil.ch\/caverne\/wp-json\/wp\/v2\/comments?post=3878"}],"version-history":[{"count":0,"href":"https:\/\/www.asso-unil.ch\/caverne\/wp-json\/wp\/v2\/pages\/3878\/revisions"}],"up":[{"embeddable":true,"href":"https:\/\/www.asso-unil.ch\/caverne\/wp-json\/wp\/v2\/pages\/3721"}],"wp:attachment":[{"href":"https:\/\/www.asso-unil.ch\/caverne\/wp-json\/wp\/v2\/media?parent=3878"}],"curies":[{"name":"wp","href":"https:\/\/api.w.org\/{rel}","templated":true}]}}