{"id":3867,"date":"2015-05-23T16:05:25","date_gmt":"2015-05-23T14:05:25","guid":{"rendered":"http:\/\/www.asso-unil.ch\/caverne\/?page_id=3867"},"modified":"2018-01-23T13:51:02","modified_gmt":"2018-01-23T12:51:02","slug":"atelier-creation-rollistique-gregory-t","status":"publish","type":"page","link":"https:\/\/www.asso-unil.ch\/caverne\/projets\/projets-2014-2015\/atelier-creation-rollistique-gregory-t\/","title":{"rendered":"Atelier cr\u00e9ation r\u00f4llistique"},"content":{"rendered":"<div style=\"text-align: justify\">\n<p>Vous avez l&rsquo;imagination fertile? Une envie de cr\u00e9er des mondes, une envie de les partager?<\/p>\n<p>Au semestre d&rsquo;automne 2015, Gr\u00e9gory Thonney met sur pied un atelier pour cr\u00e9er des sc\u00e9narios de jeu de r\u00f4le. Destin\u00e9s \u00e0 tout-e-s, n\u00e9ophytes comme exp\u00e9riment\u00e9-e-s, il s&rsquo;agira d&rsquo;utiliser le medium du jeu de r\u00f4le pour r\u00e9fl\u00e9chir un th\u00e8me et l&rsquo;explorer. Le r\u00e9sultat de l&rsquo;atelier sera montr\u00e9\/jou\u00e9 au Qwertz en d\u00e9cembre.<\/p>\n","protected":false},"excerpt":{"rendered":"<p>Vous avez l&rsquo;imagination fertile? Une envie de cr\u00e9er des mondes, une envie de les partager? Au semestre d&rsquo;automne 2015, Gr\u00e9gory Thonney met sur pied un atelier pour cr\u00e9er des sc\u00e9narios [&hellip;]<\/p>\n","protected":false},"author":1001005,"featured_media":0,"parent":3721,"menu_order":0,"comment_status":"closed","ping_status":"closed","template":"","meta":{"_seopress_robots_primary_cat":"","_seopress_titles_title":"","_seopress_titles_desc":"","_seopress_robots_index":"","footnotes":""},"class_list":["post-3867","page","type-page","status-publish"],"_links":{"self":[{"href":"https:\/\/www.asso-unil.ch\/caverne\/wp-json\/wp\/v2\/pages\/3867","targetHints":{"allow":["GET"]}}],"collection":[{"href":"https:\/\/www.asso-unil.ch\/caverne\/wp-json\/wp\/v2\/pages"}],"about":[{"href":"https:\/\/www.asso-unil.ch\/caverne\/wp-json\/wp\/v2\/types\/page"}],"author":[{"embeddable":true,"href":"https:\/\/www.asso-unil.ch\/caverne\/wp-json\/wp\/v2\/users\/1001005"}],"replies":[{"embeddable":true,"href":"https:\/\/www.asso-unil.ch\/caverne\/wp-json\/wp\/v2\/comments?post=3867"}],"version-history":[{"count":0,"href":"https:\/\/www.asso-unil.ch\/caverne\/wp-json\/wp\/v2\/pages\/3867\/revisions"}],"up":[{"embeddable":true,"href":"https:\/\/www.asso-unil.ch\/caverne\/wp-json\/wp\/v2\/pages\/3721"}],"wp:attachment":[{"href":"https:\/\/www.asso-unil.ch\/caverne\/wp-json\/wp\/v2\/media?parent=3867"}],"curies":[{"name":"wp","href":"https:\/\/api.w.org\/{rel}","templated":true}]}}