{"id":3571,"date":"2015-03-03T21:09:21","date_gmt":"2015-03-03T20:09:21","guid":{"rendered":"http:\/\/www.asso-unil.ch\/caverne\/?page_id=3571"},"modified":"2015-03-30T17:59:56","modified_gmt":"2015-03-30T15:59:56","slug":"le-journal-intime-de-don-juan-isabelle-favez","status":"publish","type":"page","link":"https:\/\/www.asso-unil.ch\/caverne\/projets\/projets-2014-2015\/le-journal-intime-de-don-juan-isabelle-favez\/","title":{"rendered":"Le journal intime de Don Juan &#8211; Isabelle Favez"},"content":{"rendered":"<p>Mise en sc\u00e8ne \u00e0 partir d&rsquo;un texte d&rsquo;Andr\u00e9 G\u00e9rard<br \/>\nDur\u00e9e: 75 minutes<br \/>\nDistribution\u00a0: jeu\u00a0: Xavier Balli, Michael Groneberg, Gr\u00e9gory Thonney<br \/>\nMise en sc\u00e8ne\u00a0: Isabelle Favez-Barbone<br \/>\nTechnique\u00a0: Viviane Muster<\/p>\n<p style=\"text-align: justify\">Qui est Don Juan? Vous pensez le savoir, et pourtant\u2026 Son journal intime est retrouv\u00e9, et \u00e0 travers les pages, c\u2019est un autre homme, d\u2019autres hommes, qui se d\u00e9voile \u00e0 vos yeux: humain, fragile, qui derri\u00e8re ses conqu\u00eates dissimule une qu\u00eate bien plus grande, au-del\u00e0 de la r\u00e9alit\u00e9, vers une sublimation de la relation amoureuse.??Dans cette mise en sc\u00e8ne du Journal de Don Juan &#8211; monologue \u00e0 trois voix, tour \u00e0 tour, se superposant parfois, vous allez aller \u00e0 la rencontre du pass\u00e9 du Don Juan, trois \u00e2ges, trois visions de l\u2019amour, une vie qui s\u2019esquisse. A travers leurs voix seront soulev\u00e9es les questions qui en chacun de nous, face \u00e0 l\u2019Autre, sont essentielles.<\/p>\n","protected":false},"excerpt":{"rendered":"<p>Mise en sc\u00e8ne \u00e0 partir d&rsquo;un texte d&rsquo;Andr\u00e9 G\u00e9rard Dur\u00e9e: 75 minutes Distribution\u00a0: jeu\u00a0: Xavier Balli, Michael Groneberg, Gr\u00e9gory Thonney Mise en sc\u00e8ne\u00a0: Isabelle Favez-Barbone Technique\u00a0: Viviane Muster Qui est [&hellip;]<\/p>\n","protected":false},"author":1001005,"featured_media":0,"parent":3721,"menu_order":0,"comment_status":"open","ping_status":"closed","template":"","meta":{"_seopress_robots_primary_cat":"","_seopress_titles_title":"","_seopress_titles_desc":"","_seopress_robots_index":"","footnotes":""},"class_list":["post-3571","page","type-page","status-publish"],"_links":{"self":[{"href":"https:\/\/www.asso-unil.ch\/caverne\/wp-json\/wp\/v2\/pages\/3571","targetHints":{"allow":["GET"]}}],"collection":[{"href":"https:\/\/www.asso-unil.ch\/caverne\/wp-json\/wp\/v2\/pages"}],"about":[{"href":"https:\/\/www.asso-unil.ch\/caverne\/wp-json\/wp\/v2\/types\/page"}],"author":[{"embeddable":true,"href":"https:\/\/www.asso-unil.ch\/caverne\/wp-json\/wp\/v2\/users\/1001005"}],"replies":[{"embeddable":true,"href":"https:\/\/www.asso-unil.ch\/caverne\/wp-json\/wp\/v2\/comments?post=3571"}],"version-history":[{"count":0,"href":"https:\/\/www.asso-unil.ch\/caverne\/wp-json\/wp\/v2\/pages\/3571\/revisions"}],"up":[{"embeddable":true,"href":"https:\/\/www.asso-unil.ch\/caverne\/wp-json\/wp\/v2\/pages\/3721"}],"wp:attachment":[{"href":"https:\/\/www.asso-unil.ch\/caverne\/wp-json\/wp\/v2\/media?parent=3571"}],"curies":[{"name":"wp","href":"https:\/\/api.w.org\/{rel}","templated":true}]}}