{"id":3448,"date":"2014-12-10T13:54:05","date_gmt":"2014-12-10T12:54:05","guid":{"rendered":"http:\/\/www.asso-unil.ch\/caverne\/?page_id=3448"},"modified":"2018-01-23T10:55:16","modified_gmt":"2018-01-23T09:55:16","slug":"banquet-10-decembre","status":"publish","type":"page","link":"https:\/\/www.asso-unil.ch\/caverne\/banquets\/dates-des-banquets-2014-2015\/banquet-10-decembre\/","title":{"rendered":"Banquet 10 d\u00e9cembre 2014"},"content":{"rendered":"<p>Au programme de ce dernier Banquet.<br \/>\n<strong>18h15-18h45<\/strong><br \/>\nBusson Etienne et Lucas Mandelert<br \/>\nProjet film: Un dialogue entre quatre protagonistes sur le th\u00e8me de la ma\u00eetrise des pulsions.<\/p>\n<p><strong>18h45h-19h15<\/strong><br \/>\nPorat Ary et Mathieu Bosonnet<br \/>\nLe corps et la biotechnologie<\/p>\n<p><strong>19h15 &#8211; 19h45<\/strong> Simon Monseur<br \/>\npo\u00e9sie argumentative<\/p>\n<p><strong>19h45h-20h15 Repas<\/strong> avec une surprise de notre Symposiarque<\/p>\n<p><strong>20h15-20h45<\/strong> ?Oskar Coursin<br \/>\nPr\u00e9sentation de la th\u00e9orie de la d\u00e9rive de Guy Debord<\/p>\n<p><strong>20h45-21h15 ?<\/strong>Conforti Antoine 20h45-21h15<br \/>\nProjet Jeu de soci\u00e9t\u00e9: \u00ab L\u2019Assembl\u00e9e\u00a0\u00bb<\/p>\n<p><strong>21h15-22h00 <\/strong>Julien Bovier<br \/>\nProjet mise en sc\u00e8ne : Les f\u00e2cheux de Moli\u00e8re<br \/>\nLe souffle<\/p>\n","protected":false},"excerpt":{"rendered":"<p>Au programme de ce dernier Banquet. 18h15-18h45 Busson Etienne et Lucas Mandelert Projet film: Un dialogue entre quatre protagonistes sur le th\u00e8me de la ma\u00eetrise des pulsions. 18h45h-19h15 Porat Ary [&hellip;]<\/p>\n","protected":false},"author":1001005,"featured_media":0,"parent":3507,"menu_order":1,"comment_status":"closed","ping_status":"closed","template":"","meta":{"_seopress_robots_primary_cat":"","_seopress_titles_title":"","_seopress_titles_desc":"","_seopress_robots_index":"","footnotes":""},"class_list":["post-3448","page","type-page","status-publish"],"_links":{"self":[{"href":"https:\/\/www.asso-unil.ch\/caverne\/wp-json\/wp\/v2\/pages\/3448","targetHints":{"allow":["GET"]}}],"collection":[{"href":"https:\/\/www.asso-unil.ch\/caverne\/wp-json\/wp\/v2\/pages"}],"about":[{"href":"https:\/\/www.asso-unil.ch\/caverne\/wp-json\/wp\/v2\/types\/page"}],"author":[{"embeddable":true,"href":"https:\/\/www.asso-unil.ch\/caverne\/wp-json\/wp\/v2\/users\/1001005"}],"replies":[{"embeddable":true,"href":"https:\/\/www.asso-unil.ch\/caverne\/wp-json\/wp\/v2\/comments?post=3448"}],"version-history":[{"count":0,"href":"https:\/\/www.asso-unil.ch\/caverne\/wp-json\/wp\/v2\/pages\/3448\/revisions"}],"up":[{"embeddable":true,"href":"https:\/\/www.asso-unil.ch\/caverne\/wp-json\/wp\/v2\/pages\/3507"}],"wp:attachment":[{"href":"https:\/\/www.asso-unil.ch\/caverne\/wp-json\/wp\/v2\/media?parent=3448"}],"curies":[{"name":"wp","href":"https:\/\/api.w.org\/{rel}","templated":true}]}}