{"id":3400,"date":"2014-11-18T11:40:02","date_gmt":"2014-11-18T10:40:02","guid":{"rendered":"http:\/\/www.asso-unil.ch\/caverne\/?page_id=3400"},"modified":"2015-01-02T17:10:43","modified_gmt":"2015-01-02T16:10:43","slug":"fer-de-lance","status":"publish","type":"page","link":"https:\/\/www.asso-unil.ch\/caverne\/banquets\/programme-et-evenements\/programme-2014-2015-2\/fer-de-lance\/","title":{"rendered":"Fer de Lance : \u00ab\u00a0Entre les genres\u00a0\u00bb &#8211; Les arts de la transgression"},"content":{"rendered":"<p>Fer de Lance, un collectif d&rsquo;artistes situ\u00e9 \u00e0 Lausanne, accueille pour son projet \u00ab\u00a0Middlesex: \u00ab\u00a0Entre les genres\u00a0\u00bb &#8211; Les arts de la transgression\u00a0\u00bb les Ma\u00eetres de la Caverne et une conf\u00e9rence en deux parties de M.Groneberg.<\/p>\n<p><span class=\"fsl\">Partie I: 1er Novembre 2014, 18h00<br \/>\nCette premi\u00e8re partie comporte une interrogation sur l&rsquo;hermaphrodisme; du dieu Hermaphroditos \u00e0 l&rsquo;hermphrodisme d&rsquo;aujourd&rsquo;hui en proposant une lecture mise en sc\u00e8ne d&rsquo;un texte des M\u00e9tamorphoses d&rsquo;Ovide.<br \/>\n<\/span><\/p>\n<p><em>\u00ab\u00a0[&#8230;] \u00ab\u00a0Ainsi, \u00f4 dieux, ordonnez,<\/em><br \/>\n<em> que nous ne soyons jamais s\u00e9par\u00e9s, lui de moi, moi de lui.\u00a0\u00bb<\/em><br \/>\n<em> Les dieux qu&rsquo;elle pria entendirent ses v\u0153ux: leurs deux corps<\/em><br \/>\n<em> sont m\u00eal\u00e9s, soud\u00e9s, et se pr\u00e9sentent sous une figure unique.<\/em><br \/>\n<em> Si l&rsquo;on r\u00e9unit des rameaux sous une m\u00eame \u00e9corce, on les voit grandir<\/em><br \/>\n<em> et se rejoindre et se d\u00e9velopper ensemble, de m\u00eame, depuis que<\/em><br \/>\n<em> leurs membres se sont unis en une \u00e9treinte serr\u00e9e, ils ne sont plus deux,<\/em><br \/>\n<em> mais une forme double, dont on ne peut dire si elle est fille ou gar\u00e7on;<\/em><br \/>\n<em> ils semblent n&rsquo;\u00eatre ni l&rsquo;un ni l&rsquo;autre et \u00eatre l&rsquo;un et l&rsquo;autre.\u00a0\u00bb <\/em>4,371-2.379<\/p>\n<p><span class=\"fsl\">Partie II: Jeudi 27 Novembre 2014, 18h00<br \/>\nL&rsquo;androgynie du premier homme<br \/>\nLa transgression des arts<\/span><\/p>\n<p><span class=\"fsl\"><br class=\"text_exposed_show\" \/><a href=\"https:\/\/www.facebook.com\/events\/579645865472936\/?fref=ts\"> Inscription obligatoire<br \/>\n<\/a><span class=\"fsl\"><span class=\"text_exposed_show\">Pour confirmer votre inscription, veuillez envoyer un E-mail avec vos coordonn\u00e9es \u00e0:<br \/>\nkcrelerot@hotmail.com<\/span><\/span><\/p>\n<p>Quelques mots sur le projet \u00ab\u00a0Middlesex\u00a0\u00bb du collectif Fer de Lance:<\/span><\/p>\n<p><span class=\"fsl\"><br \/>\nCe projet se pr\u00e9sente sous la forme d&rsquo;un workshop \u00e9volutif autour de l&rsquo;hermaphrodisme \u00e0 travers plusieurs m\u00e9dia: cin\u00e9ma, discussions, textes, performances.<br \/>\nChaque rencontre est l&rsquo;occasion d&rsquo;apporter \u00e0 l&rsquo;\u00e9difice un nouveau regard, une nouvelle pi\u00e8ce dont le but est double : aboutir \u00e0 une publication et \u00e0 une exposition publique.<span class=\"text_exposed_show\"><\/p>\n<p>Les participants \u00e0 un ou plusieurs \u00e9v\u00e8nements propos\u00e9s sont invit\u00e9s par la suite \u00e0 proposer une cr\u00e9ation qu&rsquo;ils auront d\u00e9velopp\u00e9 lors d&rsquo;une des s\u00e9ance du workschop.<\/p>\n<p><\/span><\/span><\/p>\n<p>&nbsp;<\/p>\n<p>&nbsp;<\/p>\n","protected":false},"excerpt":{"rendered":"<p>Fer de Lance, un collectif d&rsquo;artistes situ\u00e9 \u00e0 Lausanne, accueille pour son projet \u00ab\u00a0Middlesex: \u00ab\u00a0Entre les genres\u00a0\u00bb &#8211; Les arts de la transgression\u00a0\u00bb les Ma\u00eetres de la Caverne et une [&hellip;]<\/p>\n","protected":false},"author":1001005,"featured_media":0,"parent":3250,"menu_order":0,"comment_status":"closed","ping_status":"open","template":"","meta":{"_seopress_robots_primary_cat":"","_seopress_titles_title":"","_seopress_titles_desc":"","_seopress_robots_index":"","footnotes":""},"class_list":["post-3400","page","type-page","status-publish"],"_links":{"self":[{"href":"https:\/\/www.asso-unil.ch\/caverne\/wp-json\/wp\/v2\/pages\/3400","targetHints":{"allow":["GET"]}}],"collection":[{"href":"https:\/\/www.asso-unil.ch\/caverne\/wp-json\/wp\/v2\/pages"}],"about":[{"href":"https:\/\/www.asso-unil.ch\/caverne\/wp-json\/wp\/v2\/types\/page"}],"author":[{"embeddable":true,"href":"https:\/\/www.asso-unil.ch\/caverne\/wp-json\/wp\/v2\/users\/1001005"}],"replies":[{"embeddable":true,"href":"https:\/\/www.asso-unil.ch\/caverne\/wp-json\/wp\/v2\/comments?post=3400"}],"version-history":[{"count":0,"href":"https:\/\/www.asso-unil.ch\/caverne\/wp-json\/wp\/v2\/pages\/3400\/revisions"}],"up":[{"embeddable":true,"href":"https:\/\/www.asso-unil.ch\/caverne\/wp-json\/wp\/v2\/pages\/3250"}],"wp:attachment":[{"href":"https:\/\/www.asso-unil.ch\/caverne\/wp-json\/wp\/v2\/media?parent=3400"}],"curies":[{"name":"wp","href":"https:\/\/api.w.org\/{rel}","templated":true}]}}