{"id":3217,"date":"2014-09-23T17:48:21","date_gmt":"2014-09-23T15:48:21","guid":{"rendered":"http:\/\/www.asso-unil.ch\/caverne\/?page_id=3217"},"modified":"2015-03-03T10:11:43","modified_gmt":"2015-03-03T09:11:43","slug":"banquet-17-septembre-2014","status":"publish","type":"page","link":"https:\/\/www.asso-unil.ch\/caverne\/banquets\/dates-des-banquets-2014-2015\/banquet-17-septembre-2014\/","title":{"rendered":"Banquet 17 septembre 2014"},"content":{"rendered":"<blockquote><p>\u00ab\u00a0[&#8230;] nous d\u00e9lib\u00e9rons davantage sur les arts que sur les sciences, car nous sommes \u00e0 leur sujet dans une plus grande incertitude. La d\u00e9lib\u00e9ration a lieu dans les choses qui [&#8230;] demeurent incertaines dans leur aboutissement ainsi que l\u00e0 o\u00f9 l&rsquo;issue est ind\u00e9termin\u00e9e. Et nous nous faisons assister d&rsquo;autres personnes pour d\u00e9lib\u00e9rer sur les questions importantes, nous d\u00e9fiant de notre propre insuffisance \u00e0 discerner ce qu&rsquo;il faut faire.\u00a0\u00bb<br \/>\n(ARISTOTE, <em>Ethique \u00e0 Nicomaque<\/em> III, 1112b6-11, traduction Jean Tricot)<\/p><\/blockquote>\n<p>Afin que votre raison puisse, en toute connaissance, d\u00e9lib\u00e9rer sur vos activit\u00e9s du mercredi soir, sachez que le premier Banquet de la saison, plac\u00e9 sous le th\u00e8me \u00ab\u00a0Libert\u00e9 et contraintes\u00a0\u00bb, aura lieu le <strong>17 septembre, <\/strong>\u00e0 <strong>18h<\/strong>, au <a href=\"https:\/\/www3.unil.ch\/wpmu\/grangededorigny\/files\/2014\/06\/plan14-15.jpg\">Foyer de la Grange de Dorigny.<\/a><\/p>\n<p>Au menu: les nouveaux projets en cours de cr\u00e9ation, des informations pour les diff\u00e9rentes activit\u00e9s de la saison \u00e0 venir, des mets dont vous pouvez, si le c\u0153ur vous en dit, \u00eatre l&rsquo;auteur et un agr\u00e9able moment partag\u00e9!<\/p>\n","protected":false},"excerpt":{"rendered":"<p>\u00ab\u00a0[&#8230;] nous d\u00e9lib\u00e9rons davantage sur les arts que sur les sciences, car nous sommes \u00e0 leur sujet dans une plus grande incertitude. La d\u00e9lib\u00e9ration a lieu dans les choses qui [&hellip;]<\/p>\n","protected":false},"author":1001005,"featured_media":0,"parent":3507,"menu_order":4,"comment_status":"closed","ping_status":"closed","template":"","meta":{"_seopress_robots_primary_cat":"","_seopress_titles_title":"","_seopress_titles_desc":"","_seopress_robots_index":"","footnotes":""},"class_list":["post-3217","page","type-page","status-publish"],"_links":{"self":[{"href":"https:\/\/www.asso-unil.ch\/caverne\/wp-json\/wp\/v2\/pages\/3217","targetHints":{"allow":["GET"]}}],"collection":[{"href":"https:\/\/www.asso-unil.ch\/caverne\/wp-json\/wp\/v2\/pages"}],"about":[{"href":"https:\/\/www.asso-unil.ch\/caverne\/wp-json\/wp\/v2\/types\/page"}],"author":[{"embeddable":true,"href":"https:\/\/www.asso-unil.ch\/caverne\/wp-json\/wp\/v2\/users\/1001005"}],"replies":[{"embeddable":true,"href":"https:\/\/www.asso-unil.ch\/caverne\/wp-json\/wp\/v2\/comments?post=3217"}],"version-history":[{"count":0,"href":"https:\/\/www.asso-unil.ch\/caverne\/wp-json\/wp\/v2\/pages\/3217\/revisions"}],"up":[{"embeddable":true,"href":"https:\/\/www.asso-unil.ch\/caverne\/wp-json\/wp\/v2\/pages\/3507"}],"wp:attachment":[{"href":"https:\/\/www.asso-unil.ch\/caverne\/wp-json\/wp\/v2\/media?parent=3217"}],"curies":[{"name":"wp","href":"https:\/\/api.w.org\/{rel}","templated":true}]}}