{"id":2905,"date":"2014-03-29T14:02:25","date_gmt":"2014-03-29T13:02:25","guid":{"rendered":"http:\/\/www.asso-unil.ch\/caverne\/?page_id=2905"},"modified":"2015-03-03T22:52:31","modified_gmt":"2015-03-03T21:52:31","slug":"enemy","status":"publish","type":"page","link":"https:\/\/www.asso-unil.ch\/caverne\/projets\/projets-2013-2014\/enemy\/","title":{"rendered":"An Enemy of the People &#8211; The Catalyst"},"content":{"rendered":"<p>Adaptation de la pi\u00e8ce de th\u00e9\u00e2tre de Henrik Ibsen<br \/>\n(bas\u00e9 sur transduction de R. Farquharson Sharp et l\u2019adaptation de Arthur Miller)<\/p>\n<p>Dur\u00e9e estim\u00e9e : approx. 2h30, avec entracte<br \/>\nSpectacle en anglais pour 9 acteurs<br \/>\nAdaptation et mise en sc\u00e8ne : Adria C. Le Boeuf<br \/>\nGraphisme et animation vid\u00e9o : Alexandre Pinault<br \/>\nMusique : Katie Ridout et Jo\u00ebl Grognuz<br \/>\nTechnique et lumi\u00e8re : Luis Miguel Fidalgoc<\/p>\n<p>\u00ab Before many can know something, one must know it. \u00bb<br \/>\nDr. Stockmann dans An Enemy of the People d\u2019Henrik Ibsen<\/p>\n<p style=\"text-align: justify\"><strong>Note d\u2019intention artistique<\/strong><br \/>\nLe travail des chercheurs et chercheuses en sciences consiste \u00e0 explorer\u00a0l\u2019inconnu. \u00catre \u00e0 la pointe de la connaissance peut s\u2019av\u00e9rer difficile sur\u00a0le plan \u00e9motionnel, parce qu\u2019on ne sait jamais ce qu\u2019on va d\u00e9couvrir ni\u00a0m\u00eame si l\u2019on va d\u00e9couvrir quelque chose ! Les r\u00e9sultats obtenus\u00a0peuvent avoir des implications impr\u00e9visibles qui, parfois, mettent en\u00a0question l\u2019id\u00e9e que l\u2019homme se fait de lui-m\u00eame voire menacent son\u00a0existence m\u00eame.<br \/>\nLe pi\u00e8ce de th\u00e9\u00e2tre originale d\u2019Ibsen raconte l\u2019histoire du Docteur\u00a0Thomas Stockmann qui d\u00e9couvre que la source qui alimente les bains\u00a0thermaux de son village est contamin\u00e9e. Les villageois ne consid\u00e8rent\u00a0d\u2019abord que les cons\u00e9quences positives de la d\u00e9couverte et acceptent\u00a0avec enthousiasme les conclusions du m\u00e9decin. Cependant, lorsqu\u2019ils\u00a0prennent conscience des implications financi\u00e8res des travaux\u00a0d\u2019assainissement, ils commencent \u00e0 prendre leurs distances par rapport\u00a0aux d\u00e9couvertes du Docteur et finissent par tenter d\u2019\u00e9touffer la v\u00e9rit\u00e9.<br \/>\nLa critique socio-\u00e9conomique de la pi\u00e8ce d\u2019Ibsen garde une grande\u00a0partie de sa pertinence dans notre monde contemporain, o\u00f9 une part\u00a0importante de la recherche scientifique se fait dans des grandes\u00a0entreprises pharmaceutiques qui poursuivent des buts lucratifs qui\u00a0entrent souvent en conflit avec l\u2019int\u00e9r\u00eat commun. Le regard qu\u2019Ibsen\u00a0porte sur la science est remarquablement nuanc\u00e9 : dans la pi\u00e8ce, la\u00a0v\u00e9rit\u00e9 scientifique n\u2019est ni absolument positive ni absolument n\u00e9gative ;\u00a0elle peut conduire au progr\u00e8s ou au d\u00e9sastre suivant la mani\u00e8re dont\u00a0elle est interpr\u00e9t\u00e9e et utilis\u00e9e par les citoyens. L\u2019homme de science,\u00a0incarn\u00e9 par le Docteur Stockmann, n\u2019est pas non plus d\u00e9nu\u00e9\u00a0d\u2019ambivalence morale, ballot\u00e9 qu\u2019il est entre l\u2019ambition personnelle,\u00a0l\u2019instinct de conservation et le souci du bien commun.\u00a0En revanche, certains aspects de l\u2019id\u00e9ologie et de la dramaturgie de la\u00a0pi\u00e8ce sont clairement dat\u00e9s, notamment de longs d\u00e9veloppements sur\u00a0des probl\u00e8mes sp\u00e9cifiques au socialisme des pays nordiques \u00e0 la fin du\u00a0XIXe si\u00e8cle et des st\u00e9r\u00e9otypes en mati\u00e8re des r\u00f4les masculins et\u00a0f\u00e9minins. C\u2019est pourquoi nous avons choisi d\u2019adapter la pi\u00e8ce en\u00a0mettant l\u2019accent sur ses aspects les plus pertinents pour un public\u00a0contemporain.<br \/>\nL\u2019un des aspects les plus int\u00e9ressants de cette pi\u00e8ce est sans nul doute\u00a0le r\u00f4le important qu\u2019y joue un personnage collectif : la communaut\u00e9\u00a0des citoyens du village. Dans notre production, nous voulons accentuer\u00a0cet effet en incluant le public lui-m\u00eame dans la dramaturgie. Ainsi, le\u00a0billet d\u2019entr\u00e9e de chaque spectateur sera une action de la soci\u00e9t\u00e9 de\u00a0l\u2019incubateur BioInnovate (la communaut\u00e9 des citoyens dans la pi\u00e8ce\u00a0originale) ou dans la jeune \u2018startup\u2019 biotechnologique, Emote (les bains<br \/>\nthermaux dans la pi\u00e8ce originale). Apr\u00e8s le premier acte, le public se\u00a0retirera au foyer pour l\u2019entracte. Apr\u00e8s une pause de 10 \u00e0 15 minutes,\u00a0l\u2019acte II commencera dans le foyer, transformant le domaine de l\u2019audience dans la r\u00e9union des actionnaires (la sc\u00e8ne se d\u00e9roulant \u00e0 la\u00a0mairie dans la pi\u00e8ce originale). Les acteurs se m\u00ealeront aux spectateurs\u00a0et les pr\u00e9pareront \u00e0 l\u2019entr\u00e9e du Dr Stockmann, qui fera son discours sur\u00a0les faiblesses du scrutin majoritaire comme fondement d\u2019un syst\u00e8me\u00a0politique et la relation probl\u00e9matique que les d\u00e9cisions collectives ont \u00e0\u00a0la justice et \u00e0 la v\u00e9rit\u00e9.<\/p>\n<p style=\"text-align: justify\"><strong> La Compagnie<\/strong><br \/>\nThe Catalyst, fond\u00e9 en Octobre 2012, est un groupe de chercheurs en\u00a0sciences qui aiment le th\u00e9\u00e2tre et qui cherchent \u00e0 exprimer les al\u00e9as\u00a0existentiels et les id\u00e9aux propres \u00e0 la recherche scientifique pour le\u00a0grand public. La pratique th\u00e9\u00e2trale de The Catalyst comprend des jeux\u00a0d\u2019improvisation, dans lesquels sont d\u00e9velopp\u00e9es des comp\u00e9tences\u00a0indispensables pour la communication scientifique telles que la diction\u00a0ou la narration, et l\u2019\u00e9laboration de sc\u00e9narios ou de personnages\u00a0complexes li\u00e9s \u00e0 la science.<br \/>\nEn mai 2013, The Catalyst a pr\u00e9sent\u00e9 sa premi\u00e8re production \u00e0 grande\u00a0\u00e9chelle avec l\u2019aide financi\u00e8re du P\u00f4le d\u2019Expression Th\u00e9\u00e2trale de l\u2019EPFL.\u00a0En moins de 4 mois, le groupe est parvenu \u00e0 construire une pi\u00e8ce de\u00a0th\u00e9\u00e2tre, Puppet Theories, en d\u00e9veloppant, gr\u00e2ce \u00e0 des techniques\u00a0d\u2019improvisation, des \u00e9l\u00e9ments du v\u00e9cu scientifique des acteurs. Puppet\u00a0Theories a \u00e9t\u00e9 pr\u00e9sent\u00e9, sur un mode semi-improvis\u00e9, en anglais \u00e0 plus\u00a0de 230 spectateurs \u00e0 l\u2019occasion de trois spectacles dans la salle\u00a0polyvalente de l\u2019EPFL. Gr\u00e2ce \u00e0 une collaboration fructueuse avec la\u00a0soci\u00e9t\u00e9 de production vid\u00e9o Lunart, une vid\u00e9o du spectacle est\u00a0disponible, ainsi qu\u2019une bande-annonce qui pr\u00e9sente le groupe (liens \u00e0\u00a0la fin de ce dossier). Beaucoup de chercheurs en science nous ont\u00a0approch\u00e9s apr\u00e8s le spectacle et ont exprim\u00e9 \u00e0 quel point la pi\u00e8ce\u00a0refl\u00e9tait la vie, les pr\u00e9occupations et les aspirations de la science\u00a0contemporaine.<br \/>\nLes Com\u00e9diens :<br \/>\nThe Catalyst est compos\u00e9 d\u2019environ 25 membres,\u00a0dont la plupart seront impliqu\u00e9s dans la production d\u2019une mani\u00e8re ou\u00a0d\u2019une autre. Les castings sont en cours pour An Enemy of the People,\u00a0mais certains des participants sont d\u00e9j\u00e0 connus: Kyle Gustafson, Rike\u00a0Bienert, Isabel Schmid, Yuliy Schwartzburg, Katie Ridout, Diego Cortez,\u00a0Giulia Beanato et Diego Gonzalez.<br \/>\nAdaptation et mise en sc\u00e8ne :<br \/>\nAdria C. LE BOEUF a un doctorat en biophysique sensorielle et fait\u00a0actuellement des \u00e9tudes post-doctorales \u00e0 l\u2019UNIL. Parall\u00e8lement \u00e0 ses\u00a0\u00e9tudes scientifiques, elle a toujours fait du th\u00e9\u00e2tre, \u00e0 la fois en tant\u00a0qu\u2019actrice et en tant que r\u00e9alisatrice. Elle a produit et mis en sc\u00e8ne trois\u00a0pi\u00e8ces, en 2000, 2011 et 2013. De 2006 \u00e0 2011, elle a cr\u00e9\u00e9 et dirig\u00e9\u00a0l\u2019Improvisation Group de la Rockefeller University \u00e0 New York, un\u00a0groupe de th\u00e9\u00e2tre d\u2019improvisation pour scientifiques. \u00c0 peine install\u00e9e\u00a0\u00e0 Lausanne, elle a fond\u00e9 The Catalyst, qui se r\u00e9unit chaque semaine\u00a0depuis Octobre 2012.<br \/>\nGraphisme et animation vid\u00e9o :<br \/>\nAlexandre PINAULT a un doctorat de l\u2019UNIL ; il est vid\u00e9aste\u00a0professionnel et artiste graphique.<br \/>\nMusique :<br \/>\nKatie RIDOUT et Jo\u00ebl GROGNUZ, une postdoc (UNIL) et un master\u00a0(EPFL) en sciences, forment Quantum Cinnamon, un groupe de rock\u00a0\u00e9lectronique et acoustique.<br \/>\nTechnique et lumi\u00e8re :<br \/>\nLuis Miguel FIDALGO, un ing\u00e9nieur \/ chercheur en physique a travaill\u00e9\u00a0avec The Catalyst sur Puppet Theories. La collaboration se poursuivra\u00a0pour An Enemy of the People. Nous sommes aussi en contact avec\u00a0Jean Ceppi et Jean Delacoste du PET et avec vous \u00e0 La Grange.<\/p>\n<p style=\"text-align: justify\"><strong>R\u00e9sum\u00e9 du spectacle<\/strong><br \/>\nLe nouvel incubateur de \u2018startups\u2019, BioInnovate, pr\u00e9pare sa premi\u00e8re\u00a0grande r\u00e9ussite : l\u2019\u201cEmote\u201d, une nouvelle interface cerveau-machine\u00a0qui doit permettre de traiter la d\u00e9pression et d\u2019autres troubles de\u00a0l\u2019humeur, en est aux derni\u00e8res phases des essais cliniques et les\u00a0r\u00e9sultats semblent \u00eatre prometteurs. C\u2019est alors que la Dr Elise\u00a0Stockmann, directrice de recherche franche et charismatique, r\u00e9v\u00e8le aux\u00a0membres de BioInnovate ce qu\u2019elle pense \u00eatre des effets secondaires\u00a0comportementaux graves. Sa contribution est tout d\u2019abord\u00a0unanimement salu\u00e9e parce qu\u2019elle sugg\u00e8re que des modifications\u00a0techniques \u00e0 premi\u00e8re vue mineures pourraient drastiquement\u00a0am\u00e9liorer les qualit\u00e9s th\u00e9rapeutiques de l\u2019Emote. Mais bient\u00f4t, la petite\u00a0communaut\u00e9 entrepreneuriale prend conscience que le co\u00fbt des\u00a0modifications et l\u2019impact publicitaire n\u00e9gatif des r\u00e9v\u00e9lations du Dr\u00a0Stockmann aura des cons\u00e9quences financi\u00e8res dramatiques pour tous\u00a0les partenaires impliqu\u00e9s. Alors que sa propre communaut\u00e9 est\u00a0rapidement tent\u00e9e d\u2019\u00e9touffer toute l\u2019affaire, le Dr Elise Stockmann fait\u00a0tout son possible pour que la v\u00e9rit\u00e9 triomphe.<\/p>\n<p style=\"text-align: justify\">Dans cette adaptation, l\u2019action de la pi\u00e8ce d\u2019Ibsen est transpos\u00e9e \u00e0\u00a0notre \u00e9poque et situ\u00e9e dans le contexte familier d\u2019une startup\u00a0scientifique. Le conflit entre la v\u00e9rit\u00e9 scientifique, d\u00e9tenue par un\u00a0individu, et le pouvoir de d\u00e9cision majoritaire, d\u00e9tenu par une\u00a0communaut\u00e9 qui a des int\u00e9r\u00eats puissants dans l\u2019affaire, est ainsi rendu\u00a0concret pour un spectateur contemporain : si nous \u00e9tions les actionnaires de BioInnovate, accepterions-nous que le Dr Stockmann\u00a0r\u00e9v\u00e8le la v\u00e9rit\u00e9, au risque de tout perdre, ou ferions-nous pression pour\u00a0qu\u2019il garde le silence ?<br \/>\n\u00ab The majority is never right. That\u2019s one of these lies in society that\u00a0no free and intelligent person can help rebelling against. Who are\u00a0the people that make up the biggest proportion of the population\u00a0&#8212; the intelligent ones or the fools? \u00bb<\/p>\n<p style=\"text-align: justify\"><strong>Col\u00e8re et Desir<\/strong><br \/>\nDr Stockmann est plong\u00e9e dans la mer de la col\u00e8re et d\u00e9sir. Il \/ elle est\u00a0consomm\u00e9e par un m\u00e9lange de indignation vertueuse \u00e0 Peter\u00a0Stockmann et sa ville \/ entreprise pour leurs essaie de cacher une grave\u00a0menace \u00e0 la sant\u00e9 publique, et dans le m\u00eame temps, un d\u00e9sir profond\u00a0de gratitude et de reconnaissance de son int\u00e9grit\u00e9 scientifique et\u00a0morale. Dans cette pi\u00e8ce, nous voyons un beau conflit entre ces\u00a0\u00e9motions: a le m\u00eame temps que Dr Stockmann rage sur la justice, la\u00a0v\u00e9rit\u00e9 et l&rsquo;int\u00e9grit\u00e9, il \/ elle perd tout l\u2019approbation et l&rsquo;admiration qu&rsquo;il \/\u00a0elle avait autrefois. Enfin, c\u2019est clair dans la sc\u00e8ne finale que son d\u00e9sir\u00a0immense de surpasser son fr\u00e8re dans l&rsquo;estime du public peut avoir\u00a0influenc\u00e9 son capacit\u00e9 \u00e0 \u00e9valuer la m\u00eame science qu\u2019il \/ elle d\u00e9fend si\u00a0vertueusement.<\/p>\n<p style=\"text-align: justify\"><strong>Fiche Technique<\/strong><br \/>\nAn Enemy of the People ne n\u00e9cessitera pas d\u2019installation sc\u00e9nique\u00a0complexe. Nous utiliserons un projecteur vid\u00e9o pour cr\u00e9er les d\u00e9cors.\u00a0Deux portes sont n\u00e9cessaires pour les entr\u00e9es et sorties : elles peuvent\u00a0\u00eatre ais\u00e9ment int\u00e9gr\u00e9es entre quelques panneaux qui d\u00e9limitent les\u00a0c\u00f4t\u00e9s de la sc\u00e8ne. Des tables, des chaises, un canap\u00e9 et un podium\u00a0sont les seuls objets additionnels dont nous avons besoin. L\u2019\u00e9clairage et\u00a0le son de la Grange sont suffisants pour nos besoins.<br \/>\nLa seule question r\u00e9ellement importante est celle de savoir si nous\u00a0pouvons jouer la sc\u00e8ne 1 de l\u2019acte II dans le foyer de la Grange. Si cela\u00a0n\u2019est pas possible, nous pouvons envisager de jouer la sc\u00e8ne dans la\u00a0salle de spectacle. S\u2019il s\u2019av\u00e9rait que nous pouvions utiliser le foyer, nous\u00a0mettrions un podium sur\u00e9lev\u00e9 et quelques chaises sur\u00e9lev\u00e9es dans un\u00a0endroit bien en vue et bien \u00e9clair\u00e9. Id\u00e9alement, nous aimerions aussi\u00a0\u00eatre en mesure de diffuser du son et de (bri\u00e8vement) tamiser les\u00a0lumi\u00e8res pour signaler la fin de la sc\u00e8ne.<br \/>\nUne journ\u00e9e (9-18h) est n\u00e9cessaire pour l\u2019installation du d\u00e9cor, les\u00a0r\u00e9glages son et lumi\u00e8re, le filage technique, et la r\u00e9p\u00e9tition g\u00e9n\u00e9rale.<\/p>\n<p>&nbsp;<\/p>\n","protected":false},"excerpt":{"rendered":"<p>Adaptation de la pi\u00e8ce de th\u00e9\u00e2tre de Henrik Ibsen (bas\u00e9 sur transduction de R. Farquharson Sharp et l\u2019adaptation de Arthur Miller) Dur\u00e9e estim\u00e9e : approx. 2h30, avec entracte Spectacle en [&hellip;]<\/p>\n","protected":false},"author":27,"featured_media":0,"parent":1620,"menu_order":12,"comment_status":"closed","ping_status":"closed","template":"","meta":{"_seopress_robots_primary_cat":"","_seopress_titles_title":"","_seopress_titles_desc":"","_seopress_robots_index":"","footnotes":""},"class_list":["post-2905","page","type-page","status-publish"],"_links":{"self":[{"href":"https:\/\/www.asso-unil.ch\/caverne\/wp-json\/wp\/v2\/pages\/2905","targetHints":{"allow":["GET"]}}],"collection":[{"href":"https:\/\/www.asso-unil.ch\/caverne\/wp-json\/wp\/v2\/pages"}],"about":[{"href":"https:\/\/www.asso-unil.ch\/caverne\/wp-json\/wp\/v2\/types\/page"}],"author":[{"embeddable":true,"href":"https:\/\/www.asso-unil.ch\/caverne\/wp-json\/wp\/v2\/users\/27"}],"replies":[{"embeddable":true,"href":"https:\/\/www.asso-unil.ch\/caverne\/wp-json\/wp\/v2\/comments?post=2905"}],"version-history":[{"count":0,"href":"https:\/\/www.asso-unil.ch\/caverne\/wp-json\/wp\/v2\/pages\/2905\/revisions"}],"up":[{"embeddable":true,"href":"https:\/\/www.asso-unil.ch\/caverne\/wp-json\/wp\/v2\/pages\/1620"}],"wp:attachment":[{"href":"https:\/\/www.asso-unil.ch\/caverne\/wp-json\/wp\/v2\/media?parent=2905"}],"curies":[{"name":"wp","href":"https:\/\/api.w.org\/{rel}","templated":true}]}}